{"id":1147,"date":"2018-04-17T16:31:03","date_gmt":"2018-04-17T16:31:03","guid":{"rendered":"http:\/\/localhost\/wordpress_FIJR_2018\/?page_id=1147"},"modified":"2018-04-17T16:31:03","modified_gmt":"2018-04-17T16:31:03","slug":"viernes-20-fijr2018","status":"publish","type":"page","link":"https:\/\/www.filmfest-granada.com\/2018\/viernes-20-fijr2018\/","title":{"rendered":"VIERNES 20"},"content":{"rendered":"<h3><span style=\"color: #68acd4\"><strong>18:00 &#8211; Centro Federico Garc\u00eda Lorca<\/strong><\/span><\/h3>\n<h4>Una mirada a la animaci\u00f3n de autor<\/h4>\n<p><i>Sesi\u00f3n I. Una habitaci\u00f3n propia<\/i>\u00a0<span class=\"s1\">(76&#8242;)<\/span><br \/>\n<img fetchpriority=\"high\" decoding=\"async\" class=\"alignnone wp-image-1151\" src=\"https:\/\/www.filmfest-granada.com\/2018\/wp-content\/uploads\/sites\/2\/2018\/04\/asparagus-1-1024x492.jpg\" alt=\"\" width=\"500\" height=\"240\" \/><\/p>\n<p>Evocando el esp\u00edritu del ensayo de Virginia Woolf, en este programa la animaci\u00f3n independiente se postula como esa \u201chabitaci\u00f3n propia\u201d que hizo (y hace posible) encontrar una voz propia a las mujeres.<\/p>\n<p><strong>Asparagus<\/strong>, Suzan Pitt, 1979, EE.UU., 20 min.<br \/>\nLa pintora y animadora Suzan Pitt nos lleva por mundos frondosos y surreales en esta desconcertante, sensual y pisocanal\u00edtica historia.<\/p>\n<p><strong>Set in Motion<\/strong>, Jane Aaron, 1987, EE.UU. 4 min<br \/>\nLa animadora Jane Aaron utiliza su \u00abhabitaci\u00f3n propia\u00bb de una forma muy particular: poniendo en movimiento todos los elementos que en ella hay, en una colorida, imaginativa y deliciosa pieza de stop motion.<\/p>\n<p><strong>Spain Loves You<\/strong>, Isabel Herguera, 1988, Espa\u00f1a, 6 min.<br \/>\nIsabel Herguera es una de las pioneras de la animaci\u00f3n experimental en Espa\u00f1a. En esta emblem\u00e1tica pieza habla de su infancia en el franquismo con sentido del humor e imaginaci\u00f3n visual.<\/p>\n<p><strong>Madame Winger Makes. A Film: A Survival Guide To The 21st Century<\/strong>, Helen Hill, 2001, EE.UU., 10 min.<br \/>\nAut\u00e9ntica hero\u00edna del Do It Yourself, Helen Hill es la autora del libro Recipes for Disaster, en el que propaga las maneras de hacer pel\u00edculas sin apenas recursos, con el esp\u00edritu punk por bandera.<\/p>\n<p><strong>Blanket Statement #2: All or Nothing<\/strong>, Jodie Mack, 2013, EE.UU., 3 min.<br \/>\nTomando uno de los s\u00edmbolos de la domesticidad, las labores de punto y aguja, Jodie Mack fabrica una obra de arte cin\u00e9tico y \u00f3ptico que convierte lo popular y considerado \u00abfemenino\u00bb en arte de vanguardia.<\/p>\n<p><strong>Pussy<\/strong>, Renata Gasiorowska, Polonia, 2015, 8 min.<br \/>\nUna chica intenta masturbarse pero el mundo exterior no para de interrumpir. As\u00ed empieza esta deriva llena de sentido del humor de la polaca Gasiorowska por el mundo del autoplacer.<\/p>\n<p><strong>The Noise of Licking<\/strong>, Nadja Andrasev, Hungr\u00eda, 2016, 9 min.<br \/>\nLas aparentemente inocentes plantas y gatos de una mujer soltera nos conducen por una historia enigm\u00e1tica y oscura de deseo e intimidad.<\/p>\n<p><strong>Silent Sister<\/strong>, Janie Geiser, EEUU, 2016, 6 min.<br \/>\nUsando ilustraciones m\u00e9dicas, tablas y fotos de hospitales abandonados, esta pel\u00edcula-collage es una meditaci\u00f3n sobre el cuerpo, la enfermedad, el paisaje y el tiempo.<\/p>\n<p><strong>Snow White Cologne<\/strong>, Amanda Eliasson, 2017, Reino Unido, 6 min.<br \/>\nCon un trazo vivo y vibrante, se va desgranando la adicci\u00f3n a las drogas y posterior recuperaci\u00f3n de la hermana de la autora, que convierte en poema visual esta dura historia.<\/p>\n<p><strong>Our Notebooks<\/strong> <em>(work in progress)<\/em> Laura Gin\u00e8s, 2017, Espa\u00f1a, 4 min.<br \/>\nNuestras libretas expresan lo que pasa por nuestras mentes, nuestros pensamientos e impresiones.<\/p>\n<h3><span style=\"color: #68acd4\"><strong>20:00 &#8211; Centro Federico Garc\u00eda Lorca<\/strong><\/span><\/h3>\n<p><i>Petit Paysan<\/i>\u00a0<span class=\"s1\">(Francia, 2017. 90&#8242;)<\/span><br \/>\n<img decoding=\"async\" class=\"alignnone wp-image-1148\" src=\"https:\/\/www.filmfest-granada.com\/2018\/wp-content\/uploads\/sites\/2\/2018\/04\/PetitPaysan_120x160_recherches_HD-768x1024.jpg\" alt=\"\" width=\"300\" height=\"400\" srcset=\"https:\/\/www.filmfest-granada.com\/2018\/wp-content\/uploads\/sites\/2\/2018\/04\/PetitPaysan_120x160_recherches_HD-768x1024.jpg 768w, https:\/\/www.filmfest-granada.com\/2018\/wp-content\/uploads\/sites\/2\/2018\/04\/PetitPaysan_120x160_recherches_HD-225x300.jpg 225w, https:\/\/www.filmfest-granada.com\/2018\/wp-content\/uploads\/sites\/2\/2018\/04\/PetitPaysan_120x160_recherches_HD-1125x1500.jpg 1125w\" sizes=\"(max-width: 300px) 100vw, 300px\" \/><\/p>\n<p class=\"p1\"><span class=\"s1\"><strong>Direcci\u00f3n:<\/strong> Hubert Charuel<br \/>\n<strong>Gui\u00f3n:<\/strong> <span class=\"nb\">Hubert Charuel,<\/span>\u00a0<span class=\"nb\">Claude Le Pape<\/span><br \/>\n<strong>Reparto:\u00a0<\/strong><span class=\"cast\">Swann Arlaud,<\/span>\u00a0<span class=\"cast\">Sara Giraudeau,<\/span>\u00a0<span class=\"cast\">Isabelle Candelier,<\/span>\u00a0<span class=\"cast\">Bouli Lanners<\/span><\/span><\/p>\n<p><strong>Sinopsis:\u00a0<\/strong><span class=\"s1\">Pierre tiene treinta a\u00f1os, su vida gira en torno a su granja, su hermana es veterinaria y sus padres los antiguos due\u00f1os de la explotaci\u00f3n. Cuando los primeros casos de una epidemia se declaran en Francia, Pierre descubre que uno de sus animales est\u00e1 infectado. No puede permitirse perder sus vacas. No tiene nada m\u00e1s y llegar\u00e1 hasta el final para salvarlas.<\/span><\/p>\n<p><em>Premios C\u00e9sar: Mejor \u00f3pera prima, mejor actor y mejor actriz secundaria<\/em><\/p>\n<p><iframe width=\"740\" height=\"416\" src=\"https:\/\/www.youtube.com\/embed\/s8iV8A_aVAY?feature=oembed\" frameborder=\"0\" allow=\"autoplay; encrypted-media\" allowfullscreen><\/iframe><\/p>\n<hr \/>\n<h3><span style=\"color: #68acd4\"><strong>20:30 &#8211; Filmoteca de Andaluc\u00eda<\/strong><\/span><\/h3>\n<p><i>El mar nos mira de lejos<\/i>\u00a0<span class=\"s1\">(Espa\u00f1a, 2017. 93&#8242;)<\/span><br \/>\n<img decoding=\"async\" class=\"alignnone wp-image-1149\" src=\"https:\/\/www.filmfest-granada.com\/2018\/wp-content\/uploads\/sites\/2\/2018\/04\/el-mar-nos-mira-de-lejos_poster_medium_72dpi-709x1024.jpg\" alt=\"\" width=\"300\" height=\"434\" srcset=\"https:\/\/www.filmfest-granada.com\/2018\/wp-content\/uploads\/sites\/2\/2018\/04\/el-mar-nos-mira-de-lejos_poster_medium_72dpi-709x1024.jpg 709w, https:\/\/www.filmfest-granada.com\/2018\/wp-content\/uploads\/sites\/2\/2018\/04\/el-mar-nos-mira-de-lejos_poster_medium_72dpi-208x300.jpg 208w, https:\/\/www.filmfest-granada.com\/2018\/wp-content\/uploads\/sites\/2\/2018\/04\/el-mar-nos-mira-de-lejos_poster_medium_72dpi-768x1110.jpg 768w, https:\/\/www.filmfest-granada.com\/2018\/wp-content\/uploads\/sites\/2\/2018\/04\/el-mar-nos-mira-de-lejos_poster_medium_72dpi-1038x1500.jpg 1038w, https:\/\/www.filmfest-granada.com\/2018\/wp-content\/uploads\/sites\/2\/2018\/04\/el-mar-nos-mira-de-lejos_poster_medium_72dpi.jpg 1146w\" sizes=\"(max-width: 300px) 100vw, 300px\" \/><\/p>\n<p class=\"p1\"><span class=\"s1\"><strong>Direcci\u00f3n:<\/strong> Manuel Mu\u00f1oz Rivas<br \/>\n<strong>Fotograf\u00eda:<\/strong>\u00a0Mauro Herce<br \/>\n<\/span><\/p>\n<p><strong>Sinopsis:\u00a0<\/strong>Entre el documental y la ficci\u00f3n, la leyenda de una antigua y olvidada civilizaci\u00f3n yace enterrada bajo grandes extensiones de dunas en el sur de Espa\u00f1a. Desde hace algo m\u00e1s de un siglo varios viajeros han llegado hasta ese rec\u00f3ndito territorio buscando las huellas de antiguos pobladores, tal vez los restos de una ciudad sepultada por las arenas, o acaso una suerte de utop\u00eda extraviada. Ignorantes de esos mitos y de las ilusiones rom\u00e1nticas de arque\u00f3logos y aventureros, unos pocos hombres, apenas visibles entre los arenales, habitan hoy en soledad ese lugar frente al mar.<\/p>\n<p><em>Festival de Berl\u00edn &#8211; Festival de Cine Europeo de Sevilla &#8211; Festival de Las Palmas<\/em><\/p>\n<p><iframe width=\"740\" height=\"416\" src=\"https:\/\/www.youtube.com\/embed\/H21KwfwgtiM?feature=oembed\" frameborder=\"0\" allow=\"autoplay; encrypted-media\" allowfullscreen><\/iframe><\/p>\n","protected":false},"excerpt":{"rendered":"<p>18:00 &#8211; Centro Federico Garc\u00eda Lorca Una mirada a la animaci\u00f3n de autor Sesi\u00f3n I. Una habitaci\u00f3n propia\u00a0(76&#8242;) Evocando el esp\u00edritu del ensayo de Virginia Woolf, en este programa la animaci\u00f3n independiente se postula como esa \u201chabitaci\u00f3n propia\u201d que hizo (y hace posible) encontrar una voz propia a las mujeres. Asparagus, Suzan Pitt, 1979, EE.UU., &hellip; <a href=\"https:\/\/www.filmfest-granada.com\/2018\/viernes-20-fijr2018\/\" class=\"more-link\">Continue reading <span class=\"screen-reader-text\">VIERNES 20<\/span><\/a><\/p>\n","protected":false},"author":1,"featured_media":0,"parent":0,"menu_order":0,"comment_status":"closed","ping_status":"closed","template":"","meta":{"footnotes":""},"class_list":["post-1147","page","type-page","status-publish","hentry"],"_links":{"self":[{"href":"https:\/\/www.filmfest-granada.com\/2018\/wp-json\/wp\/v2\/pages\/1147","targetHints":{"allow":["GET"]}}],"collection":[{"href":"https:\/\/www.filmfest-granada.com\/2018\/wp-json\/wp\/v2\/pages"}],"about":[{"href":"https:\/\/www.filmfest-granada.com\/2018\/wp-json\/wp\/v2\/types\/page"}],"author":[{"embeddable":true,"href":"https:\/\/www.filmfest-granada.com\/2018\/wp-json\/wp\/v2\/users\/1"}],"replies":[{"embeddable":true,"href":"https:\/\/www.filmfest-granada.com\/2018\/wp-json\/wp\/v2\/comments?post=1147"}],"version-history":[{"count":0,"href":"https:\/\/www.filmfest-granada.com\/2018\/wp-json\/wp\/v2\/pages\/1147\/revisions"}],"wp:attachment":[{"href":"https:\/\/www.filmfest-granada.com\/2018\/wp-json\/wp\/v2\/media?parent=1147"}],"curies":[{"name":"wp","href":"https:\/\/api.w.org\/{rel}","templated":true}]}}

<h3><span style="color: #68acd4"><strong>18:00 &#8211; Centro Federico García Lorca</strong></span></h3>
<h4>Una mirada a la animación de autor</h4>
<p><i>Sesión I. Una habitación propia</i> <span class="s1">(76&#8242;)</span><br />
<img fetchpriority="high" decoding="async" class="alignnone wp-image-1151" src="https://www.filmfest-granada.com/2018/wp-content/uploads/sites/2/2018/04/asparagus-1-1024x492.jpg" alt="" width="500" height="240" /></p>
<p>Evocando el espíritu del ensayo de Virginia Woolf, en este programa la animación independiente se postula como esa “habitación propia” que hizo (y hace posible) encontrar una voz propia a las mujeres.</p>
<p><strong>Asparagus</strong>, Suzan Pitt, 1979, EE.UU., 20 min.<br />
La pintora y animadora Suzan Pitt nos lleva por mundos frondosos y surreales en esta desconcertante, sensual y pisocanalítica historia.</p>
<p><strong>Set in Motion</strong>, Jane Aaron, 1987, EE.UU. 4 min<br />
La animadora Jane Aaron utiliza su «habitación propia» de una forma muy particular: poniendo en movimiento todos los elementos que en ella hay, en una colorida, imaginativa y deliciosa pieza de stop motion.</p>
<p><strong>Spain Loves You</strong>, Isabel Herguera, 1988, España, 6 min.<br />
Isabel Herguera es una de las pioneras de la animación experimental en España. En esta emblemática pieza habla de su infancia en el franquismo con sentido del humor e imaginación visual.</p>
<p><strong>Madame Winger Makes. A Film: A Survival Guide To The 21st Century</strong>, Helen Hill, 2001, EE.UU., 10 min.<br />
Auténtica heroína del Do It Yourself, Helen Hill es la autora del libro Recipes for Disaster, en el que propaga las maneras de hacer películas sin apenas recursos, con el espíritu punk por bandera.</p>
<p><strong>Blanket Statement #2: All or Nothing</strong>, Jodie Mack, 2013, EE.UU., 3 min.<br />
Tomando uno de los símbolos de la domesticidad, las labores de punto y aguja, Jodie Mack fabrica una obra de arte cinético y óptico que convierte lo popular y considerado «femenino» en arte de vanguardia.</p>
<p><strong>Pussy</strong>, Renata Gasiorowska, Polonia, 2015, 8 min.<br />
Una chica intenta masturbarse pero el mundo exterior no para de interrumpir. Así empieza esta deriva llena de sentido del humor de la polaca Gasiorowska por el mundo del autoplacer.</p>
<p><strong>The Noise of Licking</strong>, Nadja Andrasev, Hungría, 2016, 9 min.<br />
Las aparentemente inocentes plantas y gatos de una mujer soltera nos conducen por una historia enigmática y oscura de deseo e intimidad.</p>
<p><strong>Silent Sister</strong>, Janie Geiser, EEUU, 2016, 6 min.<br />
Usando ilustraciones médicas, tablas y fotos de hospitales abandonados, esta película-collage es una meditación sobre el cuerpo, la enfermedad, el paisaje y el tiempo.</p>
<p><strong>Snow White Cologne</strong>, Amanda Eliasson, 2017, Reino Unido, 6 min.<br />
Con un trazo vivo y vibrante, se va desgranando la adicción a las drogas y posterior recuperación de la hermana de la autora, que convierte en poema visual esta dura historia.</p>
<p><strong>Our Notebooks</strong> <em>(work in progress)</em> Laura Ginès, 2017, España, 4 min.<br />
Nuestras libretas expresan lo que pasa por nuestras mentes, nuestros pensamientos e impresiones.</p>
<h3><span style="color: #68acd4"><strong>20:00 &#8211; Centro Federico García Lorca</strong></span></h3>
<p><i>Petit Paysan</i> <span class="s1">(Francia, 2017. 90&#8242;)</span><br />
<img decoding="async" class="alignnone wp-image-1148" src="https://www.filmfest-granada.com/2018/wp-content/uploads/sites/2/2018/04/PetitPaysan_120x160_recherches_HD-768x1024.jpg" alt="" width="300" height="400" srcset="https://www.filmfest-granada.com/2018/wp-content/uploads/sites/2/2018/04/PetitPaysan_120x160_recherches_HD-768x1024.jpg 768w, https://www.filmfest-granada.com/2018/wp-content/uploads/sites/2/2018/04/PetitPaysan_120x160_recherches_HD-225x300.jpg 225w, https://www.filmfest-granada.com/2018/wp-content/uploads/sites/2/2018/04/PetitPaysan_120x160_recherches_HD-1125x1500.jpg 1125w" sizes="(max-width: 300px) 100vw, 300px" /></p>
<p class="p1"><span class="s1"><strong>Dirección:</strong> Hubert Charuel<br />
<strong>Guión:</strong> <span class="nb">Hubert Charuel,</span> <span class="nb">Claude Le Pape</span><br />
<strong>Reparto: </strong><span class="cast">Swann Arlaud,</span> <span class="cast">Sara Giraudeau,</span> <span class="cast">Isabelle Candelier,</span> <span class="cast">Bouli Lanners</span></span></p>
<p><strong>Sinopsis: </strong><span class="s1">Pierre tiene treinta años, su vida gira en torno a su granja, su hermana es veterinaria y sus padres los antiguos dueños de la explotación. Cuando los primeros casos de una epidemia se declaran en Francia, Pierre descubre que uno de sus animales está infectado. No puede permitirse perder sus vacas. No tiene nada más y llegará hasta el final para salvarlas.</span></p>
<p><em>Premios César: Mejor ópera prima, mejor actor y mejor actriz secundaria</em></p>
<p><iframe width="740" height="416" src="https://www.youtube.com/embed/s8iV8A_aVAY?feature=oembed" frameborder="0" allow="autoplay; encrypted-media" allowfullscreen></iframe></p>
<hr />
<h3><span style="color: #68acd4"><strong>20:30 &#8211; Filmoteca de Andalucía</strong></span></h3>
<p><i>El mar nos mira de lejos</i> <span class="s1">(España, 2017. 93&#8242;)</span><br />
<img decoding="async" class="alignnone wp-image-1149" src="https://www.filmfest-granada.com/2018/wp-content/uploads/sites/2/2018/04/el-mar-nos-mira-de-lejos_poster_medium_72dpi-709x1024.jpg" alt="" width="300" height="434" srcset="https://www.filmfest-granada.com/2018/wp-content/uploads/sites/2/2018/04/el-mar-nos-mira-de-lejos_poster_medium_72dpi-709x1024.jpg 709w, https://www.filmfest-granada.com/2018/wp-content/uploads/sites/2/2018/04/el-mar-nos-mira-de-lejos_poster_medium_72dpi-208x300.jpg 208w, https://www.filmfest-granada.com/2018/wp-content/uploads/sites/2/2018/04/el-mar-nos-mira-de-lejos_poster_medium_72dpi-768x1110.jpg 768w, https://www.filmfest-granada.com/2018/wp-content/uploads/sites/2/2018/04/el-mar-nos-mira-de-lejos_poster_medium_72dpi-1038x1500.jpg 1038w, https://www.filmfest-granada.com/2018/wp-content/uploads/sites/2/2018/04/el-mar-nos-mira-de-lejos_poster_medium_72dpi.jpg 1146w" sizes="(max-width: 300px) 100vw, 300px" /></p>
<p class="p1"><span class="s1"><strong>Dirección:</strong> Manuel Muñoz Rivas<br />
<strong>Fotografía:</strong> Mauro Herce<br />
</span></p>
<p><strong>Sinopsis: </strong>Entre el documental y la ficción, la leyenda de una antigua y olvidada civilización yace enterrada bajo grandes extensiones de dunas en el sur de España. Desde hace algo más de un siglo varios viajeros han llegado hasta ese recóndito territorio buscando las huellas de antiguos pobladores, tal vez los restos de una ciudad sepultada por las arenas, o acaso una suerte de utopía extraviada. Ignorantes de esos mitos y de las ilusiones románticas de arqueólogos y aventureros, unos pocos hombres, apenas visibles entre los arenales, habitan hoy en soledad ese lugar frente al mar.</p>
<p><em>Festival de Berlín &#8211; Festival de Cine Europeo de Sevilla &#8211; Festival de Las Palmas</em></p>
<p><iframe width="740" height="416" src="https://www.youtube.com/embed/H21KwfwgtiM?feature=oembed" frameborder="0" allow="autoplay; encrypted-media" allowfullscreen></iframe></p>

<p>18:00 &#8211; Centro Federico García Lorca Una mirada a la animación de autor Sesión I. Una habitación propia (76&#8242;) Evocando el espíritu del ensayo de Virginia Woolf, en este programa la animación independiente se postula como esa “habitación propia” que hizo (y hace posible) encontrar una voz propia a las mujeres. Asparagus, Suzan Pitt, 1979, EE.UU., &hellip; <a href="https://www.filmfest-granada.com/2018/viernes-20-fijr2018/" class="more-link">Continue reading <span class="screen-reader-text">VIERNES 20</span></a></p>
