{"id":1158,"date":"2018-04-17T17:28:01","date_gmt":"2018-04-17T17:28:01","guid":{"rendered":"http:\/\/localhost\/wordpress_FIJR_2018\/?page_id=1158"},"modified":"2018-04-17T17:28:01","modified_gmt":"2018-04-17T17:28:01","slug":"sabado-21-fijr2018","status":"publish","type":"page","link":"https:\/\/www.filmfest-granada.com\/2018\/sabado-21-fijr2018\/","title":{"rendered":"S\u00c1BADO 21"},"content":{"rendered":"<h3><span style=\"color: #68acd4\"><strong>12:00 &#8211; Centro Federico Garc\u00eda Lorca<\/strong><\/span><\/h3>\n<p><i>La rebeli\u00f3n de los cuentos<\/i>\u00a0<span class=\"s1\">(Reino Unido, 2016. 61&#8242;)<\/span><br \/>\n<img fetchpriority=\"high\" decoding=\"async\" class=\"alignnone wp-image-1160\" src=\"https:\/\/www.filmfest-granada.com\/2018\/wp-content\/uploads\/sites\/2\/2018\/04\/RR_70x100_cas-copia-717x1024.jpg\" alt=\"\" width=\"300\" height=\"428\" srcset=\"https:\/\/www.filmfest-granada.com\/2018\/wp-content\/uploads\/sites\/2\/2018\/04\/RR_70x100_cas-copia-717x1024.jpg 717w, https:\/\/www.filmfest-granada.com\/2018\/wp-content\/uploads\/sites\/2\/2018\/04\/RR_70x100_cas-copia-210x300.jpg 210w, https:\/\/www.filmfest-granada.com\/2018\/wp-content\/uploads\/sites\/2\/2018\/04\/RR_70x100_cas-copia-768x1097.jpg 768w, https:\/\/www.filmfest-granada.com\/2018\/wp-content\/uploads\/sites\/2\/2018\/04\/RR_70x100_cas-copia-1050x1500.jpg 1050w, https:\/\/www.filmfest-granada.com\/2018\/wp-content\/uploads\/sites\/2\/2018\/04\/RR_70x100_cas-copia.jpg 1200w\" sizes=\"(max-width: 300px) 100vw, 300px\" \/><\/p>\n<p class=\"p1\"><span class=\"s1\"><strong>Direcci\u00f3n:<\/strong> <span class=\"director\">Jakob Schuh,<\/span>\u00a0<span class=\"director\">Jan Lachauer,<\/span>\u00a0<span class=\"director\">Bin-Han To<\/span><br \/>\n<strong>Gui\u00f3n:<\/strong> Jan Lachauer, Jakob Schuh<br \/>\n<\/span><\/p>\n<p><strong>Sinopsis:\u00a0<\/strong><span class=\"s1\">\u00bfY si Blancanieves, Cenicienta o Los tres cerditos no fueran como nos lo hab\u00edan contado? Los cuentos infantiles cl\u00e1sicos son reinventados de manera aguda e ingeniosa para despertar la imaginaci\u00f3n de los ni\u00f1os, desplegando un sentido del humor e inteligencia que solo podr\u00eda salir de la mente de Roald Dahl.<\/span><\/p>\n<p class=\"p1\"><i>Nominada al Oscar &#8211; Premios BAFTA: Mejor pel\u00edcula de animaci\u00f3n para la infancia<\/i><\/p>\n<p><iframe width=\"740\" height=\"416\" src=\"https:\/\/www.youtube.com\/embed\/4LdJrK2IICY?start=1&#038;feature=oembed\" frameborder=\"0\" allow=\"autoplay; encrypted-media\" allowfullscreen><\/iframe><\/p>\n<h3><span style=\"color: #68acd4\"><strong>18:00 &#8211; Centro Federico Garc\u00eda Lorca<\/strong><\/span><\/h3>\n<h4>Una mirada a la animaci\u00f3n de autor<\/h4>\n<p><i>Sesi\u00f3n II. Analog\u00eda digital<\/i>\u00a0<span class=\"s1\">(82&#8242;)<\/span><br \/>\n<img decoding=\"async\" class=\"alignnone wp-image-1161\" src=\"https:\/\/www.filmfest-granada.com\/2018\/wp-content\/uploads\/sites\/2\/2018\/04\/Eager_Stills_Small05-1-1024x592.jpg\" alt=\"\" width=\"500\" height=\"289\" srcset=\"https:\/\/www.filmfest-granada.com\/2018\/wp-content\/uploads\/sites\/2\/2018\/04\/Eager_Stills_Small05-1-1024x592.jpg 1024w, https:\/\/www.filmfest-granada.com\/2018\/wp-content\/uploads\/sites\/2\/2018\/04\/Eager_Stills_Small05-1-300x173.jpg 300w, https:\/\/www.filmfest-granada.com\/2018\/wp-content\/uploads\/sites\/2\/2018\/04\/Eager_Stills_Small05-1-768x444.jpg 768w, https:\/\/www.filmfest-granada.com\/2018\/wp-content\/uploads\/sites\/2\/2018\/04\/Eager_Stills_Small05-1.jpg 1280w\" sizes=\"(max-width: 500px) 100vw, 500px\" \/><\/p>\n<p><em>Las texturas, los colores y las posibilidades creativas de la animaci\u00f3n stop motion, la plastilina y el dibujo quedan patentes en esta selecci\u00f3n de pel\u00edculas de animaci\u00f3n hechas a mano en el siglo XXI.<\/em><\/p>\n<p><em><strong>The Five Minute Museum<\/strong><\/em>, Paul Bush, Reino Unido, 2015, 7 min.<br \/>\nUna viaje por la historia de la humanidad, sus gestas (y su absurdo) a trav\u00e9s de las piezas de un museo arqueol\u00f3gico puesto en marcha de inusitadas maneras.<\/p>\n<p><em><strong>Six God Alphabet Peter<\/strong><\/em>, Peter Millard, Reino Unido, 2017, 7 min.<br \/>\nEl desconcierto y el colorido dominan el trabajo de Peter Millard, entre el frenop\u00e1tico, el preescolar y la genialidad m\u00e1s absoluta.<\/p>\n<p><em><strong>Erlking<\/strong><\/em>, Georges Schwizgebel, Suiza, 2015, 6 min.<br \/>\nUn poema de Goethe inspira esta huida de un padre y su hijo, en la que se aparece el siniestro Erlkling. Un incre\u00edble pintura animada con m\u00fasica de Schubert y Franz Liszt.<\/p>\n<p><em><strong>Manivald<\/strong><\/em>, Chintis Lundgren, Estonia, Croatia, Canada, 2017, 13 min.<br \/>\nEl particular\u00edsimo dibujo y el reino animal de la estonia Chintis Lundgren se plasman en la historia de Manivald, zorro treinta\u00f1ero que a\u00fan vive con su madre, y su despertar a la vida.<\/p>\n<p><em><strong>Dolls Vs. Dictators<\/strong><\/em>, Martha Colburn, EE.UU, Holanda, 2011, 11 min.<br \/>\nEl mundo apocal\u00edptico de Colburn explota en este collage alocado articulado con recortes y con figuras pintadas a mano.<\/p>\n<p><em><strong>Moving Elements<\/strong><\/em>, Marko Tadic, Croacia, 2016, 7 min.<br \/>\nPinturas que se hacen frente a nuestros ojos, geometr\u00edas y evoluciones compositivas que son mucho m\u00e1s que \u201celementos m\u00f3viles\u201d, como Tadic titula su pieza.<\/p>\n<p><em><strong>The Bigger Picture<\/strong><\/em>, Daisy Jacobs | Reino Unido | 2014 | 7 min.<br \/>\nLas cuitas familiares, los cuidados y la vejez, en una animaci\u00f3n que mezcla objetos y pinturas a tama\u00f1o natural de una singular manera.<\/p>\n<p><em><strong>Hi Stranger<\/strong><\/em>, Kirsten Lepore, EE.UU, 2017, 3 min.<br \/>\nAtractiva e inquietante, una figura nos habla y consigue llegar a nuestro fuero m\u00e1s \u00edntimo en una explosi\u00f3n de sentimientos encontrados dif\u00edcil de explicar.<\/p>\n<p><em><strong>Eager<\/strong><\/em>, Allison Schulnik, EE.UU, 2014, 8 min.<br \/>\nLa animaci\u00f3n de plastilina alcanza un nuevo estatus con las figuras fantasmales y coloridas de Alison Schulnik en esta danza animada.<\/p>\n<p><em><strong>Uncanny Valley<\/strong><\/em>, Paul Wenninger | Francia, Austria | 2015 | 13 min.<br \/>\nLa pixilaci\u00f3n, t\u00e9cnica de animaci\u00f3n cuadro a cuadro hecha con seres humanos como objeto, es la herramienta de esta apabullante visi\u00f3n sobre el horror de la guerra.<\/p>\n<h3><span style=\"color: #68acd4\"><strong>20:00 &#8211; Centro Federico Garc\u00eda Lorca<\/strong><\/span><\/h3>\n<p><i>Lucky<\/i>\u00a0<span class=\"s1\">(EE.UU., 2017. 88&#8242;)<\/span><br \/>\n<img decoding=\"async\" class=\"alignnone wp-image-1159\" src=\"http:\/\/localhost\/wordpress_FIJR_2018\/wp-content\/uploads\/2018\/04\/LUCKY_POSTER_ESPANI\u0300\u0192A_A4-724x1024.jpg\" alt=\"\" width=\"300\" height=\"424\" \/><\/p>\n<p class=\"p1\"><span class=\"s1\"><strong>Direcci\u00f3n:<\/strong> John Carroll Lynch<br \/>\n<strong>Gui\u00f3n:<\/strong> <span class=\"nb\">Logan Sparks,<\/span>\u00a0<span class=\"nb\">Drago Sumonja<\/span><br \/>\n<strong>Reparto:\u00a0<\/strong><span class=\"cast\">Harry Dean Stanton,<\/span>\u00a0<span class=\"cast\">Ed Begley Jr.,<\/span>\u00a0<span class=\"cast\">Beth Grant,<\/span>\u00a0<span class=\"cast\">James Darren,<\/span><span class=\"cast\">Barry Shabaka Henley,<\/span>\u00a0<span class=\"cast\">Yvonne Huff,<\/span>\u00a0<span class=\"cast\">David Lynch<\/span><\/span><\/p>\n<p><strong>Sinopsis:\u00a0<\/strong><i>Lucky<\/i>, la \u00faltima pel\u00edcula protagonizada por el m\u00edtico actor Harry Dean Stanton (colaborador habitual de David Lynch, que tambi\u00e9n act\u00faa en el filme), se centra en el viaje espiritual de un hombre ateo de 90 a\u00f1os que se encuentra en el tramo final de su vida, donde se ver\u00e1 impulsado a un viaje de autodescubrimiento cuyo objetivo es la iluminaci\u00f3n.<\/p>\n<p class=\"p1\"><span class=\"s1\"><em>Festival de Locarno &#8211; Festival de Gij\u00f3n: Mejor actor (Harry Dean Stanton)<\/em> <\/span><\/p>\n<p><iframe width=\"740\" height=\"416\" src=\"https:\/\/www.youtube.com\/embed\/TfjKt_BxaPY?start=1&#038;feature=oembed\" frameborder=\"0\" allow=\"autoplay; encrypted-media\" allowfullscreen><\/iframe><\/p>\n","protected":false},"excerpt":{"rendered":"<p>12:00 &#8211; Centro Federico Garc\u00eda Lorca La rebeli\u00f3n de los cuentos\u00a0(Reino Unido, 2016. 61&#8242;) Direcci\u00f3n: Jakob Schuh,\u00a0Jan Lachauer,\u00a0Bin-Han To Gui\u00f3n: Jan Lachauer, Jakob Schuh Sinopsis:\u00a0\u00bfY si Blancanieves, Cenicienta o Los tres cerditos no fueran como nos lo hab\u00edan contado? Los cuentos infantiles cl\u00e1sicos son reinventados de manera aguda e ingeniosa para despertar la imaginaci\u00f3n de &hellip; <a href=\"https:\/\/www.filmfest-granada.com\/2018\/sabado-21-fijr2018\/\" class=\"more-link\">Continue reading <span class=\"screen-reader-text\">S\u00c1BADO 21<\/span><\/a><\/p>\n","protected":false},"author":1,"featured_media":0,"parent":0,"menu_order":0,"comment_status":"closed","ping_status":"closed","template":"","meta":{"footnotes":""},"class_list":["post-1158","page","type-page","status-publish","hentry"],"_links":{"self":[{"href":"https:\/\/www.filmfest-granada.com\/2018\/wp-json\/wp\/v2\/pages\/1158","targetHints":{"allow":["GET"]}}],"collection":[{"href":"https:\/\/www.filmfest-granada.com\/2018\/wp-json\/wp\/v2\/pages"}],"about":[{"href":"https:\/\/www.filmfest-granada.com\/2018\/wp-json\/wp\/v2\/types\/page"}],"author":[{"embeddable":true,"href":"https:\/\/www.filmfest-granada.com\/2018\/wp-json\/wp\/v2\/users\/1"}],"replies":[{"embeddable":true,"href":"https:\/\/www.filmfest-granada.com\/2018\/wp-json\/wp\/v2\/comments?post=1158"}],"version-history":[{"count":0,"href":"https:\/\/www.filmfest-granada.com\/2018\/wp-json\/wp\/v2\/pages\/1158\/revisions"}],"wp:attachment":[{"href":"https:\/\/www.filmfest-granada.com\/2018\/wp-json\/wp\/v2\/media?parent=1158"}],"curies":[{"name":"wp","href":"https:\/\/api.w.org\/{rel}","templated":true}]}}