{"id":43,"date":"2017-10-08T21:34:27","date_gmt":"2017-10-08T21:34:27","guid":{"rendered":"https:\/\/fijr2017.wordpress.com\/?page_id=43"},"modified":"2017-10-08T21:34:27","modified_gmt":"2017-10-08T21:34:27","slug":"prensa","status":"publish","type":"page","link":"https:\/\/www.filmfest-granada.com\/2018\/prensa\/","title":{"rendered":"PRENSA"},"content":{"rendered":"<h3 style=\"text-align: center\"><strong><a href=\"https:\/\/www.dropbox.com\/sh\/gk1cop10lhpkh4x\/AABhKQzq3_L08Am6EjyGl3LJa?dl=0\" target=\"_blank\" rel=\"noopener\">Descargar materiales de prensa<\/a><\/strong><\/h3>\n<table class=\" aligncenter\" cellspacing=\"0\" cellpadding=\"0\">\n<tbody>\n<tr>\n<td class=\"td1\" valign=\"top\">\n<p class=\"p1\"><span class=\"s1\">Para solicitar entrevistas o m\u00e1s informaci\u00f3n pueden ponerse en contacto con:<\/span><\/p>\n<p class=\"p2\"><span class=\"s1\"><b>Antonio M. Arenas<\/b><br \/>\nResponsable de comunicaci\u00f3n del FIJR<br \/>\n<a href=\"https:\/\/filmfest-granada.us12.list-manage.com\/track\/click?u=cbe1bc57c123b800474182a16&amp;id=6176d7c366&amp;e=dab2f9dfac\"><span class=\"s2\">prensa@localhost<\/span><\/a><br \/>\n618\u00a083 86 98 \/ 958 18 00 43<\/span><\/p>\n<\/td>\n<\/tr>\n<\/tbody>\n<\/table>\n<p>&nbsp;<\/p>\n","protected":false},"excerpt":{"rendered":"<p>Descargar materiales de prensa Para solicitar entrevistas o m\u00e1s informaci\u00f3n pueden ponerse en contacto con: Antonio M. Arenas Responsable de comunicaci\u00f3n del FIJR prensa@localhost 618\u00a083 86 98 \/ 958 18 00 43 &nbsp;<\/p>\n","protected":false},"author":2,"featured_media":0,"parent":0,"menu_order":0,"comment_status":"closed","ping_status":"closed","template":"","meta":{"footnotes":""},"class_list":["post-43","page","type-page","status-publish","hentry"],"_links":{"self":[{"href":"https:\/\/www.filmfest-granada.com\/2018\/wp-json\/wp\/v2\/pages\/43","targetHints":{"allow":["GET"]}}],"collection":[{"href":"https:\/\/www.filmfest-granada.com\/2018\/wp-json\/wp\/v2\/pages"}],"about":[{"href":"https:\/\/www.filmfest-granada.com\/2018\/wp-json\/wp\/v2\/types\/page"}],"author":[{"embeddable":true,"href":"https:\/\/www.filmfest-granada.com\/2018\/wp-json\/wp\/v2\/users\/2"}],"replies":[{"embeddable":true,"href":"https:\/\/www.filmfest-granada.com\/2018\/wp-json\/wp\/v2\/comments?post=43"}],"version-history":[{"count":0,"href":"https:\/\/www.filmfest-granada.com\/2018\/wp-json\/wp\/v2\/pages\/43\/revisions"}],"wp:attachment":[{"href":"https:\/\/www.filmfest-granada.com\/2018\/wp-json\/wp\/v2\/media?parent=43"}],"curies":[{"name":"wp","href":"https:\/\/api.w.org\/{rel}","templated":true}]}}

<h3 style="text-align: center"><strong><a href="https://www.dropbox.com/sh/gk1cop10lhpkh4x/AABhKQzq3_L08Am6EjyGl3LJa?dl=0" target="_blank" rel="noopener">Descargar materiales de prensa</a></strong></h3>
<table class=" aligncenter" cellspacing="0" cellpadding="0">
<tbody>
<tr>
<td class="td1" valign="top">
<p class="p1"><span class="s1">Para solicitar entrevistas o más información pueden ponerse en contacto con:</span></p>
<p class="p2"><span class="s1"><b>Antonio M. Arenas</b><br />
Responsable de comunicación del FIJR<br />
<a href="https://filmfest-granada.us12.list-manage.com/track/click?u=cbe1bc57c123b800474182a16&amp;id=6176d7c366&amp;e=dab2f9dfac"><span class="s2">prensa@localhost</span></a><br />
618 83 86 98 / 958 18 00 43</span></p>
</td>
</tr>
</tbody>
</table>
<p>&nbsp;</p>

<p>Descargar materiales de prensa Para solicitar entrevistas o más información pueden ponerse en contacto con: Antonio M. Arenas Responsable de comunicación del FIJR prensa@localhost 618 83 86 98 / 958 18 00 43 &nbsp;</p>
