{"id":712,"date":"2018-03-06T12:57:12","date_gmt":"2018-03-06T12:57:12","guid":{"rendered":"http:\/\/localhost\/wordpress_FIJR_2018\/?page_id=712"},"modified":"2018-03-06T12:57:12","modified_gmt":"2018-03-06T12:57:12","slug":"marzo-2018","status":"publish","type":"page","link":"https:\/\/www.filmfest-granada.com\/2018\/marzo-2018\/","title":{"rendered":"MARZO 2018"},"content":{"rendered":"<h2>FIJR PRESENTA<\/h2>\n<p><strong><span style=\"color: #6197b3\">Mi\u00e9rcoles 14 de marzo &#8211; 20:00 Centro Federico Garc\u00eda Lorca\u00a0<\/span><\/strong><\/p>\n<p><em>Dancing Beethoven<\/em> (80 min, Espa\u00f1a-Suiza. 2016)<br \/>\n<img fetchpriority=\"high\" decoding=\"async\" class=\"wp-image-713 alignnone\" src=\"https:\/\/www.filmfest-granada.com\/2018\/wp-content\/uploads\/sites\/2\/2018\/03\/Cartel-Dancing-Beethoven-Goya-725x1024.jpg\" alt=\"\" width=\"250\" height=\"353\" srcset=\"https:\/\/www.filmfest-granada.com\/2018\/wp-content\/uploads\/sites\/2\/2018\/03\/Cartel-Dancing-Beethoven-Goya-725x1024.jpg 725w, https:\/\/www.filmfest-granada.com\/2018\/wp-content\/uploads\/sites\/2\/2018\/03\/Cartel-Dancing-Beethoven-Goya-213x300.jpg 213w, https:\/\/www.filmfest-granada.com\/2018\/wp-content\/uploads\/sites\/2\/2018\/03\/Cartel-Dancing-Beethoven-Goya-768x1084.jpg 768w, https:\/\/www.filmfest-granada.com\/2018\/wp-content\/uploads\/sites\/2\/2018\/03\/Cartel-Dancing-Beethoven-Goya-1063x1500.jpg 1063w, https:\/\/www.filmfest-granada.com\/2018\/wp-content\/uploads\/sites\/2\/2018\/03\/Cartel-Dancing-Beethoven-Goya.jpg 1200w\" sizes=\"(max-width: 250px) 100vw, 250px\" \/><\/p>\n<p><strong>Direcci\u00f3n y guion:<\/strong> Arantxa Aguirre<br \/>\n<strong>Fotograf\u00eda:<\/strong> Rafael Reparaz<br \/>\n<strong>Sonido:<\/strong> Gabriel Guti\u00e9rrez<br \/>\n<strong>Producci\u00f3n:<\/strong> Fondation B\u00e9jart Ballet Lausanne \/ Fondation Maurice B\u00e9jart \/ L\u00f3pez-Li Films<\/p>\n<p><strong>Sinopsis:\u00a0\u00a0<\/strong><span class=\"m_2180215883362319555gmail-s1\">Nominada al Goya a mejor documental, <em>Dancing Beethoven<\/em> sigue de cerca la preparaci\u00f3n de la Novena Sinfon\u00eda de Beethoven, presentada en Tokio por el B\u00e9jart Ballet Lausanne y el Ballet de Tokio, acompa\u00f1ados de la Orquesta Filarm\u00f3nica de Israel dirigida por Zubin Mehta. Decenas de artistas de todos los pa\u00edses trabajan en la construcci\u00f3n de esta catedral ef\u00edmera, hecha a base de sudor y de sue\u00f1os.<\/span><\/p>\n<h5>La proyecci\u00f3n ser\u00e1 en versi\u00f3n original subtitulada al castellano y las entradas estar\u00e1n a la venta desde una hora antes de la sesi\u00f3n al precio de tres euros.<\/h5>\n<p><iframe width=\"740\" height=\"416\" src=\"https:\/\/www.youtube.com\/embed\/w1EC62Af-Tg?feature=oembed\" frameborder=\"0\" allow=\"autoplay; encrypted-media\" allowfullscreen><\/iframe><\/p>\n","protected":false},"excerpt":{"rendered":"<p>FIJR PRESENTA Mi\u00e9rcoles 14 de marzo &#8211; 20:00 Centro Federico Garc\u00eda Lorca\u00a0 Dancing Beethoven (80 min, Espa\u00f1a-Suiza. 2016) Direcci\u00f3n y guion: Arantxa Aguirre Fotograf\u00eda: Rafael Reparaz Sonido: Gabriel Guti\u00e9rrez Producci\u00f3n: Fondation B\u00e9jart Ballet Lausanne \/ Fondation Maurice B\u00e9jart \/ L\u00f3pez-Li Films Sinopsis:\u00a0\u00a0Nominada al Goya a mejor documental, Dancing Beethoven sigue de cerca la preparaci\u00f3n de &hellip; <a href=\"https:\/\/www.filmfest-granada.com\/2018\/marzo-2018\/\" class=\"more-link\">Continue reading <span class=\"screen-reader-text\">MARZO 2018<\/span><\/a><\/p>\n","protected":false},"author":1,"featured_media":0,"parent":0,"menu_order":0,"comment_status":"closed","ping_status":"closed","template":"","meta":{"footnotes":""},"class_list":["post-712","page","type-page","status-publish","hentry"],"_links":{"self":[{"href":"https:\/\/www.filmfest-granada.com\/2018\/wp-json\/wp\/v2\/pages\/712","targetHints":{"allow":["GET"]}}],"collection":[{"href":"https:\/\/www.filmfest-granada.com\/2018\/wp-json\/wp\/v2\/pages"}],"about":[{"href":"https:\/\/www.filmfest-granada.com\/2018\/wp-json\/wp\/v2\/types\/page"}],"author":[{"embeddable":true,"href":"https:\/\/www.filmfest-granada.com\/2018\/wp-json\/wp\/v2\/users\/1"}],"replies":[{"embeddable":true,"href":"https:\/\/www.filmfest-granada.com\/2018\/wp-json\/wp\/v2\/comments?post=712"}],"version-history":[{"count":0,"href":"https:\/\/www.filmfest-granada.com\/2018\/wp-json\/wp\/v2\/pages\/712\/revisions"}],"wp:attachment":[{"href":"https:\/\/www.filmfest-granada.com\/2018\/wp-json\/wp\/v2\/media?parent=712"}],"curies":[{"name":"wp","href":"https:\/\/api.w.org\/{rel}","templated":true}]}}

<h2>FIJR PRESENTA</h2>
<p><strong><span style="color: #6197b3">Miércoles 14 de marzo &#8211; 20:00 Centro Federico García Lorca </span></strong></p>
<p><em>Dancing Beethoven</em> (80 min, España-Suiza. 2016)<br />
<img fetchpriority="high" decoding="async" class="wp-image-713 alignnone" src="https://www.filmfest-granada.com/2018/wp-content/uploads/sites/2/2018/03/Cartel-Dancing-Beethoven-Goya-725x1024.jpg" alt="" width="250" height="353" srcset="https://www.filmfest-granada.com/2018/wp-content/uploads/sites/2/2018/03/Cartel-Dancing-Beethoven-Goya-725x1024.jpg 725w, https://www.filmfest-granada.com/2018/wp-content/uploads/sites/2/2018/03/Cartel-Dancing-Beethoven-Goya-213x300.jpg 213w, https://www.filmfest-granada.com/2018/wp-content/uploads/sites/2/2018/03/Cartel-Dancing-Beethoven-Goya-768x1084.jpg 768w, https://www.filmfest-granada.com/2018/wp-content/uploads/sites/2/2018/03/Cartel-Dancing-Beethoven-Goya-1063x1500.jpg 1063w, https://www.filmfest-granada.com/2018/wp-content/uploads/sites/2/2018/03/Cartel-Dancing-Beethoven-Goya.jpg 1200w" sizes="(max-width: 250px) 100vw, 250px" /></p>
<p><strong>Dirección y guion:</strong> Arantxa Aguirre<br />
<strong>Fotografía:</strong> Rafael Reparaz<br />
<strong>Sonido:</strong> Gabriel Gutiérrez<br />
<strong>Producción:</strong> Fondation Béjart Ballet Lausanne / Fondation Maurice Béjart / López-Li Films</p>
<p><strong>Sinopsis:  </strong><span class="m_2180215883362319555gmail-s1">Nominada al Goya a mejor documental, <em>Dancing Beethoven</em> sigue de cerca la preparación de la Novena Sinfonía de Beethoven, presentada en Tokio por el Béjart Ballet Lausanne y el Ballet de Tokio, acompañados de la Orquesta Filarmónica de Israel dirigida por Zubin Mehta. Decenas de artistas de todos los países trabajan en la construcción de esta catedral efímera, hecha a base de sudor y de sueños.</span></p>
<h5>La proyección será en versión original subtitulada al castellano y las entradas estarán a la venta desde una hora antes de la sesión al precio de tres euros.</h5>
<p><iframe width="740" height="416" src="https://www.youtube.com/embed/w1EC62Af-Tg?feature=oembed" frameborder="0" allow="autoplay; encrypted-media" allowfullscreen></iframe></p>

<p>FIJR PRESENTA Miércoles 14 de marzo &#8211; 20:00 Centro Federico García Lorca  Dancing Beethoven (80 min, España-Suiza. 2016) Dirección y guion: Arantxa Aguirre Fotografía: Rafael Reparaz Sonido: Gabriel Gutiérrez Producción: Fondation Béjart Ballet Lausanne / Fondation Maurice Béjart / López-Li Films Sinopsis:  Nominada al Goya a mejor documental, Dancing Beethoven sigue de cerca la preparación de &hellip; <a href="https://www.filmfest-granada.com/2018/marzo-2018/" class="more-link">Continue reading <span class="screen-reader-text">MARZO 2018</span></a></p>
