{"id":694,"date":"2021-10-03T19:51:08","date_gmt":"2021-10-03T17:51:08","guid":{"rendered":"https:\/\/www.filmfest-granada.com\/2021\/?page_id=694"},"modified":"2021-10-08T08:12:51","modified_gmt":"2021-10-08T06:12:51","slug":"quien-lo-impide","status":"publish","type":"page","link":"https:\/\/www.filmfest-granada.com\/2021\/quien-lo-impide\/","title":{"rendered":"Qui\u00e9n lo impide"},"content":{"rendered":"\t\t<div data-elementor-type=\"wp-page\" data-elementor-id=\"694\" class=\"elementor elementor-694\" data-elementor-post-type=\"page\">\n\t\t\t\t\t\t<section class=\"elementor-section elementor-top-section elementor-element elementor-element-c0b8993 elementor-section-boxed elementor-section-height-default elementor-section-height-default\" data-id=\"c0b8993\" data-element_type=\"section\">\n\t\t\t\t\t\t<div class=\"elementor-container elementor-column-gap-default\">\n\t\t\t\t\t<div class=\"elementor-column elementor-col-100 elementor-top-column elementor-element elementor-element-fc786c6\" data-id=\"fc786c6\" data-element_type=\"column\">\n\t\t\t<div class=\"elementor-widget-wrap elementor-element-populated\">\n\t\t\t\t\t\t<div class=\"elementor-element elementor-element-8293c97 program-title elementor-hidden-mobile elementor-widget elementor-widget-heading\" data-id=\"8293c97\" data-element_type=\"widget\" data-widget_type=\"heading.default\">\n\t\t\t\t<div class=\"elementor-widget-container\">\n\t\t\t\t\t<h2 class=\"elementor-heading-title elementor-size-default\">PREESTRENO EN GRANADA<\/h2>\t\t\t\t<\/div>\n\t\t\t\t<\/div>\n\t\t\t\t<section class=\"elementor-section elementor-inner-section elementor-element elementor-element-6235ba3 elementor-section-full_width elementor-section-height-default elementor-section-height-default\" data-id=\"6235ba3\" data-element_type=\"section\">\n\t\t\t\t\t\t<div class=\"elementor-container elementor-column-gap-no\">\n\t\t\t\t\t<div class=\"elementor-column elementor-col-100 elementor-inner-column elementor-element elementor-element-1511f5e\" data-id=\"1511f5e\" data-element_type=\"column\">\n\t\t\t<div class=\"elementor-widget-wrap elementor-element-populated\">\n\t\t\t\t\t\t<div class=\"elementor-element elementor-element-f1894d0 program-title elementor-hidden-desktop elementor-hidden-tablet elementor-widget elementor-widget-heading\" data-id=\"f1894d0\" data-element_type=\"widget\" data-widget_type=\"heading.default\">\n\t\t\t\t<div class=\"elementor-widget-container\">\n\t\t\t\t\t<h2 class=\"elementor-heading-title elementor-size-default\">PREESTRENO<\/h2>\t\t\t\t<\/div>\n\t\t\t\t<\/div>\n\t\t\t\t\t<\/div>\n\t\t<\/div>\n\t\t\t\t\t<\/div>\n\t\t<\/section>\n\t\t\t\t<section class=\"elementor-section elementor-inner-section elementor-element elementor-element-6f83891 elementor-section-full_width elementor-section-height-default elementor-section-height-default\" data-id=\"6f83891\" data-element_type=\"section\">\n\t\t\t\t\t\t<div class=\"elementor-container elementor-column-gap-no\">\n\t\t\t\t\t<div class=\"elementor-column elementor-col-100 elementor-inner-column elementor-element elementor-element-50c6419\" data-id=\"50c6419\" data-element_type=\"column\">\n\t\t\t<div class=\"elementor-widget-wrap elementor-element-populated\">\n\t\t\t\t\t\t<div class=\"elementor-element elementor-element-9aaf594 program-title elementor-hidden-desktop elementor-hidden-tablet elementor-widget elementor-widget-heading\" data-id=\"9aaf594\" data-element_type=\"widget\" data-widget_type=\"heading.default\">\n\t\t\t\t<div class=\"elementor-widget-container\">\n\t\t\t\t\t<h2 class=\"elementor-heading-title elementor-size-default\">EN GRANADA<\/h2>\t\t\t\t<\/div>\n\t\t\t\t<\/div>\n\t\t\t\t\t<\/div>\n\t\t<\/div>\n\t\t\t\t\t<\/div>\n\t\t<\/section>\n\t\t\t\t\t<\/div>\n\t\t<\/div>\n\t\t\t\t\t<\/div>\n\t\t<\/section>\n\t\t\t\t<section class=\"elementor-section elementor-top-section elementor-element elementor-element-543dfb1 elementor-section-boxed elementor-section-height-default elementor-section-height-default\" data-id=\"543dfb1\" data-element_type=\"section\">\n\t\t\t\t\t\t<div class=\"elementor-container elementor-column-gap-default\">\n\t\t\t\t\t<div class=\"elementor-column elementor-col-100 elementor-top-column elementor-element elementor-element-f85089d\" data-id=\"f85089d\" data-element_type=\"column\">\n\t\t\t<div class=\"elementor-widget-wrap elementor-element-populated\">\n\t\t\t\t\t\t<div class=\"elementor-element elementor-element-177f317 elementor-widget elementor-widget-heading\" data-id=\"177f317\" data-element_type=\"widget\" data-widget_type=\"heading.default\">\n\t\t\t\t<div class=\"elementor-widget-container\">\n\t\t\t\t\t<h3 class=\"elementor-heading-title elementor-size-large\">MI\u00c9RCOLES 20 - 16:00<\/h3>\t\t\t\t<\/div>\n\t\t\t\t<\/div>\n\t\t\t\t<div class=\"elementor-element elementor-element-ce3c684 elementor-widget elementor-widget-heading\" data-id=\"ce3c684\" data-element_type=\"widget\" data-widget_type=\"heading.default\">\n\t\t\t\t<div class=\"elementor-widget-container\">\n\t\t\t\t\t<h3 class=\"elementor-heading-title elementor-size-large\">FILMOTECA DE ANDALUC\u00cdA<\/h3>\t\t\t\t<\/div>\n\t\t\t\t<\/div>\n\t\t\t\t\t<\/div>\n\t\t<\/div>\n\t\t\t\t\t<\/div>\n\t\t<\/section>\n\t\t\t\t<section class=\"elementor-section elementor-top-section elementor-element elementor-element-d0372a6 elementor-section-boxed elementor-section-height-default elementor-section-height-default\" data-id=\"d0372a6\" data-element_type=\"section\">\n\t\t\t\t\t\t<div class=\"elementor-container elementor-column-gap-default\">\n\t\t\t\t\t<div class=\"elementor-column elementor-col-50 elementor-top-column elementor-element elementor-element-8cac66e\" data-id=\"8cac66e\" data-element_type=\"column\">\n\t\t\t<div class=\"elementor-widget-wrap elementor-element-populated\">\n\t\t\t\t\t\t<div class=\"elementor-element elementor-element-fe13554 elementor-widget elementor-widget-image\" data-id=\"fe13554\" data-element_type=\"widget\" data-widget_type=\"image.default\">\n\t\t\t\t<div class=\"elementor-widget-container\">\n\t\t\t\t\t\t\t\t\t\t\t\t\t\t\t<img fetchpriority=\"high\" decoding=\"async\" width=\"1000\" height=\"701\" src=\"https:\/\/www.filmfest-granada.com\/2021\/wp-content\/uploads\/sites\/10\/2021\/10\/QUIEN-LO-IMPIDE-e1633195050847.jpeg\" class=\"attachment-full size-full wp-image-231\" alt=\"\" srcset=\"https:\/\/www.filmfest-granada.com\/2021\/wp-content\/uploads\/sites\/10\/2021\/10\/QUIEN-LO-IMPIDE-e1633195050847.jpeg 1000w, https:\/\/www.filmfest-granada.com\/2021\/wp-content\/uploads\/sites\/10\/2021\/10\/QUIEN-LO-IMPIDE-e1633195050847-300x210.jpeg 300w, https:\/\/www.filmfest-granada.com\/2021\/wp-content\/uploads\/sites\/10\/2021\/10\/QUIEN-LO-IMPIDE-e1633195050847-768x538.jpeg 768w\" sizes=\"(max-width: 1000px) 100vw, 1000px\" \/>\t\t\t\t\t\t\t\t\t\t\t\t\t\t\t<\/div>\n\t\t\t\t<\/div>\n\t\t\t\t\t<\/div>\n\t\t<\/div>\n\t\t\t\t<div class=\"elementor-column elementor-col-50 elementor-top-column elementor-element elementor-element-b75ff78\" data-id=\"b75ff78\" data-element_type=\"column\">\n\t\t\t<div class=\"elementor-widget-wrap elementor-element-populated\">\n\t\t\t\t\t\t<div class=\"elementor-element elementor-element-c98be30 elementor-widget elementor-widget-heading\" data-id=\"c98be30\" data-element_type=\"widget\" data-widget_type=\"heading.default\">\n\t\t\t\t<div class=\"elementor-widget-container\">\n\t\t\t\t\t<h2 class=\"elementor-heading-title elementor-size-medium\">Qui\u00e9n lo impide<\/h2>\t\t\t\t<\/div>\n\t\t\t\t<\/div>\n\t\t\t\t<div class=\"elementor-element elementor-element-e794bb3 elementor-widget elementor-widget-heading\" data-id=\"e794bb3\" data-element_type=\"widget\" data-widget_type=\"heading.default\">\n\t\t\t\t<div class=\"elementor-widget-container\">\n\t\t\t\t\t<div class=\"elementor-heading-title elementor-size-default\">Jon\u00e1s Trueba | Espa\u00f1a | 2021 | 220\u2019<\/div>\t\t\t\t<\/div>\n\t\t\t\t<\/div>\n\t\t\t\t<div class=\"elementor-element elementor-element-64006c9 elementor-widget elementor-widget-heading\" data-id=\"64006c9\" data-element_type=\"widget\" data-widget_type=\"heading.default\">\n\t\t\t\t<div class=\"elementor-widget-container\">\n\t\t\t\t\t<p class=\"elementor-heading-title elementor-size-default\">Dos d\u00edas antes de su estreno en salas, el festival acoge el preestreno de <i>Qui\u00e9n lo impide<\/i>, una llamada a transformar la percepci\u00f3n que tenemos sobre la adolescencia y la juventud; la de aquellos que nacieron a principios del siglo XXI y se han hecho mayores de edad en el 2020; los que ahora parecen culpables de todo a la vez que ven mermadas sus esperanzas.<\/p>\t\t\t\t<\/div>\n\t\t\t\t<\/div>\n\t\t\t\t<div class=\"elementor-element elementor-element-21f0cf2 elementor-widget elementor-widget-heading\" data-id=\"21f0cf2\" data-element_type=\"widget\" data-widget_type=\"heading.default\">\n\t\t\t\t<div class=\"elementor-widget-container\">\n\t\t\t\t\t<p class=\"elementor-heading-title elementor-size-default\">Entre el documental, la ficci\u00f3n y el puro registro testimonial, los j\u00f3venes adolescentes se muestran tal y como son pero como pocas veces los vemos o nos dejan verlos: aprovechando la c\u00e1mara de cine para mostrar lo mejor de s\u00ed mismos y devolvernos la confianza en el futuro; desde la fragilidad y la emoci\u00f3n, con humor, inteligencia, convicciones e ideas.<\/p>\t\t\t\t<\/div>\n\t\t\t\t<\/div>\n\t\t\t\t<div class=\"elementor-element elementor-element-cf196e4 elementor-widget elementor-widget-heading\" data-id=\"cf196e4\" data-element_type=\"widget\" data-widget_type=\"heading.default\">\n\t\t\t\t<div class=\"elementor-widget-container\">\n\t\t\t\t\t<p class=\"elementor-heading-title elementor-size-default\">Porque la juventud que nos habla de amor, amistad, pol\u00edtica o educaci\u00f3n no est\u00e1 hablando solo de lo suyo, sino de lo que nos importa siempre, a cualquier edad. <i>Qui\u00e9n lo impide<\/i> es una pel\u00edcula sobre nosotros: sobre lo que fuimos, lo que somos y lo que seguiremos siendo.<\/p>\t\t\t\t<\/div>\n\t\t\t\t<\/div>\n\t\t\t\t\t<\/div>\n\t\t<\/div>\n\t\t\t\t\t<\/div>\n\t\t<\/section>\n\t\t\t\t<section class=\"elementor-section elementor-top-section elementor-element elementor-element-a110756 elementor-section-boxed elementor-section-height-default elementor-section-height-default\" data-id=\"a110756\" data-element_type=\"section\">\n\t\t\t\t\t\t<div class=\"elementor-container elementor-column-gap-default\">\n\t\t\t\t\t<div class=\"elementor-column elementor-col-100 elementor-top-column elementor-element elementor-element-77b1361\" data-id=\"77b1361\" data-element_type=\"column\">\n\t\t\t<div class=\"elementor-widget-wrap elementor-element-populated\">\n\t\t\t\t\t\t<div class=\"elementor-element elementor-element-8ff32eb elementor-widget elementor-widget-heading\" data-id=\"8ff32eb\" data-element_type=\"widget\" data-widget_type=\"heading.default\">\n\t\t\t\t<div class=\"elementor-widget-container\">\n\t\t\t\t\t<div class=\"elementor-heading-title elementor-size-default\">Entrada libre hasta completar aforo<\/div>\t\t\t\t<\/div>\n\t\t\t\t<\/div>\n\t\t\t\t\t<\/div>\n\t\t<\/div>\n\t\t\t\t\t<\/div>\n\t\t<\/section>\n\t\t\t\t<\/div>\n\t\t","protected":false},"excerpt":{"rendered":"<p>PREESTRENO EN GRANADA PREESTRENO EN GRANADA MI\u00c9RCOLES 20 &#8211; 16:00 FILMOTECA DE ANDALUC\u00cdA Qui\u00e9n lo impide Jon\u00e1s Trueba | Espa\u00f1a | 2021 | 220\u2019 Dos d\u00edas antes de su estreno en salas, el festival acoge el preestreno de Qui\u00e9n lo impide, una llamada a transformar la percepci\u00f3n que tenemos sobre la adolescencia y la juventud; &#8230; <a title=\"Qui\u00e9n lo impide\" class=\"read-more\" href=\"https:\/\/www.filmfest-granada.com\/2021\/quien-lo-impide\/\" aria-label=\"Leer m\u00e1s sobre Qui\u00e9n lo impide\">Leer m\u00e1s<\/a><\/p>\n","protected":false},"author":1167,"featured_media":0,"parent":0,"menu_order":0,"comment_status":"closed","ping_status":"closed","template":"elementor_header_footer","meta":{"footnotes":""},"class_list":["post-694","page","type-page","status-publish"],"aioseo_notices":[],"_links":{"self":[{"href":"https:\/\/www.filmfest-granada.com\/2021\/wp-json\/wp\/v2\/pages\/694","targetHints":{"allow":["GET"]}}],"collection":[{"href":"https:\/\/www.filmfest-granada.com\/2021\/wp-json\/wp\/v2\/pages"}],"about":[{"href":"https:\/\/www.filmfest-granada.com\/2021\/wp-json\/wp\/v2\/types\/page"}],"author":[{"embeddable":true,"href":"https:\/\/www.filmfest-granada.com\/2021\/wp-json\/wp\/v2\/users\/1167"}],"replies":[{"embeddable":true,"href":"https:\/\/www.filmfest-granada.com\/2021\/wp-json\/wp\/v2\/comments?post=694"}],"version-history":[{"count":13,"href":"https:\/\/www.filmfest-granada.com\/2021\/wp-json\/wp\/v2\/pages\/694\/revisions"}],"predecessor-version":[{"id":883,"href":"https:\/\/www.filmfest-granada.com\/2021\/wp-json\/wp\/v2\/pages\/694\/revisions\/883"}],"wp:attachment":[{"href":"https:\/\/www.filmfest-granada.com\/2021\/wp-json\/wp\/v2\/media?parent=694"}],"curies":[{"name":"wp","href":"https:\/\/api.w.org\/{rel}","templated":true}]}}

Quién lo impide

<div data-elementor-type="wp-page" data-elementor-id="694" class="elementor elementor-694" data-elementor-post-type="page">
						<section class="elementor-section elementor-top-section elementor-element elementor-element-c0b8993 elementor-section-boxed elementor-section-height-default elementor-section-height-default" data-id="c0b8993" data-element_type="section">
						<div class="elementor-container elementor-column-gap-default">
					<div class="elementor-column elementor-col-100 elementor-top-column elementor-element elementor-element-fc786c6" data-id="fc786c6" data-element_type="column">
			<div class="elementor-widget-wrap elementor-element-populated">
						<div class="elementor-element elementor-element-8293c97 program-title elementor-hidden-mobile elementor-widget elementor-widget-heading" data-id="8293c97" data-element_type="widget" data-widget_type="heading.default">
				<div class="elementor-widget-container">
					<h2 class="elementor-heading-title elementor-size-default">PREESTRENO EN GRANADA</h2>				</div>
				</div>
				<section class="elementor-section elementor-inner-section elementor-element elementor-element-6235ba3 elementor-section-full_width elementor-section-height-default elementor-section-height-default" data-id="6235ba3" data-element_type="section">
						<div class="elementor-container elementor-column-gap-no">
					<div class="elementor-column elementor-col-100 elementor-inner-column elementor-element elementor-element-1511f5e" data-id="1511f5e" data-element_type="column">
			<div class="elementor-widget-wrap elementor-element-populated">
						<div class="elementor-element elementor-element-f1894d0 program-title elementor-hidden-desktop elementor-hidden-tablet elementor-widget elementor-widget-heading" data-id="f1894d0" data-element_type="widget" data-widget_type="heading.default">
				<div class="elementor-widget-container">
					<h2 class="elementor-heading-title elementor-size-default">PREESTRENO</h2>				</div>
				</div>
					</div>
		</div>
					</div>
		</section>
				<section class="elementor-section elementor-inner-section elementor-element elementor-element-6f83891 elementor-section-full_width elementor-section-height-default elementor-section-height-default" data-id="6f83891" data-element_type="section">
						<div class="elementor-container elementor-column-gap-no">
					<div class="elementor-column elementor-col-100 elementor-inner-column elementor-element elementor-element-50c6419" data-id="50c6419" data-element_type="column">
			<div class="elementor-widget-wrap elementor-element-populated">
						<div class="elementor-element elementor-element-9aaf594 program-title elementor-hidden-desktop elementor-hidden-tablet elementor-widget elementor-widget-heading" data-id="9aaf594" data-element_type="widget" data-widget_type="heading.default">
				<div class="elementor-widget-container">
					<h2 class="elementor-heading-title elementor-size-default">EN GRANADA</h2>				</div>
				</div>
					</div>
		</div>
					</div>
		</section>
					</div>
		</div>
					</div>
		</section>
				<section class="elementor-section elementor-top-section elementor-element elementor-element-543dfb1 elementor-section-boxed elementor-section-height-default elementor-section-height-default" data-id="543dfb1" data-element_type="section">
						<div class="elementor-container elementor-column-gap-default">
					<div class="elementor-column elementor-col-100 elementor-top-column elementor-element elementor-element-f85089d" data-id="f85089d" data-element_type="column">
			<div class="elementor-widget-wrap elementor-element-populated">
						<div class="elementor-element elementor-element-177f317 elementor-widget elementor-widget-heading" data-id="177f317" data-element_type="widget" data-widget_type="heading.default">
				<div class="elementor-widget-container">
					<h3 class="elementor-heading-title elementor-size-large">MIÉRCOLES 20 - 16:00</h3>				</div>
				</div>
				<div class="elementor-element elementor-element-ce3c684 elementor-widget elementor-widget-heading" data-id="ce3c684" data-element_type="widget" data-widget_type="heading.default">
				<div class="elementor-widget-container">
					<h3 class="elementor-heading-title elementor-size-large">FILMOTECA DE ANDALUCÍA</h3>				</div>
				</div>
					</div>
		</div>
					</div>
		</section>
				<section class="elementor-section elementor-top-section elementor-element elementor-element-d0372a6 elementor-section-boxed elementor-section-height-default elementor-section-height-default" data-id="d0372a6" data-element_type="section">
						<div class="elementor-container elementor-column-gap-default">
					<div class="elementor-column elementor-col-50 elementor-top-column elementor-element elementor-element-8cac66e" data-id="8cac66e" data-element_type="column">
			<div class="elementor-widget-wrap elementor-element-populated">
						<div class="elementor-element elementor-element-fe13554 elementor-widget elementor-widget-image" data-id="fe13554" data-element_type="widget" data-widget_type="image.default">
				<div class="elementor-widget-container">
															<img fetchpriority="high" decoding="async" width="1000" height="701" src="https://www.filmfest-granada.com/2021/wp-content/uploads/sites/10/2021/10/QUIEN-LO-IMPIDE-e1633195050847.jpeg" class="attachment-full size-full wp-image-231" alt="" srcset="https://www.filmfest-granada.com/2021/wp-content/uploads/sites/10/2021/10/QUIEN-LO-IMPIDE-e1633195050847.jpeg 1000w, https://www.filmfest-granada.com/2021/wp-content/uploads/sites/10/2021/10/QUIEN-LO-IMPIDE-e1633195050847-300x210.jpeg 300w, https://www.filmfest-granada.com/2021/wp-content/uploads/sites/10/2021/10/QUIEN-LO-IMPIDE-e1633195050847-768x538.jpeg 768w" sizes="(max-width: 1000px) 100vw, 1000px" />															</div>
				</div>
					</div>
		</div>
				<div class="elementor-column elementor-col-50 elementor-top-column elementor-element elementor-element-b75ff78" data-id="b75ff78" data-element_type="column">
			<div class="elementor-widget-wrap elementor-element-populated">
						<div class="elementor-element elementor-element-c98be30 elementor-widget elementor-widget-heading" data-id="c98be30" data-element_type="widget" data-widget_type="heading.default">
				<div class="elementor-widget-container">
					<h2 class="elementor-heading-title elementor-size-medium">Quién lo impide</h2>				</div>
				</div>
				<div class="elementor-element elementor-element-e794bb3 elementor-widget elementor-widget-heading" data-id="e794bb3" data-element_type="widget" data-widget_type="heading.default">
				<div class="elementor-widget-container">
					<div class="elementor-heading-title elementor-size-default">Jonás Trueba | España | 2021 | 220’</div>				</div>
				</div>
				<div class="elementor-element elementor-element-64006c9 elementor-widget elementor-widget-heading" data-id="64006c9" data-element_type="widget" data-widget_type="heading.default">
				<div class="elementor-widget-container">
					<p class="elementor-heading-title elementor-size-default">Dos días antes de su estreno en salas, el festival acoge el preestreno de <i>Quién lo impide</i>, una llamada a transformar la percepción que tenemos sobre la adolescencia y la juventud; la de aquellos que nacieron a principios del siglo XXI y se han hecho mayores de edad en el 2020; los que ahora parecen culpables de todo a la vez que ven mermadas sus esperanzas.</p>				</div>
				</div>
				<div class="elementor-element elementor-element-21f0cf2 elementor-widget elementor-widget-heading" data-id="21f0cf2" data-element_type="widget" data-widget_type="heading.default">
				<div class="elementor-widget-container">
					<p class="elementor-heading-title elementor-size-default">Entre el documental, la ficción y el puro registro testimonial, los jóvenes adolescentes se muestran tal y como son pero como pocas veces los vemos o nos dejan verlos: aprovechando la cámara de cine para mostrar lo mejor de sí mismos y devolvernos la confianza en el futuro; desde la fragilidad y la emoción, con humor, inteligencia, convicciones e ideas.</p>				</div>
				</div>
				<div class="elementor-element elementor-element-cf196e4 elementor-widget elementor-widget-heading" data-id="cf196e4" data-element_type="widget" data-widget_type="heading.default">
				<div class="elementor-widget-container">
					<p class="elementor-heading-title elementor-size-default">Porque la juventud que nos habla de amor, amistad, política o educación no está hablando solo de lo suyo, sino de lo que nos importa siempre, a cualquier edad. <i>Quién lo impide</i> es una película sobre nosotros: sobre lo que fuimos, lo que somos y lo que seguiremos siendo.</p>				</div>
				</div>
					</div>
		</div>
					</div>
		</section>
				<section class="elementor-section elementor-top-section elementor-element elementor-element-a110756 elementor-section-boxed elementor-section-height-default elementor-section-height-default" data-id="a110756" data-element_type="section">
						<div class="elementor-container elementor-column-gap-default">
					<div class="elementor-column elementor-col-100 elementor-top-column elementor-element elementor-element-77b1361" data-id="77b1361" data-element_type="column">
			<div class="elementor-widget-wrap elementor-element-populated">
						<div class="elementor-element elementor-element-8ff32eb elementor-widget elementor-widget-heading" data-id="8ff32eb" data-element_type="widget" data-widget_type="heading.default">
				<div class="elementor-widget-container">
					<div class="elementor-heading-title elementor-size-default">Entrada libre hasta completar aforo</div>				</div>
				</div>
					</div>
		</div>
					</div>
		</section>
				</div>

<p>PREESTRENO EN GRANADA PREESTRENO EN GRANADA MIÉRCOLES 20 &#8211; 16:00 FILMOTECA DE ANDALUCÍA Quién lo impide Jonás Trueba | España | 2021 | 220’ Dos días antes de su estreno en salas, el festival acoge el preestreno de Quién lo impide, una llamada a transformar la percepción que tenemos sobre la adolescencia y la juventud; &#8230; <a title="Quién lo impide" class="read-more" href="https://www.filmfest-granada.com/2021/quien-lo-impide/" aria-label="Leer más sobre Quién lo impide">Leer más</a></p>
