{"id":1989,"date":"2022-09-25T15:40:59","date_gmt":"2022-09-25T13:40:59","guid":{"rendered":"https:\/\/www.filmfest-granada.com\/2022\/?page_id=1989"},"modified":"2022-10-09T23:47:44","modified_gmt":"2022-10-09T21:47:44","slug":"encuentro-con-realizadoras","status":"publish","type":"page","link":"https:\/\/www.filmfest-granada.com\/2022\/encuentro-con-realizadoras\/","title":{"rendered":"Encuentro con realizadoras"},"content":{"rendered":"\t\t<div data-elementor-type=\"wp-page\" data-elementor-id=\"1989\" class=\"elementor elementor-1989\" data-elementor-post-type=\"page\">\n\t\t\t\t\t\t<section class=\"elementor-section elementor-top-section elementor-element elementor-element-1e42346 elementor-section-boxed elementor-section-height-default elementor-section-height-default\" data-id=\"1e42346\" data-element_type=\"section\">\n\t\t\t\t\t\t<div class=\"elementor-container elementor-column-gap-default\">\n\t\t\t\t\t<div class=\"elementor-column elementor-col-100 elementor-top-column elementor-element elementor-element-9e80b30\" data-id=\"9e80b30\" data-element_type=\"column\">\n\t\t\t<div class=\"elementor-widget-wrap elementor-element-populated\">\n\t\t\t\t\t\t<div class=\"elementor-element elementor-element-959c09d elementor-widget elementor-widget-heading\" data-id=\"959c09d\" data-element_type=\"widget\" data-widget_type=\"heading.default\">\n\t\t\t\t<div class=\"elementor-widget-container\">\n\t\t\t\t\t<h2 class=\"elementor-heading-title elementor-size-default\">ENCUENTRO CON REALIZADORAS<\/h2>\t\t\t\t<\/div>\n\t\t\t\t<\/div>\n\t\t\t\t\t<\/div>\n\t\t<\/div>\n\t\t\t\t\t<\/div>\n\t\t<\/section>\n\t\t\t\t<section class=\"elementor-section elementor-top-section elementor-element elementor-element-c53db50 elementor-reverse-mobile elementor-section-boxed elementor-section-height-default elementor-section-height-default\" data-id=\"c53db50\" data-element_type=\"section\">\n\t\t\t\t\t\t<div class=\"elementor-container elementor-column-gap-default\">\n\t\t\t\t\t<div class=\"elementor-column elementor-col-50 elementor-top-column elementor-element elementor-element-6e0c74a\" data-id=\"6e0c74a\" data-element_type=\"column\">\n\t\t\t<div class=\"elementor-widget-wrap elementor-element-populated\">\n\t\t\t\t\t\t<div class=\"elementor-element elementor-element-3847f14 elementor-widget elementor-widget-heading\" data-id=\"3847f14\" data-element_type=\"widget\" data-widget_type=\"heading.default\">\n\t\t\t\t<div class=\"elementor-widget-container\">\n\t\t\t\t\t<h2 class=\"elementor-heading-title elementor-size-medium\">29 octubre - 18:00<br>Palacio Condes de Gabia<\/h2>\t\t\t\t<\/div>\n\t\t\t\t<\/div>\n\t\t\t\t<div class=\"elementor-element elementor-element-8df8ec9 open-call__p elementor-widget elementor-widget-text-editor\" data-id=\"8df8ec9\" data-element_type=\"widget\" data-widget_type=\"text-editor.default\">\n\t\t\t\t<div class=\"elementor-widget-container\">\n\t\t\t\t\t\t\t\t\t<p style=\"text-align: left\">Promovido desde la <b>Delegaci\u00f3n de Cultura y Memoria Hist\u00f3rica y Democr\u00e1tica de la Diputaci\u00f3n de Granada<\/b>, a lo largo de los a\u00f1os han visitado el Encuentro con Realizadores grandes nombres del cine espa\u00f1ol como V\u00edctor Erice, Jos\u00e9 Luis Guerin, Mercedes \u00c1lvarez o Cecilia Bartolom\u00e9, as\u00ed como cineastas del prestigio internacional de Aki Kaurism\u00e4ki, Val\u00e9rie Massadian y Pedro Costa.<\/p><p><strong>Carla Sim\u00f3n<\/strong>, <strong>Ana Pfaff<\/strong> y <strong>Meritxell Colell<\/strong> se unen a esta lista con el objetivo de continuar el sentido con el que naci\u00f3 este espacio, favorecer un di\u00e1logo con el p\u00fablico que enriquezca y profundice en los procesos colaborativos detr\u00e1s de la producci\u00f3n cinematogr\u00e1fica.<\/p><p>Durante el mes de octubre un foco previo se centrar\u00e1 en la obra de <strong>Ana Pfaff<\/strong>, montadora de <em>Alcarr\u00e0s<\/em> y <em>D\u00fao<\/em>, los \u00faltimos largometrajes de Carla Sim\u00f3n y Meritxell Colell. Algo m\u00e1s que colaboradora habitual, Ana es una pieza imprescindible en el pensamiento, la elaboraci\u00f3n y el resultado final del cine de ambas. Procesos que compartir\u00e1n a lo largo de la conversaci\u00f3n.<\/p><p>El Encuentro con Realizadoras tendr\u00e1 lugar el s\u00e1bado 29 de octubre a las 18h el <strong>Palacio de los Condes de Gabia<\/strong>. La asistencia es gratuita mediante inscripci\u00f3n disponible a continuaci\u00f3n. Aforo limitado.<\/p>\t\t\t\t\t\t\t\t<\/div>\n\t\t\t\t<\/div>\n\t\t\t\t\t<\/div>\n\t\t<\/div>\n\t\t\t\t<div class=\"elementor-column elementor-col-50 elementor-top-column elementor-element elementor-element-a70d8fb\" data-id=\"a70d8fb\" data-element_type=\"column\">\n\t\t\t<div class=\"elementor-widget-wrap elementor-element-populated\">\n\t\t\t\t\t\t<div class=\"elementor-element elementor-element-0d8615a elementor-widget elementor-widget-image\" data-id=\"0d8615a\" data-element_type=\"widget\" data-widget_type=\"image.default\">\n\t\t\t\t<div class=\"elementor-widget-container\">\n\t\t\t\t\t\t\t\t\t\t\t\t\t\t\t<img fetchpriority=\"high\" decoding=\"async\" width=\"851\" height=\"1024\" src=\"https:\/\/www.filmfest-granada.com\/2022\/wp-content\/uploads\/sites\/11\/2022\/09\/22-09-24-ENCUENTRO-CON-REALIZADORAS-mo\u0301vil-851x1024.jpg\" class=\"attachment-large size-large wp-image-2000\" alt=\"\" srcset=\"https:\/\/www.filmfest-granada.com\/2022\/wp-content\/uploads\/sites\/11\/2022\/09\/22-09-24-ENCUENTRO-CON-REALIZADORAS-mo\u0301vil-851x1024.jpg 851w, https:\/\/www.filmfest-granada.com\/2022\/wp-content\/uploads\/sites\/11\/2022\/09\/22-09-24-ENCUENTRO-CON-REALIZADORAS-mo\u0301vil-249x300.jpg 249w, https:\/\/www.filmfest-granada.com\/2022\/wp-content\/uploads\/sites\/11\/2022\/09\/22-09-24-ENCUENTRO-CON-REALIZADORAS-mo\u0301vil-768x924.jpg 768w, https:\/\/www.filmfest-granada.com\/2022\/wp-content\/uploads\/sites\/11\/2022\/09\/22-09-24-ENCUENTRO-CON-REALIZADORAS-mo\u0301vil-1277x1536.jpg 1277w, https:\/\/www.filmfest-granada.com\/2022\/wp-content\/uploads\/sites\/11\/2022\/09\/22-09-24-ENCUENTRO-CON-REALIZADORAS-mo\u0301vil.jpg 1440w\" sizes=\"(max-width: 851px) 100vw, 851px\" \/>\t\t\t\t\t\t\t\t\t\t\t\t\t\t\t<\/div>\n\t\t\t\t<\/div>\n\t\t\t\t\t<\/div>\n\t\t<\/div>\n\t\t\t\t\t<\/div>\n\t\t<\/section>\n\t\t\t\t<section class=\"elementor-section elementor-top-section elementor-element elementor-element-a105ae1 elementor-section-boxed elementor-section-height-default elementor-section-height-default\" data-id=\"a105ae1\" data-element_type=\"section\">\n\t\t\t\t\t\t<div class=\"elementor-container elementor-column-gap-default\">\n\t\t\t\t\t<div class=\"elementor-column elementor-col-100 elementor-top-column elementor-element elementor-element-e7ef5d8\" data-id=\"e7ef5d8\" data-element_type=\"column\">\n\t\t\t<div class=\"elementor-widget-wrap elementor-element-populated\">\n\t\t\t\t\t\t<div class=\"elementor-element elementor-element-5afe17e elementor-widget elementor-widget-heading\" data-id=\"5afe17e\" data-element_type=\"widget\" data-widget_type=\"heading.default\">\n\t\t\t\t<div class=\"elementor-widget-container\">\n\t\t\t\t\t<h2 class=\"elementor-heading-title elementor-size-default\">FORMULARIO DE INSCRIPCI\u00d3N<\/h2>\t\t\t\t<\/div>\n\t\t\t\t<\/div>\n\t\t\t\t\t<\/div>\n\t\t<\/div>\n\t\t\t\t\t<\/div>\n\t\t<\/section>\n\t\t\t\t<section class=\"elementor-section elementor-top-section elementor-element elementor-element-8ed24ee elementor-section-boxed elementor-section-height-default elementor-section-height-default\" data-id=\"8ed24ee\" data-element_type=\"section\">\n\t\t\t\t\t\t<div class=\"elementor-container elementor-column-gap-default\">\n\t\t\t\t\t<div class=\"elementor-column elementor-col-100 elementor-top-column elementor-element elementor-element-e9613df\" data-id=\"e9613df\" data-element_type=\"column\">\n\t\t\t<div class=\"elementor-widget-wrap elementor-element-populated\">\n\t\t\t\t\t\t<div class=\"elementor-element elementor-element-4148fc4 elementor-widget elementor-widget-text-editor\" data-id=\"4148fc4\" data-element_type=\"widget\" data-widget_type=\"text-editor.default\">\n\t\t\t\t<div class=\"elementor-widget-container\">\n\t\t\t\t\t\t\t\t\t<p><b>Inscripciones cerradas, aforo completo. Pronto nos pondremos en contacto con vosotras.<\/b><\/p>\t\t\t\t\t\t\t\t<\/div>\n\t\t\t\t<\/div>\n\t\t\t\t\t<\/div>\n\t\t<\/div>\n\t\t\t\t\t<\/div>\n\t\t<\/section>\n\t\t\t\t<\/div>\n\t\t","protected":false},"excerpt":{"rendered":"<p>\/*! elementor &#8211; v3.6.5 &#8211; 27-04-2022 *\/ .elementor-heading-title{padding:0;margin:0;line-height:1}.elementor-widget-heading .elementor-heading-title[class*=elementor-size-]&gt;a{color:inherit;font-size:inherit;line-height:inherit}.elementor-widget-heading .elementor-heading-title.elementor-size-small{font-size:15px}.elementor-widget-heading .elementor-heading-title.elementor-size-medium{font-size:19px}.elementor-widget-heading .elementor-heading-title.elementor-size-large{font-size:29px}.elementor-widget-heading .elementor-heading-title.elementor-size-xl{font-size:39px}.elementor-widget-heading .elementor-heading-title.elementor-size-xxl{font-size:59px} ENCUENTRO CON REALIZADORAS 29 octubre &#8211; 18:00 Palacio Condes de Gabia Promovido desde la Delegaci\u00f3n de Cultura y Memoria Hist\u00f3rica y Democr\u00e1tica de la Diputaci\u00f3n de Granada, a lo largo de los a\u00f1os han visitado el Encuentro con Realizadores grandes nombres &#8230; <a title=\"Encuentro con realizadoras\" class=\"read-more\" href=\"https:\/\/www.filmfest-granada.com\/2022\/encuentro-con-realizadoras\/\" aria-label=\"Leer m\u00e1s sobre Encuentro con realizadoras\">Leer m\u00e1s<\/a><\/p>\n","protected":false},"author":1167,"featured_media":0,"parent":0,"menu_order":0,"comment_status":"closed","ping_status":"closed","template":"elementor_header_footer","meta":{"_monsterinsights_skip_tracking":false,"_monsterinsights_sitenote_active":false,"_monsterinsights_sitenote_note":"","_monsterinsights_sitenote_category":0,"footnotes":""},"class_list":["post-1989","page","type-page","status-publish"],"aioseo_notices":[],"_links":{"self":[{"href":"https:\/\/www.filmfest-granada.com\/2022\/wp-json\/wp\/v2\/pages\/1989","targetHints":{"allow":["GET"]}}],"collection":[{"href":"https:\/\/www.filmfest-granada.com\/2022\/wp-json\/wp\/v2\/pages"}],"about":[{"href":"https:\/\/www.filmfest-granada.com\/2022\/wp-json\/wp\/v2\/types\/page"}],"author":[{"embeddable":true,"href":"https:\/\/www.filmfest-granada.com\/2022\/wp-json\/wp\/v2\/users\/1167"}],"replies":[{"embeddable":true,"href":"https:\/\/www.filmfest-granada.com\/2022\/wp-json\/wp\/v2\/comments?post=1989"}],"version-history":[{"count":56,"href":"https:\/\/www.filmfest-granada.com\/2022\/wp-json\/wp\/v2\/pages\/1989\/revisions"}],"predecessor-version":[{"id":2899,"href":"https:\/\/www.filmfest-granada.com\/2022\/wp-json\/wp\/v2\/pages\/1989\/revisions\/2899"}],"wp:attachment":[{"href":"https:\/\/www.filmfest-granada.com\/2022\/wp-json\/wp\/v2\/media?parent=1989"}],"curies":[{"name":"wp","href":"https:\/\/api.w.org\/{rel}","templated":true}]}}

<div data-elementor-type="wp-page" data-elementor-id="1989" class="elementor elementor-1989" data-elementor-post-type="page">
						<section class="elementor-section elementor-top-section elementor-element elementor-element-1e42346 elementor-section-boxed elementor-section-height-default elementor-section-height-default" data-id="1e42346" data-element_type="section">
						<div class="elementor-container elementor-column-gap-default">
					<div class="elementor-column elementor-col-100 elementor-top-column elementor-element elementor-element-9e80b30" data-id="9e80b30" data-element_type="column">
			<div class="elementor-widget-wrap elementor-element-populated">
						<div class="elementor-element elementor-element-959c09d elementor-widget elementor-widget-heading" data-id="959c09d" data-element_type="widget" data-widget_type="heading.default">
				<div class="elementor-widget-container">
					<h2 class="elementor-heading-title elementor-size-default">ENCUENTRO CON REALIZADORAS</h2>				</div>
				</div>
					</div>
		</div>
					</div>
		</section>
				<section class="elementor-section elementor-top-section elementor-element elementor-element-c53db50 elementor-reverse-mobile elementor-section-boxed elementor-section-height-default elementor-section-height-default" data-id="c53db50" data-element_type="section">
						<div class="elementor-container elementor-column-gap-default">
					<div class="elementor-column elementor-col-50 elementor-top-column elementor-element elementor-element-6e0c74a" data-id="6e0c74a" data-element_type="column">
			<div class="elementor-widget-wrap elementor-element-populated">
						<div class="elementor-element elementor-element-3847f14 elementor-widget elementor-widget-heading" data-id="3847f14" data-element_type="widget" data-widget_type="heading.default">
				<div class="elementor-widget-container">
					<h2 class="elementor-heading-title elementor-size-medium">29 octubre - 18:00<br>Palacio Condes de Gabia</h2>				</div>
				</div>
				<div class="elementor-element elementor-element-8df8ec9 open-call__p elementor-widget elementor-widget-text-editor" data-id="8df8ec9" data-element_type="widget" data-widget_type="text-editor.default">
				<div class="elementor-widget-container">
									<p style="text-align: left">Promovido desde la <b>Delegación de Cultura y Memoria Histórica y Democrática de la Diputación de Granada</b>, a lo largo de los años han visitado el Encuentro con Realizadores grandes nombres del cine español como Víctor Erice, José Luis Guerin, Mercedes Álvarez o Cecilia Bartolomé, así como cineastas del prestigio internacional de Aki Kaurismäki, Valérie Massadian y Pedro Costa.</p><p><strong>Carla Simón</strong>, <strong>Ana Pfaff</strong> y <strong>Meritxell Colell</strong> se unen a esta lista con el objetivo de continuar el sentido con el que nació este espacio, favorecer un diálogo con el público que enriquezca y profundice en los procesos colaborativos detrás de la producción cinematográfica.</p><p>Durante el mes de octubre un foco previo se centrará en la obra de <strong>Ana Pfaff</strong>, montadora de <em>Alcarràs</em> y <em>Dúo</em>, los últimos largometrajes de Carla Simón y Meritxell Colell. Algo más que colaboradora habitual, Ana es una pieza imprescindible en el pensamiento, la elaboración y el resultado final del cine de ambas. Procesos que compartirán a lo largo de la conversación.</p><p>El Encuentro con Realizadoras tendrá lugar el sábado 29 de octubre a las 18h el <strong>Palacio de los Condes de Gabia</strong>. La asistencia es gratuita mediante inscripción disponible a continuación. Aforo limitado.</p>								</div>
				</div>
					</div>
		</div>
				<div class="elementor-column elementor-col-50 elementor-top-column elementor-element elementor-element-a70d8fb" data-id="a70d8fb" data-element_type="column">
			<div class="elementor-widget-wrap elementor-element-populated">
						<div class="elementor-element elementor-element-0d8615a elementor-widget elementor-widget-image" data-id="0d8615a" data-element_type="widget" data-widget_type="image.default">
				<div class="elementor-widget-container">
															<img fetchpriority="high" decoding="async" width="851" height="1024" src="https://www.filmfest-granada.com/2022/wp-content/uploads/sites/11/2022/09/22-09-24-ENCUENTRO-CON-REALIZADORAS-móvil-851x1024.jpg" class="attachment-large size-large wp-image-2000" alt="" srcset="https://www.filmfest-granada.com/2022/wp-content/uploads/sites/11/2022/09/22-09-24-ENCUENTRO-CON-REALIZADORAS-móvil-851x1024.jpg 851w, https://www.filmfest-granada.com/2022/wp-content/uploads/sites/11/2022/09/22-09-24-ENCUENTRO-CON-REALIZADORAS-móvil-249x300.jpg 249w, https://www.filmfest-granada.com/2022/wp-content/uploads/sites/11/2022/09/22-09-24-ENCUENTRO-CON-REALIZADORAS-móvil-768x924.jpg 768w, https://www.filmfest-granada.com/2022/wp-content/uploads/sites/11/2022/09/22-09-24-ENCUENTRO-CON-REALIZADORAS-móvil-1277x1536.jpg 1277w, https://www.filmfest-granada.com/2022/wp-content/uploads/sites/11/2022/09/22-09-24-ENCUENTRO-CON-REALIZADORAS-móvil.jpg 1440w" sizes="(max-width: 851px) 100vw, 851px" />															</div>
				</div>
					</div>
		</div>
					</div>
		</section>
				<section class="elementor-section elementor-top-section elementor-element elementor-element-a105ae1 elementor-section-boxed elementor-section-height-default elementor-section-height-default" data-id="a105ae1" data-element_type="section">
						<div class="elementor-container elementor-column-gap-default">
					<div class="elementor-column elementor-col-100 elementor-top-column elementor-element elementor-element-e7ef5d8" data-id="e7ef5d8" data-element_type="column">
			<div class="elementor-widget-wrap elementor-element-populated">
						<div class="elementor-element elementor-element-5afe17e elementor-widget elementor-widget-heading" data-id="5afe17e" data-element_type="widget" data-widget_type="heading.default">
				<div class="elementor-widget-container">
					<h2 class="elementor-heading-title elementor-size-default">FORMULARIO DE INSCRIPCIÓN</h2>				</div>
				</div>
					</div>
		</div>
					</div>
		</section>
				<section class="elementor-section elementor-top-section elementor-element elementor-element-8ed24ee elementor-section-boxed elementor-section-height-default elementor-section-height-default" data-id="8ed24ee" data-element_type="section">
						<div class="elementor-container elementor-column-gap-default">
					<div class="elementor-column elementor-col-100 elementor-top-column elementor-element elementor-element-e9613df" data-id="e9613df" data-element_type="column">
			<div class="elementor-widget-wrap elementor-element-populated">
						<div class="elementor-element elementor-element-4148fc4 elementor-widget elementor-widget-text-editor" data-id="4148fc4" data-element_type="widget" data-widget_type="text-editor.default">
				<div class="elementor-widget-container">
									<p><b>Inscripciones cerradas, aforo completo. Pronto nos pondremos en contacto con vosotras.</b></p>								</div>
				</div>
					</div>
		</div>
					</div>
		</section>
				</div>

<p>/*! elementor &#8211; v3.6.5 &#8211; 27-04-2022 */ .elementor-heading-title{padding:0;margin:0;line-height:1}.elementor-widget-heading .elementor-heading-title[class*=elementor-size-]&gt;a{color:inherit;font-size:inherit;line-height:inherit}.elementor-widget-heading .elementor-heading-title.elementor-size-small{font-size:15px}.elementor-widget-heading .elementor-heading-title.elementor-size-medium{font-size:19px}.elementor-widget-heading .elementor-heading-title.elementor-size-large{font-size:29px}.elementor-widget-heading .elementor-heading-title.elementor-size-xl{font-size:39px}.elementor-widget-heading .elementor-heading-title.elementor-size-xxl{font-size:59px} ENCUENTRO CON REALIZADORAS 29 octubre &#8211; 18:00 Palacio Condes de Gabia Promovido desde la Delegación de Cultura y Memoria Histórica y Democrática de la Diputación de Granada, a lo largo de los años han visitado el Encuentro con Realizadores grandes nombres &#8230; <a title="Encuentro con realizadoras" class="read-more" href="https://www.filmfest-granada.com/2022/encuentro-con-realizadoras/" aria-label="Leer más sobre Encuentro con realizadoras">Leer más</a></p>
