{"id":2843,"date":"2022-10-20T17:49:48","date_gmt":"2022-10-20T15:49:48","guid":{"rendered":"https:\/\/www.filmfest-granada.com\/2023\/?page_id=2843"},"modified":"2023-10-19T19:58:57","modified_gmt":"2023-10-19T17:58:57","slug":"domingo-22-2023","status":"publish","type":"page","link":"https:\/\/www.filmfest-granada.com\/2023\/domingo-22-2023\/","title":{"rendered":"Domingo 22"},"content":{"rendered":"\t\t<div data-elementor-type=\"wp-page\" data-elementor-id=\"2843\" class=\"elementor elementor-2843\" data-elementor-post-type=\"page\">\n\t\t\t\t\t\t<section class=\"elementor-section elementor-top-section elementor-element elementor-element-fbdbd55 elementor-section-boxed elementor-section-height-default elementor-section-height-default\" data-id=\"fbdbd55\" data-element_type=\"section\">\n\t\t\t\t\t\t<div class=\"elementor-container elementor-column-gap-default\">\n\t\t\t\t\t<div class=\"elementor-column elementor-col-100 elementor-top-column elementor-element elementor-element-1ecf2ac\" data-id=\"1ecf2ac\" data-element_type=\"column\">\n\t\t\t<div class=\"elementor-widget-wrap elementor-element-populated\">\n\t\t\t\t\t\t<div class=\"elementor-element elementor-element-f5d53f9 elementor-widget elementor-widget-heading\" data-id=\"f5d53f9\" data-element_type=\"widget\" data-widget_type=\"heading.default\">\n\t\t\t\t<div class=\"elementor-widget-container\">\n\t\t\t\t\t<h1 class=\"elementor-heading-title elementor-size-xl\">DOMINGO 22 DE OCTUBRE<\/h1>\t\t\t\t<\/div>\n\t\t\t\t<\/div>\n\t\t\t\t\t<\/div>\n\t\t<\/div>\n\t\t\t\t\t<\/div>\n\t\t<\/section>\n\t\t\t\t<section class=\"elementor-section elementor-top-section elementor-element elementor-element-9e0f5dd elementor-section-boxed elementor-section-height-default elementor-section-height-default\" data-id=\"9e0f5dd\" data-element_type=\"section\">\n\t\t\t\t\t\t<div class=\"elementor-container elementor-column-gap-default\">\n\t\t\t\t\t<div class=\"elementor-column elementor-col-100 elementor-top-column elementor-element elementor-element-0380ab4\" data-id=\"0380ab4\" data-element_type=\"column\">\n\t\t\t<div class=\"elementor-widget-wrap elementor-element-populated\">\n\t\t\t\t\t\t<div class=\"elementor-element elementor-element-62aabbf elementor-widget elementor-widget-heading\" data-id=\"62aabbf\" data-element_type=\"widget\" data-widget_type=\"heading.default\">\n\t\t\t\t<div class=\"elementor-widget-container\">\n\t\t\t\t\t<h2 class=\"elementor-heading-title elementor-size-default\">INAUGURACI\u00d3N<\/h2>\t\t\t\t<\/div>\n\t\t\t\t<\/div>\n\t\t\t\t\t<\/div>\n\t\t<\/div>\n\t\t\t\t\t<\/div>\n\t\t<\/section>\n\t\t\t\t<section class=\"elementor-section elementor-top-section elementor-element elementor-element-4d6cd9b elementor-section-boxed elementor-section-height-default elementor-section-height-default\" data-id=\"4d6cd9b\" data-element_type=\"section\">\n\t\t\t\t\t\t<div class=\"elementor-container elementor-column-gap-default\">\n\t\t\t\t\t<div class=\"elementor-column elementor-col-100 elementor-top-column elementor-element elementor-element-8ade303\" data-id=\"8ade303\" data-element_type=\"column\">\n\t\t\t<div class=\"elementor-widget-wrap elementor-element-populated\">\n\t\t\t\t\t\t<div class=\"elementor-element elementor-element-1525734 elementor-widget elementor-widget-heading\" data-id=\"1525734\" data-element_type=\"widget\" data-widget_type=\"heading.default\">\n\t\t\t\t<div class=\"elementor-widget-container\">\n\t\t\t\t\t<h3 class=\"elementor-heading-title elementor-size-large\">DOMINGO 22 - 20H<\/h3>\t\t\t\t<\/div>\n\t\t\t\t<\/div>\n\t\t\t\t<div class=\"elementor-element elementor-element-80abc9e elementor-widget elementor-widget-heading\" data-id=\"80abc9e\" data-element_type=\"widget\" data-widget_type=\"heading.default\">\n\t\t\t\t<div class=\"elementor-widget-container\">\n\t\t\t\t\t<h3 class=\"elementor-heading-title elementor-size-large\">TEATRO ISABEL LA CAT\u00d3LICA<\/h3>\t\t\t\t<\/div>\n\t\t\t\t<\/div>\n\t\t\t\t\t<\/div>\n\t\t<\/div>\n\t\t\t\t\t<\/div>\n\t\t<\/section>\n\t\t\t\t<section class=\"elementor-section elementor-top-section elementor-element elementor-element-c81a78c elementor-section-boxed elementor-section-height-default elementor-section-height-default\" data-id=\"c81a78c\" data-element_type=\"section\">\n\t\t\t\t\t\t<div class=\"elementor-container elementor-column-gap-default\">\n\t\t\t\t\t<div class=\"elementor-column elementor-col-50 elementor-top-column elementor-element elementor-element-15c1ebe\" data-id=\"15c1ebe\" data-element_type=\"column\">\n\t\t\t<div class=\"elementor-widget-wrap elementor-element-populated\">\n\t\t\t\t\t\t<div class=\"elementor-element elementor-element-fc60364 mini-slider elementor--h-position-center elementor--v-position-middle elementor-widget elementor-widget-slides\" data-id=\"fc60364\" data-element_type=\"widget\" data-settings=\"{&quot;navigation&quot;:&quot;none&quot;,&quot;autoplay&quot;:&quot;yes&quot;,&quot;autoplay_speed&quot;:5000,&quot;infinite&quot;:&quot;yes&quot;,&quot;transition&quot;:&quot;slide&quot;,&quot;transition_speed&quot;:500}\" data-widget_type=\"slides.default\">\n\t\t\t\t<div class=\"elementor-widget-container\">\n\t\t\t\t\t\t\t\t\t<div class=\"elementor-swiper\">\n\t\t\t\t\t<div class=\"elementor-slides-wrapper elementor-main-swiper swiper\" role=\"region\" aria-roledescription=\"carousel\" aria-label=\"Diapositivas\" dir=\"ltr\" data-animation=\"fadeInUp\">\n\t\t\t\t<div class=\"swiper-wrapper elementor-slides\">\n\t\t\t\t\t\t\t\t\t\t<div class=\"elementor-repeater-item-3d86ba0 swiper-slide\" role=\"group\" aria-roledescription=\"slide\"><div class=\"swiper-slide-bg\" role=\"img\" aria-label=\"FESTIVAL EN LAS ENTRA\u00d1AS\"><\/div><div class=\"swiper-slide-inner\" ><div class=\"swiper-slide-contents\"><\/div><\/div><\/div><div class=\"elementor-repeater-item-f79c3af swiper-slide\" role=\"group\" aria-roledescription=\"slide\"><div class=\"swiper-slide-bg\" role=\"img\" aria-label=\"ARISTOCRACIA T\u00c9CNICA\"><\/div><div class=\"swiper-slide-inner\" ><div class=\"swiper-slide-contents\"><\/div><\/div><\/div>\t\t\t\t<\/div>\n\t\t\t\t\t\t\t\t\t\t\t\t\t\t\t\t\t\t\t\t\t<\/div>\n\t\t\t\t<\/div>\n\t\t\t\t\t\t\t\t<\/div>\n\t\t\t\t<\/div>\n\t\t\t\t\t<\/div>\n\t\t<\/div>\n\t\t\t\t<div class=\"elementor-column elementor-col-50 elementor-top-column elementor-element elementor-element-d6f1fe7\" data-id=\"d6f1fe7\" data-element_type=\"column\">\n\t\t\t<div class=\"elementor-widget-wrap elementor-element-populated\">\n\t\t\t\t\t\t<div class=\"elementor-element elementor-element-20daee1 elementor-widget elementor-widget-heading\" data-id=\"20daee1\" data-element_type=\"widget\" data-widget_type=\"heading.default\">\n\t\t\t\t<div class=\"elementor-widget-container\">\n\t\t\t\t\t<div class=\"elementor-heading-title elementor-size-default\">PROYECCI\u00d3N de<\/div>\t\t\t\t<\/div>\n\t\t\t\t<\/div>\n\t\t\t\t<div class=\"elementor-element elementor-element-6dc18f3 elementor-widget elementor-widget-heading\" data-id=\"6dc18f3\" data-element_type=\"widget\" data-widget_type=\"heading.default\">\n\t\t\t\t<div class=\"elementor-widget-container\">\n\t\t\t\t\t<h2 class=\"elementor-heading-title elementor-size-medium\">FESTIVAL EN LAS ENTRA\u00d1AS<\/h2>\t\t\t\t<\/div>\n\t\t\t\t<\/div>\n\t\t\t\t<div class=\"elementor-element elementor-element-5c950c2 elementor-widget elementor-widget-heading\" data-id=\"5c950c2\" data-element_type=\"widget\" data-widget_type=\"heading.default\">\n\t\t\t\t<div class=\"elementor-widget-container\">\n\t\t\t\t\t<div class=\"elementor-heading-title elementor-size-default\">JOS\u00c9 VAL DEL OMAR | ESPA\u00d1A | 1963 | 25\u2019<\/div>\t\t\t\t<\/div>\n\t\t\t\t<\/div>\n\t\t\t\t<div class=\"elementor-element elementor-element-f8faff9 elementor-widget elementor-widget-heading\" data-id=\"f8faff9\" data-element_type=\"widget\" data-widget_type=\"heading.default\">\n\t\t\t\t<div class=\"elementor-widget-container\">\n\t\t\t\t\t<div class=\"elementor-heading-title elementor-size-default\">en concierto<\/div>\t\t\t\t<\/div>\n\t\t\t\t<\/div>\n\t\t\t\t<div class=\"elementor-element elementor-element-62723f8 elementor-widget elementor-widget-heading\" data-id=\"62723f8\" data-element_type=\"widget\" data-widget_type=\"heading.default\">\n\t\t\t\t<div class=\"elementor-widget-container\">\n\t\t\t\t\t<h2 class=\"elementor-heading-title elementor-size-medium\">ARISTOCRACIA T\u00c9CNICA<\/h2>\t\t\t\t<\/div>\n\t\t\t\t<\/div>\n\t\t\t\t<div class=\"elementor-element elementor-element-b39aa05 elementor-widget elementor-widget-heading\" data-id=\"b39aa05\" data-element_type=\"widget\" data-widget_type=\"heading.default\">\n\t\t\t\t<div class=\"elementor-widget-container\">\n\t\t\t\t\t<p class=\"elementor-heading-title elementor-size-default\">In\u00e9dita durante 60 a\u00f1os hasta su reciente redescubrimiento, Festival en las entra\u00f1as fue un encargo para la Exposici\u00f3n Universal de Nueva York de 1964 que oscila entre lo l\u00edrico y antropol\u00f3gico. La Filmoteca Espa\u00f1ola se encarg\u00f3 del delicado proceso de devolver a la vida esta copia restaurada que se present\u00f3 en el pasado Festival de San Sebasti\u00e1n. Por fin descubriremos una parte de la obra del cinemista granadino que permanec\u00eda oculta.<\/p>\t\t\t\t<\/div>\n\t\t\t\t<\/div>\n\t\t\t\t<div class=\"elementor-element elementor-element-15c4518 elementor-widget elementor-widget-heading\" data-id=\"15c4518\" data-element_type=\"widget\" data-widget_type=\"heading.default\">\n\t\t\t\t<div class=\"elementor-widget-container\">\n\t\t\t\t\t<p class=\"elementor-heading-title elementor-size-default\">El concierto de inauguraci\u00f3n de Aristocracia t\u00e9cnica, nombre mecam\u00edstico bajo el que se esconden Banin (Los Planetas, Los Pilotos) y Migueline (Unidad y Armon\u00eda).<\/p>\t\t\t\t<\/div>\n\t\t\t\t<\/div>\n\t\t\t\t\t<\/div>\n\t\t<\/div>\n\t\t\t\t\t<\/div>\n\t\t<\/section>\n\t\t\t\t<section class=\"elementor-section elementor-top-section elementor-element elementor-element-1e853a1 elementor-section-boxed elementor-section-height-default elementor-section-height-default\" data-id=\"1e853a1\" data-element_type=\"section\">\n\t\t\t\t\t\t<div class=\"elementor-container elementor-column-gap-default\">\n\t\t\t\t\t<div class=\"elementor-column elementor-col-100 elementor-top-column elementor-element elementor-element-2f55d66\" data-id=\"2f55d66\" data-element_type=\"column\">\n\t\t\t<div class=\"elementor-widget-wrap elementor-element-populated\">\n\t\t\t\t\t\t<div class=\"elementor-element elementor-element-e9a769b elementor-align-right elementor-widget elementor-widget-button\" data-id=\"e9a769b\" data-element_type=\"widget\" data-widget_type=\"button.default\">\n\t\t\t\t<div class=\"elementor-widget-container\">\n\t\t\t\t\t\t\t\t\t<div class=\"elementor-button-wrapper\">\n\t\t\t\t\t<a class=\"elementor-button elementor-button-link elementor-size-sm\" href=\"https:\/\/www.redentradas.com\/?entradas=inauguracion-val-del-omar&#038;provincia=granada&#038;cpro=18&#038;eid=2613\" target=\"_blank\">\n\t\t\t\t\t\t<span class=\"elementor-button-content-wrapper\">\n\t\t\t\t\t\t\t\t\t<span class=\"elementor-button-text\">ENTRADAS<\/span>\n\t\t\t\t\t<\/span>\n\t\t\t\t\t<\/a>\n\t\t\t\t<\/div>\n\t\t\t\t\t\t\t\t<\/div>\n\t\t\t\t<\/div>\n\t\t\t\t\t<\/div>\n\t\t<\/div>\n\t\t\t\t\t<\/div>\n\t\t<\/section>\n\t\t\t\t<\/div>\n\t\t","protected":false},"excerpt":{"rendered":"<p>DOMINGO 22 DE OCTUBRE INAUGURACI\u00d3N DOMINGO 22 &#8211; 20H TEATRO ISABEL LA CAT\u00d3LICA PROYECCI\u00d3N de FESTIVAL EN LAS ENTRA\u00d1AS JOS\u00c9 VAL DEL OMAR | ESPA\u00d1A | 1963 | 25\u2019 en concierto ARISTOCRACIA T\u00c9CNICA In\u00e9dita durante 60 a\u00f1os hasta su reciente redescubrimiento, Festival en las entra\u00f1as fue un encargo para la Exposici\u00f3n Universal de Nueva York &#8230; <a title=\"Domingo 22\" class=\"read-more\" href=\"https:\/\/www.filmfest-granada.com\/2023\/domingo-22-2023\/\" aria-label=\"Leer m\u00e1s sobre Domingo 22\">Leer m\u00e1s<\/a><\/p>\n","protected":false},"author":1167,"featured_media":0,"parent":0,"menu_order":0,"comment_status":"closed","ping_status":"closed","template":"elementor_header_footer","meta":{"_monsterinsights_skip_tracking":false,"_monsterinsights_sitenote_active":false,"_monsterinsights_sitenote_note":"","_monsterinsights_sitenote_category":0,"footnotes":""},"class_list":["post-2843","page","type-page","status-publish"],"aioseo_notices":[],"_links":{"self":[{"href":"https:\/\/www.filmfest-granada.com\/2023\/wp-json\/wp\/v2\/pages\/2843","targetHints":{"allow":["GET"]}}],"collection":[{"href":"https:\/\/www.filmfest-granada.com\/2023\/wp-json\/wp\/v2\/pages"}],"about":[{"href":"https:\/\/www.filmfest-granada.com\/2023\/wp-json\/wp\/v2\/types\/page"}],"author":[{"embeddable":true,"href":"https:\/\/www.filmfest-granada.com\/2023\/wp-json\/wp\/v2\/users\/1167"}],"replies":[{"embeddable":true,"href":"https:\/\/www.filmfest-granada.com\/2023\/wp-json\/wp\/v2\/comments?post=2843"}],"version-history":[{"count":33,"href":"https:\/\/www.filmfest-granada.com\/2023\/wp-json\/wp\/v2\/pages\/2843\/revisions"}],"predecessor-version":[{"id":4474,"href":"https:\/\/www.filmfest-granada.com\/2023\/wp-json\/wp\/v2\/pages\/2843\/revisions\/4474"}],"wp:attachment":[{"href":"https:\/\/www.filmfest-granada.com\/2023\/wp-json\/wp\/v2\/media?parent=2843"}],"curies":[{"name":"wp","href":"https:\/\/api.w.org\/{rel}","templated":true}]}}

<div data-elementor-type="wp-page" data-elementor-id="2843" class="elementor elementor-2843" data-elementor-post-type="page">
						<section class="elementor-section elementor-top-section elementor-element elementor-element-fbdbd55 elementor-section-boxed elementor-section-height-default elementor-section-height-default" data-id="fbdbd55" data-element_type="section">
						<div class="elementor-container elementor-column-gap-default">
					<div class="elementor-column elementor-col-100 elementor-top-column elementor-element elementor-element-1ecf2ac" data-id="1ecf2ac" data-element_type="column">
			<div class="elementor-widget-wrap elementor-element-populated">
						<div class="elementor-element elementor-element-f5d53f9 elementor-widget elementor-widget-heading" data-id="f5d53f9" data-element_type="widget" data-widget_type="heading.default">
				<div class="elementor-widget-container">
					<h1 class="elementor-heading-title elementor-size-xl">DOMINGO 22 DE OCTUBRE</h1>				</div>
				</div>
					</div>
		</div>
					</div>
		</section>
				<section class="elementor-section elementor-top-section elementor-element elementor-element-9e0f5dd elementor-section-boxed elementor-section-height-default elementor-section-height-default" data-id="9e0f5dd" data-element_type="section">
						<div class="elementor-container elementor-column-gap-default">
					<div class="elementor-column elementor-col-100 elementor-top-column elementor-element elementor-element-0380ab4" data-id="0380ab4" data-element_type="column">
			<div class="elementor-widget-wrap elementor-element-populated">
						<div class="elementor-element elementor-element-62aabbf elementor-widget elementor-widget-heading" data-id="62aabbf" data-element_type="widget" data-widget_type="heading.default">
				<div class="elementor-widget-container">
					<h2 class="elementor-heading-title elementor-size-default">INAUGURACIÓN</h2>				</div>
				</div>
					</div>
		</div>
					</div>
		</section>
				<section class="elementor-section elementor-top-section elementor-element elementor-element-4d6cd9b elementor-section-boxed elementor-section-height-default elementor-section-height-default" data-id="4d6cd9b" data-element_type="section">
						<div class="elementor-container elementor-column-gap-default">
					<div class="elementor-column elementor-col-100 elementor-top-column elementor-element elementor-element-8ade303" data-id="8ade303" data-element_type="column">
			<div class="elementor-widget-wrap elementor-element-populated">
						<div class="elementor-element elementor-element-1525734 elementor-widget elementor-widget-heading" data-id="1525734" data-element_type="widget" data-widget_type="heading.default">
				<div class="elementor-widget-container">
					<h3 class="elementor-heading-title elementor-size-large">DOMINGO 22 - 20H</h3>				</div>
				</div>
				<div class="elementor-element elementor-element-80abc9e elementor-widget elementor-widget-heading" data-id="80abc9e" data-element_type="widget" data-widget_type="heading.default">
				<div class="elementor-widget-container">
					<h3 class="elementor-heading-title elementor-size-large">TEATRO ISABEL LA CATÓLICA</h3>				</div>
				</div>
					</div>
		</div>
					</div>
		</section>
				<section class="elementor-section elementor-top-section elementor-element elementor-element-c81a78c elementor-section-boxed elementor-section-height-default elementor-section-height-default" data-id="c81a78c" data-element_type="section">
						<div class="elementor-container elementor-column-gap-default">
					<div class="elementor-column elementor-col-50 elementor-top-column elementor-element elementor-element-15c1ebe" data-id="15c1ebe" data-element_type="column">
			<div class="elementor-widget-wrap elementor-element-populated">
						<div class="elementor-element elementor-element-fc60364 mini-slider elementor--h-position-center elementor--v-position-middle elementor-widget elementor-widget-slides" data-id="fc60364" data-element_type="widget" data-settings="{&quot;navigation&quot;:&quot;none&quot;,&quot;autoplay&quot;:&quot;yes&quot;,&quot;autoplay_speed&quot;:5000,&quot;infinite&quot;:&quot;yes&quot;,&quot;transition&quot;:&quot;slide&quot;,&quot;transition_speed&quot;:500}" data-widget_type="slides.default">
				<div class="elementor-widget-container">
									<div class="elementor-swiper">
					<div class="elementor-slides-wrapper elementor-main-swiper swiper" role="region" aria-roledescription="carousel" aria-label="Diapositivas" dir="ltr" data-animation="fadeInUp">
				<div class="swiper-wrapper elementor-slides">
										<div class="elementor-repeater-item-3d86ba0 swiper-slide" role="group" aria-roledescription="slide"><div class="swiper-slide-bg" role="img" aria-label="FESTIVAL EN LAS ENTRAÑAS"></div><div class="swiper-slide-inner" ><div class="swiper-slide-contents"></div></div></div><div class="elementor-repeater-item-f79c3af swiper-slide" role="group" aria-roledescription="slide"><div class="swiper-slide-bg" role="img" aria-label="ARISTOCRACIA TÉCNICA"></div><div class="swiper-slide-inner" ><div class="swiper-slide-contents"></div></div></div>				</div>
																					</div>
				</div>
								</div>
				</div>
					</div>
		</div>
				<div class="elementor-column elementor-col-50 elementor-top-column elementor-element elementor-element-d6f1fe7" data-id="d6f1fe7" data-element_type="column">
			<div class="elementor-widget-wrap elementor-element-populated">
						<div class="elementor-element elementor-element-20daee1 elementor-widget elementor-widget-heading" data-id="20daee1" data-element_type="widget" data-widget_type="heading.default">
				<div class="elementor-widget-container">
					<div class="elementor-heading-title elementor-size-default">PROYECCIÓN de</div>				</div>
				</div>
				<div class="elementor-element elementor-element-6dc18f3 elementor-widget elementor-widget-heading" data-id="6dc18f3" data-element_type="widget" data-widget_type="heading.default">
				<div class="elementor-widget-container">
					<h2 class="elementor-heading-title elementor-size-medium">FESTIVAL EN LAS ENTRAÑAS</h2>				</div>
				</div>
				<div class="elementor-element elementor-element-5c950c2 elementor-widget elementor-widget-heading" data-id="5c950c2" data-element_type="widget" data-widget_type="heading.default">
				<div class="elementor-widget-container">
					<div class="elementor-heading-title elementor-size-default">JOSÉ VAL DEL OMAR | ESPAÑA | 1963 | 25’</div>				</div>
				</div>
				<div class="elementor-element elementor-element-f8faff9 elementor-widget elementor-widget-heading" data-id="f8faff9" data-element_type="widget" data-widget_type="heading.default">
				<div class="elementor-widget-container">
					<div class="elementor-heading-title elementor-size-default">en concierto</div>				</div>
				</div>
				<div class="elementor-element elementor-element-62723f8 elementor-widget elementor-widget-heading" data-id="62723f8" data-element_type="widget" data-widget_type="heading.default">
				<div class="elementor-widget-container">
					<h2 class="elementor-heading-title elementor-size-medium">ARISTOCRACIA TÉCNICA</h2>				</div>
				</div>
				<div class="elementor-element elementor-element-b39aa05 elementor-widget elementor-widget-heading" data-id="b39aa05" data-element_type="widget" data-widget_type="heading.default">
				<div class="elementor-widget-container">
					<p class="elementor-heading-title elementor-size-default">Inédita durante 60 años hasta su reciente redescubrimiento, Festival en las entrañas fue un encargo para la Exposición Universal de Nueva York de 1964 que oscila entre lo lírico y antropológico. La Filmoteca Española se encargó del delicado proceso de devolver a la vida esta copia restaurada que se presentó en el pasado Festival de San Sebastián. Por fin descubriremos una parte de la obra del cinemista granadino que permanecía oculta.</p>				</div>
				</div>
				<div class="elementor-element elementor-element-15c4518 elementor-widget elementor-widget-heading" data-id="15c4518" data-element_type="widget" data-widget_type="heading.default">
				<div class="elementor-widget-container">
					<p class="elementor-heading-title elementor-size-default">El concierto de inauguración de Aristocracia técnica, nombre mecamístico bajo el que se esconden Banin (Los Planetas, Los Pilotos) y Migueline (Unidad y Armonía).</p>				</div>
				</div>
					</div>
		</div>
					</div>
		</section>
				<section class="elementor-section elementor-top-section elementor-element elementor-element-1e853a1 elementor-section-boxed elementor-section-height-default elementor-section-height-default" data-id="1e853a1" data-element_type="section">
						<div class="elementor-container elementor-column-gap-default">
					<div class="elementor-column elementor-col-100 elementor-top-column elementor-element elementor-element-2f55d66" data-id="2f55d66" data-element_type="column">
			<div class="elementor-widget-wrap elementor-element-populated">
						<div class="elementor-element elementor-element-e9a769b elementor-align-right elementor-widget elementor-widget-button" data-id="e9a769b" data-element_type="widget" data-widget_type="button.default">
				<div class="elementor-widget-container">
									<div class="elementor-button-wrapper">
					<a class="elementor-button elementor-button-link elementor-size-sm" href="https://www.redentradas.com/?entradas=inauguracion-val-del-omar&#038;provincia=granada&#038;cpro=18&#038;eid=2613" target="_blank">
						<span class="elementor-button-content-wrapper">
									<span class="elementor-button-text">ENTRADAS</span>
					</span>
					</a>
				</div>
								</div>
				</div>
					</div>
		</div>
					</div>
		</section>
				</div>

<p>DOMINGO 22 DE OCTUBRE INAUGURACIÓN DOMINGO 22 &#8211; 20H TEATRO ISABEL LA CATÓLICA PROYECCIÓN de FESTIVAL EN LAS ENTRAÑAS JOSÉ VAL DEL OMAR | ESPAÑA | 1963 | 25’ en concierto ARISTOCRACIA TÉCNICA Inédita durante 60 años hasta su reciente redescubrimiento, Festival en las entrañas fue un encargo para la Exposición Universal de Nueva York &#8230; <a title="Domingo 22" class="read-more" href="https://www.filmfest-granada.com/2023/domingo-22-2023/" aria-label="Leer más sobre Domingo 22">Leer más</a></p>
