{"id":3934,"date":"2023-10-10T08:30:08","date_gmt":"2023-10-10T06:30:08","guid":{"rendered":"https:\/\/www.filmfest-granada.com\/2023\/?page_id=3934"},"modified":"2023-10-12T19:19:31","modified_gmt":"2023-10-12T17:19:31","slug":"festival-de-malaga-presenta","status":"publish","type":"page","link":"https:\/\/www.filmfest-granada.com\/2023\/festival-de-malaga-presenta\/","title":{"rendered":"Festival de M\u00e1laga presenta&#8230;"},"content":{"rendered":"\t\t<div data-elementor-type=\"wp-page\" data-elementor-id=\"3934\" class=\"elementor elementor-3934\" data-elementor-post-type=\"page\">\n\t\t\t\t\t\t<section class=\"elementor-section elementor-top-section elementor-element elementor-element-711cb11 elementor-section-boxed elementor-section-height-default elementor-section-height-default\" data-id=\"711cb11\" data-element_type=\"section\">\n\t\t\t\t\t\t<div class=\"elementor-container elementor-column-gap-default\">\n\t\t\t\t\t<div class=\"elementor-column elementor-col-100 elementor-top-column elementor-element elementor-element-ba68a56\" data-id=\"ba68a56\" data-element_type=\"column\">\n\t\t\t<div class=\"elementor-widget-wrap elementor-element-populated\">\n\t\t\t\t\t\t<div class=\"elementor-element elementor-element-68f4554 elementor-widget elementor-widget-heading\" data-id=\"68f4554\" data-element_type=\"widget\" data-widget_type=\"heading.default\">\n\t\t\t\t<div class=\"elementor-widget-container\">\n\t\t\t\t\t<h1 class=\"elementor-heading-title elementor-size-xl\">FESTIVAL DE M\u00c1LAGA PRESENTA...<\/h1>\t\t\t\t<\/div>\n\t\t\t\t<\/div>\n\t\t\t\t\t<\/div>\n\t\t<\/div>\n\t\t\t\t\t<\/div>\n\t\t<\/section>\n\t\t\t\t<section class=\"elementor-section elementor-top-section elementor-element elementor-element-db800ee elementor-section-boxed elementor-section-height-default elementor-section-height-default\" data-id=\"db800ee\" data-element_type=\"section\">\n\t\t\t\t\t\t<div class=\"elementor-container elementor-column-gap-default\">\n\t\t\t\t\t<div class=\"elementor-column elementor-col-100 elementor-top-column elementor-element elementor-element-d29d7ea\" data-id=\"d29d7ea\" data-element_type=\"column\">\n\t\t\t<div class=\"elementor-widget-wrap elementor-element-populated\">\n\t\t\t\t\t\t<div class=\"elementor-element elementor-element-2388965 elementor-widget elementor-widget-heading\" data-id=\"2388965\" data-element_type=\"widget\" data-widget_type=\"heading.default\">\n\t\t\t\t<div class=\"elementor-widget-container\">\n\t\t\t\t\t<div class=\"elementor-heading-title elementor-size-default\">Iniciamos una colaboraci\u00f3n con el <b>Festival de M\u00e1laga<\/b> con una muestra de su programaci\u00f3n que presentamos en exclusiva en Granada<\/div>\t\t\t\t<\/div>\n\t\t\t\t<\/div>\n\t\t\t\t\t<\/div>\n\t\t<\/div>\n\t\t\t\t\t<\/div>\n\t\t<\/section>\n\t\t\t\t<section class=\"elementor-section elementor-top-section elementor-element elementor-element-381388b elementor-section-boxed elementor-section-height-default elementor-section-height-default\" data-id=\"381388b\" data-element_type=\"section\">\n\t\t\t\t\t\t<div class=\"elementor-container elementor-column-gap-default\">\n\t\t\t\t\t<div class=\"elementor-column elementor-col-100 elementor-top-column elementor-element elementor-element-37d47d0\" data-id=\"37d47d0\" data-element_type=\"column\">\n\t\t\t<div class=\"elementor-widget-wrap elementor-element-populated\">\n\t\t\t\t\t\t<div class=\"elementor-element elementor-element-f0f4d9f elementor-widget elementor-widget-heading\" data-id=\"f0f4d9f\" data-element_type=\"widget\" data-widget_type=\"heading.default\">\n\t\t\t\t<div class=\"elementor-widget-container\">\n\t\t\t\t\t<h2 class=\"elementor-heading-title elementor-size-default\">UN D\u00cdA LOBO L\u00d3PEZ<\/h2>\t\t\t\t<\/div>\n\t\t\t\t<\/div>\n\t\t\t\t\t<\/div>\n\t\t<\/div>\n\t\t\t\t\t<\/div>\n\t\t<\/section>\n\t\t\t\t<section class=\"elementor-section elementor-top-section elementor-element elementor-element-4c9e3c2 elementor-section-boxed elementor-section-height-default elementor-section-height-default\" data-id=\"4c9e3c2\" data-element_type=\"section\">\n\t\t\t\t\t\t<div class=\"elementor-container elementor-column-gap-default\">\n\t\t\t\t\t<div class=\"elementor-column elementor-col-100 elementor-top-column elementor-element elementor-element-7e34b11\" data-id=\"7e34b11\" data-element_type=\"column\">\n\t\t\t<div class=\"elementor-widget-wrap elementor-element-populated\">\n\t\t\t\t\t\t<div class=\"elementor-element elementor-element-37fc120 elementor-widget elementor-widget-heading\" data-id=\"37fc120\" data-element_type=\"widget\" data-widget_type=\"heading.default\">\n\t\t\t\t<div class=\"elementor-widget-container\">\n\t\t\t\t\t<h3 class=\"elementor-heading-title elementor-size-large\">MARTES 24 - 20:00<\/h3>\t\t\t\t<\/div>\n\t\t\t\t<\/div>\n\t\t\t\t<div class=\"elementor-element elementor-element-4d93840 elementor-widget elementor-widget-heading\" data-id=\"4d93840\" data-element_type=\"widget\" data-widget_type=\"heading.default\">\n\t\t\t\t<div class=\"elementor-widget-container\">\n\t\t\t\t\t<h3 class=\"elementor-heading-title elementor-size-large\">PALACIO CONDES DE GABIA<\/h3>\t\t\t\t<\/div>\n\t\t\t\t<\/div>\n\t\t\t\t\t<\/div>\n\t\t<\/div>\n\t\t\t\t\t<\/div>\n\t\t<\/section>\n\t\t\t\t<section class=\"elementor-section elementor-top-section elementor-element elementor-element-5f67e9d elementor-section-boxed elementor-section-height-default elementor-section-height-default\" data-id=\"5f67e9d\" data-element_type=\"section\">\n\t\t\t\t\t\t<div class=\"elementor-container elementor-column-gap-default\">\n\t\t\t\t\t<div class=\"elementor-column elementor-col-50 elementor-top-column elementor-element elementor-element-7266f10\" data-id=\"7266f10\" data-element_type=\"column\">\n\t\t\t<div class=\"elementor-widget-wrap elementor-element-populated\">\n\t\t\t\t\t\t<div class=\"elementor-element elementor-element-af160d0 mini-slider elementor--h-position-center elementor--v-position-middle elementor-widget elementor-widget-slides\" data-id=\"af160d0\" data-element_type=\"widget\" data-settings=\"{&quot;navigation&quot;:&quot;none&quot;,&quot;autoplay&quot;:&quot;yes&quot;,&quot;autoplay_speed&quot;:5000,&quot;infinite&quot;:&quot;yes&quot;,&quot;transition&quot;:&quot;slide&quot;,&quot;transition_speed&quot;:500}\" data-widget_type=\"slides.default\">\n\t\t\t\t<div class=\"elementor-widget-container\">\n\t\t\t\t\t\t\t\t\t<div class=\"elementor-swiper\">\n\t\t\t\t\t<div class=\"elementor-slides-wrapper elementor-main-swiper swiper\" role=\"region\" aria-roledescription=\"carousel\" aria-label=\"Diapositivas\" dir=\"ltr\" data-animation=\"fadeInUp\">\n\t\t\t\t<div class=\"swiper-wrapper elementor-slides\">\n\t\t\t\t\t\t\t\t\t\t<div class=\"elementor-repeater-item-3d86ba0 swiper-slide\" role=\"group\" aria-roledescription=\"slide\"><div class=\"swiper-slide-bg\" role=\"img\" aria-label=\"UN D\u00cdA LOBO L\u00d3PEZ\"><\/div><div class=\"swiper-slide-inner\" ><div class=\"swiper-slide-contents\"><\/div><\/div><\/div>\t\t\t\t<\/div>\n\t\t\t\t\t\t\t<\/div>\n\t\t\t\t<\/div>\n\t\t\t\t\t\t\t\t<\/div>\n\t\t\t\t<\/div>\n\t\t\t\t\t<\/div>\n\t\t<\/div>\n\t\t\t\t<div class=\"elementor-column elementor-col-50 elementor-top-column elementor-element elementor-element-780e914\" data-id=\"780e914\" data-element_type=\"column\">\n\t\t\t<div class=\"elementor-widget-wrap elementor-element-populated\">\n\t\t\t\t\t\t<div class=\"elementor-element elementor-element-819eae7 elementor-widget elementor-widget-heading\" data-id=\"819eae7\" data-element_type=\"widget\" data-widget_type=\"heading.default\">\n\t\t\t\t<div class=\"elementor-widget-container\">\n\t\t\t\t\t<h3 class=\"elementor-heading-title elementor-size-medium\">UN D\u00cdA LOBO L\u00d3PEZ<\/h3>\t\t\t\t<\/div>\n\t\t\t\t<\/div>\n\t\t\t\t<div class=\"elementor-element elementor-element-b896fa5 elementor-widget elementor-widget-heading\" data-id=\"b896fa5\" data-element_type=\"widget\" data-widget_type=\"heading.default\">\n\t\t\t\t<div class=\"elementor-widget-container\">\n\t\t\t\t\t<div class=\"elementor-heading-title elementor-size-default\">ALEJANDRO G. SALGADO | Espa\u00f1a | 2022 | 87\u2019<\/div>\t\t\t\t<\/div>\n\t\t\t\t<\/div>\n\t\t\t\t<div class=\"elementor-element elementor-element-8e62556 elementor-widget elementor-widget-heading\" data-id=\"8e62556\" data-element_type=\"widget\" data-widget_type=\"heading.default\">\n\t\t\t\t<div class=\"elementor-widget-container\">\n\t\t\t\t\t<h3 class=\"elementor-heading-title elementor-size-medium\">SINOPSIS<\/h3>\t\t\t\t<\/div>\n\t\t\t\t<\/div>\n\t\t\t\t<div class=\"elementor-element elementor-element-ef9ef9b elementor-widget elementor-widget-heading\" data-id=\"ef9ef9b\" data-element_type=\"widget\" data-widget_type=\"heading.default\">\n\t\t\t\t<div class=\"elementor-widget-container\">\n\t\t\t\t\t<p class=\"elementor-heading-title elementor-size-default\">Cuando se cumplen 30 a\u00f1os de la publicaci\u00f3n de <i> \u00c9chate un cantecito<\/i>, el sexto disco de estudio de <b>Kiko Veneno<\/b>, producido por Joe Dworniak con la colaboraci\u00f3n de Santiago Auser\u00f3n, este celebrado documental se adentra en las circunstancias vitales y el contexto art\u00edstico e hist\u00f3rico que hicieron posible la creaci\u00f3n de un \u00e1lbum que marc\u00f3 camino en el pop espa\u00f1ol. Y que cambi\u00f3 la suerte de su autor.<\/p>\t\t\t\t<\/div>\n\t\t\t\t<\/div>\n\t\t\t\t\t<\/div>\n\t\t<\/div>\n\t\t\t\t\t<\/div>\n\t\t<\/section>\n\t\t\t\t<section class=\"elementor-section elementor-top-section elementor-element elementor-element-191190d elementor-section-boxed elementor-section-height-default elementor-section-height-default\" data-id=\"191190d\" data-element_type=\"section\">\n\t\t\t\t\t\t<div class=\"elementor-container elementor-column-gap-default\">\n\t\t\t\t\t<div class=\"elementor-column elementor-col-100 elementor-top-column elementor-element elementor-element-11b9818\" data-id=\"11b9818\" data-element_type=\"column\">\n\t\t\t<div class=\"elementor-widget-wrap elementor-element-populated\">\n\t\t\t\t\t\t<div class=\"elementor-element elementor-element-cdc7098 elementor-widget elementor-widget-heading\" data-id=\"cdc7098\" data-element_type=\"widget\" data-widget_type=\"heading.default\">\n\t\t\t\t<div class=\"elementor-widget-container\">\n\t\t\t\t\t<p class=\"elementor-heading-title elementor-size-default\"><b>Entrada libre hasta completar aforo<\/b><\/p>\t\t\t\t<\/div>\n\t\t\t\t<\/div>\n\t\t\t\t\t<\/div>\n\t\t<\/div>\n\t\t\t\t\t<\/div>\n\t\t<\/section>\n\t\t\t\t<\/div>\n\t\t","protected":false},"excerpt":{"rendered":"<p>\/*! elementor &#8211; v3.16.0 &#8211; 20-09-2023 *\/ .elementor-heading-title{padding:0;margin:0;line-height:1}.elementor-widget-heading .elementor-heading-title[class*=elementor-size-]&gt;a{color:inherit;font-size:inherit;line-height:inherit}.elementor-widget-heading .elementor-heading-title.elementor-size-small{font-size:15px}.elementor-widget-heading .elementor-heading-title.elementor-size-medium{font-size:19px}.elementor-widget-heading .elementor-heading-title.elementor-size-large{font-size:29px}.elementor-widget-heading .elementor-heading-title.elementor-size-xl{font-size:39px}.elementor-widget-heading .elementor-heading-title.elementor-size-xxl{font-size:59px} FESTIVAL DE M\u00c1LAGA PRESENTA&#8230; Iniciamos una colaboraci\u00f3n con el Festival de M\u00e1laga con una muestra de su programaci\u00f3n que presentamos en exclusiva en Granada UN D\u00cdA LOBO L\u00d3PEZ MARTES 24 &#8211; 20:00 PALACIO CONDES DE GABIA \/*! elementor-pro &#8211; v3.14.0 &#8211; &#8230; <a title=\"Festival de M\u00e1laga presenta&#8230;\" class=\"read-more\" href=\"https:\/\/www.filmfest-granada.com\/2023\/festival-de-malaga-presenta\/\" aria-label=\"Leer m\u00e1s sobre Festival de M\u00e1laga presenta&#8230;\">Leer m\u00e1s<\/a><\/p>\n","protected":false},"author":1170,"featured_media":0,"parent":0,"menu_order":0,"comment_status":"closed","ping_status":"closed","template":"elementor_header_footer","meta":{"_monsterinsights_skip_tracking":false,"_monsterinsights_sitenote_active":false,"_monsterinsights_sitenote_note":"","_monsterinsights_sitenote_category":0,"footnotes":""},"class_list":["post-3934","page","type-page","status-publish"],"aioseo_notices":[],"_links":{"self":[{"href":"https:\/\/www.filmfest-granada.com\/2023\/wp-json\/wp\/v2\/pages\/3934","targetHints":{"allow":["GET"]}}],"collection":[{"href":"https:\/\/www.filmfest-granada.com\/2023\/wp-json\/wp\/v2\/pages"}],"about":[{"href":"https:\/\/www.filmfest-granada.com\/2023\/wp-json\/wp\/v2\/types\/page"}],"author":[{"embeddable":true,"href":"https:\/\/www.filmfest-granada.com\/2023\/wp-json\/wp\/v2\/users\/1170"}],"replies":[{"embeddable":true,"href":"https:\/\/www.filmfest-granada.com\/2023\/wp-json\/wp\/v2\/comments?post=3934"}],"version-history":[{"count":19,"href":"https:\/\/www.filmfest-granada.com\/2023\/wp-json\/wp\/v2\/pages\/3934\/revisions"}],"predecessor-version":[{"id":4202,"href":"https:\/\/www.filmfest-granada.com\/2023\/wp-json\/wp\/v2\/pages\/3934\/revisions\/4202"}],"wp:attachment":[{"href":"https:\/\/www.filmfest-granada.com\/2023\/wp-json\/wp\/v2\/media?parent=3934"}],"curies":[{"name":"wp","href":"https:\/\/api.w.org\/{rel}","templated":true}]}}

Festival de Málaga presenta&#8230;

<div data-elementor-type="wp-page" data-elementor-id="3934" class="elementor elementor-3934" data-elementor-post-type="page">
						<section class="elementor-section elementor-top-section elementor-element elementor-element-711cb11 elementor-section-boxed elementor-section-height-default elementor-section-height-default" data-id="711cb11" data-element_type="section">
						<div class="elementor-container elementor-column-gap-default">
					<div class="elementor-column elementor-col-100 elementor-top-column elementor-element elementor-element-ba68a56" data-id="ba68a56" data-element_type="column">
			<div class="elementor-widget-wrap elementor-element-populated">
						<div class="elementor-element elementor-element-68f4554 elementor-widget elementor-widget-heading" data-id="68f4554" data-element_type="widget" data-widget_type="heading.default">
				<div class="elementor-widget-container">
					<h1 class="elementor-heading-title elementor-size-xl">FESTIVAL DE MÁLAGA PRESENTA...</h1>				</div>
				</div>
					</div>
		</div>
					</div>
		</section>
				<section class="elementor-section elementor-top-section elementor-element elementor-element-db800ee elementor-section-boxed elementor-section-height-default elementor-section-height-default" data-id="db800ee" data-element_type="section">
						<div class="elementor-container elementor-column-gap-default">
					<div class="elementor-column elementor-col-100 elementor-top-column elementor-element elementor-element-d29d7ea" data-id="d29d7ea" data-element_type="column">
			<div class="elementor-widget-wrap elementor-element-populated">
						<div class="elementor-element elementor-element-2388965 elementor-widget elementor-widget-heading" data-id="2388965" data-element_type="widget" data-widget_type="heading.default">
				<div class="elementor-widget-container">
					<div class="elementor-heading-title elementor-size-default">Iniciamos una colaboración con el <b>Festival de Málaga</b> con una muestra de su programación que presentamos en exclusiva en Granada</div>				</div>
				</div>
					</div>
		</div>
					</div>
		</section>
				<section class="elementor-section elementor-top-section elementor-element elementor-element-381388b elementor-section-boxed elementor-section-height-default elementor-section-height-default" data-id="381388b" data-element_type="section">
						<div class="elementor-container elementor-column-gap-default">
					<div class="elementor-column elementor-col-100 elementor-top-column elementor-element elementor-element-37d47d0" data-id="37d47d0" data-element_type="column">
			<div class="elementor-widget-wrap elementor-element-populated">
						<div class="elementor-element elementor-element-f0f4d9f elementor-widget elementor-widget-heading" data-id="f0f4d9f" data-element_type="widget" data-widget_type="heading.default">
				<div class="elementor-widget-container">
					<h2 class="elementor-heading-title elementor-size-default">UN DÍA LOBO LÓPEZ</h2>				</div>
				</div>
					</div>
		</div>
					</div>
		</section>
				<section class="elementor-section elementor-top-section elementor-element elementor-element-4c9e3c2 elementor-section-boxed elementor-section-height-default elementor-section-height-default" data-id="4c9e3c2" data-element_type="section">
						<div class="elementor-container elementor-column-gap-default">
					<div class="elementor-column elementor-col-100 elementor-top-column elementor-element elementor-element-7e34b11" data-id="7e34b11" data-element_type="column">
			<div class="elementor-widget-wrap elementor-element-populated">
						<div class="elementor-element elementor-element-37fc120 elementor-widget elementor-widget-heading" data-id="37fc120" data-element_type="widget" data-widget_type="heading.default">
				<div class="elementor-widget-container">
					<h3 class="elementor-heading-title elementor-size-large">MARTES 24 - 20:00</h3>				</div>
				</div>
				<div class="elementor-element elementor-element-4d93840 elementor-widget elementor-widget-heading" data-id="4d93840" data-element_type="widget" data-widget_type="heading.default">
				<div class="elementor-widget-container">
					<h3 class="elementor-heading-title elementor-size-large">PALACIO CONDES DE GABIA</h3>				</div>
				</div>
					</div>
		</div>
					</div>
		</section>
				<section class="elementor-section elementor-top-section elementor-element elementor-element-5f67e9d elementor-section-boxed elementor-section-height-default elementor-section-height-default" data-id="5f67e9d" data-element_type="section">
						<div class="elementor-container elementor-column-gap-default">
					<div class="elementor-column elementor-col-50 elementor-top-column elementor-element elementor-element-7266f10" data-id="7266f10" data-element_type="column">
			<div class="elementor-widget-wrap elementor-element-populated">
						<div class="elementor-element elementor-element-af160d0 mini-slider elementor--h-position-center elementor--v-position-middle elementor-widget elementor-widget-slides" data-id="af160d0" data-element_type="widget" data-settings="{&quot;navigation&quot;:&quot;none&quot;,&quot;autoplay&quot;:&quot;yes&quot;,&quot;autoplay_speed&quot;:5000,&quot;infinite&quot;:&quot;yes&quot;,&quot;transition&quot;:&quot;slide&quot;,&quot;transition_speed&quot;:500}" data-widget_type="slides.default">
				<div class="elementor-widget-container">
									<div class="elementor-swiper">
					<div class="elementor-slides-wrapper elementor-main-swiper swiper" role="region" aria-roledescription="carousel" aria-label="Diapositivas" dir="ltr" data-animation="fadeInUp">
				<div class="swiper-wrapper elementor-slides">
										<div class="elementor-repeater-item-3d86ba0 swiper-slide" role="group" aria-roledescription="slide"><div class="swiper-slide-bg" role="img" aria-label="UN DÍA LOBO LÓPEZ"></div><div class="swiper-slide-inner" ><div class="swiper-slide-contents"></div></div></div>				</div>
							</div>
				</div>
								</div>
				</div>
					</div>
		</div>
				<div class="elementor-column elementor-col-50 elementor-top-column elementor-element elementor-element-780e914" data-id="780e914" data-element_type="column">
			<div class="elementor-widget-wrap elementor-element-populated">
						<div class="elementor-element elementor-element-819eae7 elementor-widget elementor-widget-heading" data-id="819eae7" data-element_type="widget" data-widget_type="heading.default">
				<div class="elementor-widget-container">
					<h3 class="elementor-heading-title elementor-size-medium">UN DÍA LOBO LÓPEZ</h3>				</div>
				</div>
				<div class="elementor-element elementor-element-b896fa5 elementor-widget elementor-widget-heading" data-id="b896fa5" data-element_type="widget" data-widget_type="heading.default">
				<div class="elementor-widget-container">
					<div class="elementor-heading-title elementor-size-default">ALEJANDRO G. SALGADO | España | 2022 | 87’</div>				</div>
				</div>
				<div class="elementor-element elementor-element-8e62556 elementor-widget elementor-widget-heading" data-id="8e62556" data-element_type="widget" data-widget_type="heading.default">
				<div class="elementor-widget-container">
					<h3 class="elementor-heading-title elementor-size-medium">SINOPSIS</h3>				</div>
				</div>
				<div class="elementor-element elementor-element-ef9ef9b elementor-widget elementor-widget-heading" data-id="ef9ef9b" data-element_type="widget" data-widget_type="heading.default">
				<div class="elementor-widget-container">
					<p class="elementor-heading-title elementor-size-default">Cuando se cumplen 30 años de la publicación de <i> Échate un cantecito</i>, el sexto disco de estudio de <b>Kiko Veneno</b>, producido por Joe Dworniak con la colaboración de Santiago Auserón, este celebrado documental se adentra en las circunstancias vitales y el contexto artístico e histórico que hicieron posible la creación de un álbum que marcó camino en el pop español. Y que cambió la suerte de su autor.</p>				</div>
				</div>
					</div>
		</div>
					</div>
		</section>
				<section class="elementor-section elementor-top-section elementor-element elementor-element-191190d elementor-section-boxed elementor-section-height-default elementor-section-height-default" data-id="191190d" data-element_type="section">
						<div class="elementor-container elementor-column-gap-default">
					<div class="elementor-column elementor-col-100 elementor-top-column elementor-element elementor-element-11b9818" data-id="11b9818" data-element_type="column">
			<div class="elementor-widget-wrap elementor-element-populated">
						<div class="elementor-element elementor-element-cdc7098 elementor-widget elementor-widget-heading" data-id="cdc7098" data-element_type="widget" data-widget_type="heading.default">
				<div class="elementor-widget-container">
					<p class="elementor-heading-title elementor-size-default"><b>Entrada libre hasta completar aforo</b></p>				</div>
				</div>
					</div>
		</div>
					</div>
		</section>
				</div>

<p>/*! elementor &#8211; v3.16.0 &#8211; 20-09-2023 */ .elementor-heading-title{padding:0;margin:0;line-height:1}.elementor-widget-heading .elementor-heading-title[class*=elementor-size-]&gt;a{color:inherit;font-size:inherit;line-height:inherit}.elementor-widget-heading .elementor-heading-title.elementor-size-small{font-size:15px}.elementor-widget-heading .elementor-heading-title.elementor-size-medium{font-size:19px}.elementor-widget-heading .elementor-heading-title.elementor-size-large{font-size:29px}.elementor-widget-heading .elementor-heading-title.elementor-size-xl{font-size:39px}.elementor-widget-heading .elementor-heading-title.elementor-size-xxl{font-size:59px} FESTIVAL DE MÁLAGA PRESENTA&#8230; Iniciamos una colaboración con el Festival de Málaga con una muestra de su programación que presentamos en exclusiva en Granada UN DÍA LOBO LÓPEZ MARTES 24 &#8211; 20:00 PALACIO CONDES DE GABIA /*! elementor-pro &#8211; v3.14.0 &#8211; &#8230; <a title="Festival de Málaga presenta&#8230;" class="read-more" href="https://www.filmfest-granada.com/2023/festival-de-malaga-presenta/" aria-label="Leer más sobre Festival de Málaga presenta&#8230;">Leer más</a></p>
