{"id":89,"date":"2021-09-30T20:30:15","date_gmt":"2021-09-30T18:30:15","guid":{"rendered":"https:\/\/www.filmfest-granada.com\/2023\/?page_id=89"},"modified":"2023-10-10T08:10:02","modified_gmt":"2023-10-10T06:10:02","slug":"entradas","status":"publish","type":"page","link":"https:\/\/www.filmfest-granada.com\/2023\/entradas\/","title":{"rendered":"Abonos y entradas"},"content":{"rendered":"\t\t<div data-elementor-type=\"wp-page\" data-elementor-id=\"89\" class=\"elementor elementor-89\" data-elementor-post-type=\"page\">\n\t\t\t\t\t\t<section class=\"elementor-section elementor-top-section elementor-element elementor-element-a81aa10 elementor-section-boxed elementor-section-height-default elementor-section-height-default\" data-id=\"a81aa10\" data-element_type=\"section\">\n\t\t\t\t\t\t<div class=\"elementor-container elementor-column-gap-default\">\n\t\t\t\t\t<div class=\"elementor-column elementor-col-100 elementor-top-column elementor-element elementor-element-6dcb9ec\" data-id=\"6dcb9ec\" data-element_type=\"column\">\n\t\t\t<div class=\"elementor-widget-wrap elementor-element-populated\">\n\t\t\t\t\t\t<div class=\"elementor-element elementor-element-8595548 elementor-widget elementor-widget-heading\" data-id=\"8595548\" data-element_type=\"widget\" data-widget_type=\"heading.default\">\n\t\t\t\t<div class=\"elementor-widget-container\">\n\t\t\t\t\t<h1 class=\"elementor-heading-title elementor-size-default\">ABONOS Y ENTRADAS<\/h1>\t\t\t\t<\/div>\n\t\t\t\t<\/div>\n\t\t\t\t\t<\/div>\n\t\t<\/div>\n\t\t\t\t\t<\/div>\n\t\t<\/section>\n\t\t\t\t<section class=\"elementor-section elementor-top-section elementor-element elementor-element-a706f3f elementor-section-boxed elementor-section-height-default elementor-section-height-default\" data-id=\"a706f3f\" data-element_type=\"section\">\n\t\t\t\t\t\t<div class=\"elementor-container elementor-column-gap-default\">\n\t\t\t\t\t<div class=\"elementor-column elementor-col-50 elementor-top-column elementor-element elementor-element-6ef7cdf\" data-id=\"6ef7cdf\" data-element_type=\"column\">\n\t\t\t<div class=\"elementor-widget-wrap elementor-element-populated\">\n\t\t\t\t\t\t<div class=\"elementor-element elementor-element-6f68514 elementor-widget elementor-widget-image\" data-id=\"6f68514\" data-element_type=\"widget\" data-widget_type=\"image.default\">\n\t\t\t\t<div class=\"elementor-widget-container\">\n\t\t\t\t\t\t\t\t\t\t\t\t\t\t\t<img fetchpriority=\"high\" decoding=\"async\" width=\"1440\" height=\"1440\" src=\"https:\/\/www.filmfest-granada.com\/2023\/wp-content\/uploads\/sites\/13\/2023\/09\/23-09-28-Redentradas.jpg\" class=\"attachment-full size-full wp-image-3474\" alt=\"\" srcset=\"https:\/\/www.filmfest-granada.com\/2023\/wp-content\/uploads\/sites\/13\/2023\/09\/23-09-28-Redentradas.jpg 1440w, https:\/\/www.filmfest-granada.com\/2023\/wp-content\/uploads\/sites\/13\/2023\/09\/23-09-28-Redentradas-300x300.jpg 300w, https:\/\/www.filmfest-granada.com\/2023\/wp-content\/uploads\/sites\/13\/2023\/09\/23-09-28-Redentradas-1024x1024.jpg 1024w, https:\/\/www.filmfest-granada.com\/2023\/wp-content\/uploads\/sites\/13\/2023\/09\/23-09-28-Redentradas-150x150.jpg 150w, https:\/\/www.filmfest-granada.com\/2023\/wp-content\/uploads\/sites\/13\/2023\/09\/23-09-28-Redentradas-768x768.jpg 768w\" sizes=\"(max-width: 1440px) 100vw, 1440px\" \/>\t\t\t\t\t\t\t\t\t\t\t\t\t\t\t<\/div>\n\t\t\t\t<\/div>\n\t\t\t\t\t<\/div>\n\t\t<\/div>\n\t\t\t\t<div class=\"elementor-column elementor-col-50 elementor-top-column elementor-element elementor-element-26fbc04\" data-id=\"26fbc04\" data-element_type=\"column\">\n\t\t\t<div class=\"elementor-widget-wrap elementor-element-populated\">\n\t\t\t\t\t\t<div class=\"elementor-element elementor-element-f1ff2e6 elementor-widget elementor-widget-heading\" data-id=\"f1ff2e6\" data-element_type=\"widget\" data-widget_type=\"heading.default\">\n\t\t\t\t<div class=\"elementor-widget-container\">\n\t\t\t\t\t<p class=\"elementor-heading-title elementor-size-default\">Abonos y entradas ya a la venta para las <b>sesiones especiales<\/b> del Teatro Isabel la Cat\u00f3lica. Cine y m\u00fasica en directo con una programaci\u00f3n in\u00e9dita y exclusiva en Granada.<\/p>\t\t\t\t<\/div>\n\t\t\t\t<\/div>\n\t\t\t\t<div class=\"elementor-element elementor-element-80f0aa5 elementor-widget elementor-widget-heading\" data-id=\"80f0aa5\" data-element_type=\"widget\" data-widget_type=\"heading.default\">\n\t\t\t\t<div class=\"elementor-widget-container\">\n\t\t\t\t\t<p class=\"elementor-heading-title elementor-size-default\">Apoya al festival y consigue tu abono a un precio reducido para disfrutar de toda la programaci\u00f3n por solo <b>40\u20ac<\/b>. Unidades limitadas. Los abonos incluyen una <b>tote bag <\/b>y un <b>p\u00f3ster de regalo <\/b>que se recoger\u00e1n del 22 al 29 de octubre en el Teatro Isabel la Cat\u00f3lica. \u00a1No te quedes sin el tuyo!<\/p>\t\t\t\t<\/div>\n\t\t\t\t<\/div>\n\t\t\t\t<div class=\"elementor-element elementor-element-4fb1462 elementor-align-left elementor-widget elementor-widget-button\" data-id=\"4fb1462\" data-element_type=\"widget\" data-widget_type=\"button.default\">\n\t\t\t\t<div class=\"elementor-widget-container\">\n\t\t\t\t\t\t\t\t\t<div class=\"elementor-button-wrapper\">\n\t\t\t\t\t<a class=\"elementor-button elementor-button-link elementor-size-sm\" href=\"https:\/\/www.redentradas.com\/?entradas=29-jovenes-realizadores-granada-film-fest&#038;provincia=granada&#038;cpro=18&#038;eid=593\" target=\"_blank\">\n\t\t\t\t\t\t<span class=\"elementor-button-content-wrapper\">\n\t\t\t\t\t\t\t\t\t<span class=\"elementor-button-text\">ABONOS<\/span>\n\t\t\t\t\t<\/span>\n\t\t\t\t\t<\/a>\n\t\t\t\t<\/div>\n\t\t\t\t\t\t\t\t<\/div>\n\t\t\t\t<\/div>\n\t\t\t\t\t<\/div>\n\t\t<\/div>\n\t\t\t\t\t<\/div>\n\t\t<\/section>\n\t\t\t\t<\/div>\n\t\t","protected":false},"excerpt":{"rendered":"<p>\/*! elementor &#8211; v3.16.0 &#8211; 20-09-2023 *\/ .elementor-heading-title{padding:0;margin:0;line-height:1}.elementor-widget-heading .elementor-heading-title[class*=elementor-size-]&gt;a{color:inherit;font-size:inherit;line-height:inherit}.elementor-widget-heading .elementor-heading-title.elementor-size-small{font-size:15px}.elementor-widget-heading .elementor-heading-title.elementor-size-medium{font-size:19px}.elementor-widget-heading .elementor-heading-title.elementor-size-large{font-size:29px}.elementor-widget-heading .elementor-heading-title.elementor-size-xl{font-size:39px}.elementor-widget-heading .elementor-heading-title.elementor-size-xxl{font-size:59px} ABONOS Y ENTRADAS \/*! elementor &#8211; v3.16.0 &#8211; 20-09-2023 *\/ .elementor-widget-image{text-align:center}.elementor-widget-image a{display:inline-block}.elementor-widget-image a img[src$=\u00bb.svg\u00bb]{width:48px}.elementor-widget-image img{vertical-align:middle;display:inline-block} Abonos y entradas ya a la venta para las sesiones especiales del Teatro Isabel la Cat\u00f3lica. Cine y m\u00fasica en directo con una programaci\u00f3n in\u00e9dita y &#8230; <a title=\"Abonos y entradas\" class=\"read-more\" href=\"https:\/\/www.filmfest-granada.com\/2023\/entradas\/\" aria-label=\"Leer m\u00e1s sobre Abonos y entradas\">Leer m\u00e1s<\/a><\/p>\n","protected":false},"author":1167,"featured_media":0,"parent":0,"menu_order":0,"comment_status":"closed","ping_status":"closed","template":"elementor_header_footer","meta":{"_monsterinsights_skip_tracking":false,"_monsterinsights_sitenote_active":false,"_monsterinsights_sitenote_note":"","_monsterinsights_sitenote_category":0,"footnotes":""},"class_list":["post-89","page","type-page","status-publish"],"aioseo_notices":[],"_links":{"self":[{"href":"https:\/\/www.filmfest-granada.com\/2023\/wp-json\/wp\/v2\/pages\/89","targetHints":{"allow":["GET"]}}],"collection":[{"href":"https:\/\/www.filmfest-granada.com\/2023\/wp-json\/wp\/v2\/pages"}],"about":[{"href":"https:\/\/www.filmfest-granada.com\/2023\/wp-json\/wp\/v2\/types\/page"}],"author":[{"embeddable":true,"href":"https:\/\/www.filmfest-granada.com\/2023\/wp-json\/wp\/v2\/users\/1167"}],"replies":[{"embeddable":true,"href":"https:\/\/www.filmfest-granada.com\/2023\/wp-json\/wp\/v2\/comments?post=89"}],"version-history":[{"count":283,"href":"https:\/\/www.filmfest-granada.com\/2023\/wp-json\/wp\/v2\/pages\/89\/revisions"}],"predecessor-version":[{"id":3933,"href":"https:\/\/www.filmfest-granada.com\/2023\/wp-json\/wp\/v2\/pages\/89\/revisions\/3933"}],"wp:attachment":[{"href":"https:\/\/www.filmfest-granada.com\/2023\/wp-json\/wp\/v2\/media?parent=89"}],"curies":[{"name":"wp","href":"https:\/\/api.w.org\/{rel}","templated":true}]}}

<div data-elementor-type="wp-page" data-elementor-id="89" class="elementor elementor-89" data-elementor-post-type="page">
						<section class="elementor-section elementor-top-section elementor-element elementor-element-a81aa10 elementor-section-boxed elementor-section-height-default elementor-section-height-default" data-id="a81aa10" data-element_type="section">
						<div class="elementor-container elementor-column-gap-default">
					<div class="elementor-column elementor-col-100 elementor-top-column elementor-element elementor-element-6dcb9ec" data-id="6dcb9ec" data-element_type="column">
			<div class="elementor-widget-wrap elementor-element-populated">
						<div class="elementor-element elementor-element-8595548 elementor-widget elementor-widget-heading" data-id="8595548" data-element_type="widget" data-widget_type="heading.default">
				<div class="elementor-widget-container">
					<h1 class="elementor-heading-title elementor-size-default">ABONOS Y ENTRADAS</h1>				</div>
				</div>
					</div>
		</div>
					</div>
		</section>
				<section class="elementor-section elementor-top-section elementor-element elementor-element-a706f3f elementor-section-boxed elementor-section-height-default elementor-section-height-default" data-id="a706f3f" data-element_type="section">
						<div class="elementor-container elementor-column-gap-default">
					<div class="elementor-column elementor-col-50 elementor-top-column elementor-element elementor-element-6ef7cdf" data-id="6ef7cdf" data-element_type="column">
			<div class="elementor-widget-wrap elementor-element-populated">
						<div class="elementor-element elementor-element-6f68514 elementor-widget elementor-widget-image" data-id="6f68514" data-element_type="widget" data-widget_type="image.default">
				<div class="elementor-widget-container">
															<img fetchpriority="high" decoding="async" width="1440" height="1440" src="https://www.filmfest-granada.com/2023/wp-content/uploads/sites/13/2023/09/23-09-28-Redentradas.jpg" class="attachment-full size-full wp-image-3474" alt="" srcset="https://www.filmfest-granada.com/2023/wp-content/uploads/sites/13/2023/09/23-09-28-Redentradas.jpg 1440w, https://www.filmfest-granada.com/2023/wp-content/uploads/sites/13/2023/09/23-09-28-Redentradas-300x300.jpg 300w, https://www.filmfest-granada.com/2023/wp-content/uploads/sites/13/2023/09/23-09-28-Redentradas-1024x1024.jpg 1024w, https://www.filmfest-granada.com/2023/wp-content/uploads/sites/13/2023/09/23-09-28-Redentradas-150x150.jpg 150w, https://www.filmfest-granada.com/2023/wp-content/uploads/sites/13/2023/09/23-09-28-Redentradas-768x768.jpg 768w" sizes="(max-width: 1440px) 100vw, 1440px" />															</div>
				</div>
					</div>
		</div>
				<div class="elementor-column elementor-col-50 elementor-top-column elementor-element elementor-element-26fbc04" data-id="26fbc04" data-element_type="column">
			<div class="elementor-widget-wrap elementor-element-populated">
						<div class="elementor-element elementor-element-f1ff2e6 elementor-widget elementor-widget-heading" data-id="f1ff2e6" data-element_type="widget" data-widget_type="heading.default">
				<div class="elementor-widget-container">
					<p class="elementor-heading-title elementor-size-default">Abonos y entradas ya a la venta para las <b>sesiones especiales</b> del Teatro Isabel la Católica. Cine y música en directo con una programación inédita y exclusiva en Granada.</p>				</div>
				</div>
				<div class="elementor-element elementor-element-80f0aa5 elementor-widget elementor-widget-heading" data-id="80f0aa5" data-element_type="widget" data-widget_type="heading.default">
				<div class="elementor-widget-container">
					<p class="elementor-heading-title elementor-size-default">Apoya al festival y consigue tu abono a un precio reducido para disfrutar de toda la programación por solo <b>40€</b>. Unidades limitadas. Los abonos incluyen una <b>tote bag </b>y un <b>póster de regalo </b>que se recogerán del 22 al 29 de octubre en el Teatro Isabel la Católica. ¡No te quedes sin el tuyo!</p>				</div>
				</div>
				<div class="elementor-element elementor-element-4fb1462 elementor-align-left elementor-widget elementor-widget-button" data-id="4fb1462" data-element_type="widget" data-widget_type="button.default">
				<div class="elementor-widget-container">
									<div class="elementor-button-wrapper">
					<a class="elementor-button elementor-button-link elementor-size-sm" href="https://www.redentradas.com/?entradas=29-jovenes-realizadores-granada-film-fest&#038;provincia=granada&#038;cpro=18&#038;eid=593" target="_blank">
						<span class="elementor-button-content-wrapper">
									<span class="elementor-button-text">ABONOS</span>
					</span>
					</a>
				</div>
								</div>
				</div>
					</div>
		</div>
					</div>
		</section>
				</div>

<p>/*! elementor &#8211; v3.16.0 &#8211; 20-09-2023 */ .elementor-heading-title{padding:0;margin:0;line-height:1}.elementor-widget-heading .elementor-heading-title[class*=elementor-size-]&gt;a{color:inherit;font-size:inherit;line-height:inherit}.elementor-widget-heading .elementor-heading-title.elementor-size-small{font-size:15px}.elementor-widget-heading .elementor-heading-title.elementor-size-medium{font-size:19px}.elementor-widget-heading .elementor-heading-title.elementor-size-large{font-size:29px}.elementor-widget-heading .elementor-heading-title.elementor-size-xl{font-size:39px}.elementor-widget-heading .elementor-heading-title.elementor-size-xxl{font-size:59px} ABONOS Y ENTRADAS /*! elementor &#8211; v3.16.0 &#8211; 20-09-2023 */ .elementor-widget-image{text-align:center}.elementor-widget-image a{display:inline-block}.elementor-widget-image a img[src$=».svg»]{width:48px}.elementor-widget-image img{vertical-align:middle;display:inline-block} Abonos y entradas ya a la venta para las sesiones especiales del Teatro Isabel la Católica. Cine y música en directo con una programación inédita y &#8230; <a title="Abonos y entradas" class="read-more" href="https://www.filmfest-granada.com/2023/entradas/" aria-label="Leer más sobre Abonos y entradas">Leer más</a></p>
