{"id":1480,"date":"2024-10-02T20:28:50","date_gmt":"2024-10-02T18:28:50","guid":{"rendered":"https:\/\/www.filmfest-granada.com\/2024\/?page_id=1480"},"modified":"2024-10-05T11:52:23","modified_gmt":"2024-10-05T09:52:23","slug":"cartel","status":"publish","type":"page","link":"https:\/\/www.filmfest-granada.com\/2024\/cartel\/","title":{"rendered":"Cartel"},"content":{"rendered":"\t\t<div data-elementor-type=\"wp-page\" data-elementor-id=\"1480\" class=\"elementor elementor-1480\" data-elementor-post-type=\"page\">\n\t\t\t\t<div class=\"elementor-element elementor-element-4bcad62a e-con-full e-flex e-con e-parent\" data-id=\"4bcad62a\" data-element_type=\"container\" data-settings=\"{&quot;background_background&quot;:&quot;classic&quot;}\">\n\t\t<div class=\"elementor-element elementor-element-471ddb62 e-con-full e-flex e-con e-child\" data-id=\"471ddb62\" data-element_type=\"container\" data-settings=\"{&quot;background_background&quot;:&quot;classic&quot;}\">\n\t\t\t\t<div class=\"elementor-element elementor-element-4f8728b elementor-widget elementor-widget-image\" data-id=\"4f8728b\" data-element_type=\"widget\" data-widget_type=\"image.default\">\n\t\t\t\t<div class=\"elementor-widget-container\">\n\t\t\t\t\t\t\t\t\t\t\t\t\t\t\t<img fetchpriority=\"high\" decoding=\"async\" width=\"724\" height=\"1024\" src=\"https:\/\/www.filmfest-granada.com\/2024\/wp-content\/uploads\/sites\/14\/2024\/10\/FIJR_cartel_oficial_A3_logos-min-724x1024.jpg\" class=\"attachment-large size-large wp-image-1482\" alt=\"\" srcset=\"https:\/\/www.filmfest-granada.com\/2024\/wp-content\/uploads\/sites\/14\/2024\/10\/FIJR_cartel_oficial_A3_logos-min-724x1024.jpg 724w, https:\/\/www.filmfest-granada.com\/2024\/wp-content\/uploads\/sites\/14\/2024\/10\/FIJR_cartel_oficial_A3_logos-min-212x300.jpg 212w, https:\/\/www.filmfest-granada.com\/2024\/wp-content\/uploads\/sites\/14\/2024\/10\/FIJR_cartel_oficial_A3_logos-min-768x1086.jpg 768w, https:\/\/www.filmfest-granada.com\/2024\/wp-content\/uploads\/sites\/14\/2024\/10\/FIJR_cartel_oficial_A3_logos-min-1086x1536.jpg 1086w, https:\/\/www.filmfest-granada.com\/2024\/wp-content\/uploads\/sites\/14\/2024\/10\/FIJR_cartel_oficial_A3_logos-min-1448x2048.jpg 1448w, https:\/\/www.filmfest-granada.com\/2024\/wp-content\/uploads\/sites\/14\/2024\/10\/FIJR_cartel_oficial_A3_logos-min-scaled.jpg 1810w\" sizes=\"(max-width: 724px) 100vw, 724px\" \/>\t\t\t\t\t\t\t\t\t\t\t\t\t\t\t<\/div>\n\t\t\t\t<\/div>\n\t\t\t\t<\/div>\n\t\t<div class=\"elementor-element elementor-element-f963a9e e-con-full e-flex e-con e-child\" data-id=\"f963a9e\" data-element_type=\"container\" data-settings=\"{&quot;background_background&quot;:&quot;classic&quot;}\">\n\t\t\t\t<div class=\"elementor-element elementor-element-834342c texto elementor-widget elementor-widget-heading\" data-id=\"834342c\" data-element_type=\"widget\" data-widget_type=\"heading.default\">\n\t\t\t\t<div class=\"elementor-widget-container\">\n\t\t\t\t\t<h1 class=\"elementor-heading-title elementor-size-default\"><span>EL CARTEL<\/span><\/h1>\t\t\t\t<\/div>\n\t\t\t\t<\/div>\n\t\t\t\t<div class=\"elementor-element elementor-element-6042bad0 intro elementor-widget elementor-widget-heading\" data-id=\"6042bad0\" data-element_type=\"widget\" data-widget_type=\"heading.default\">\n\t\t\t\t<div class=\"elementor-widget-container\">\n\t\t\t\t\t<span class=\"elementor-heading-title elementor-size-default\">INSPIRADO POR LOS CABALLOS SALVAJES DE SIERRA NEVADA<\/span>\t\t\t\t<\/div>\n\t\t\t\t<\/div>\n\t\t\t\t<div class=\"elementor-element elementor-element-68cc0ea elementor-widget elementor-widget-text-editor\" data-id=\"68cc0ea\" data-element_type=\"widget\" data-widget_type=\"text-editor.default\">\n\t\t\t\t<div class=\"elementor-widget-container\">\n\t\t\t\t\t\t\t\t\t<p>El treinta aniversario del <strong>Festival J\u00f3venes Realizadores &#8211; Granada Film Fest<\/strong> presenta una nueva imagen gr\u00e1fica inspirada por los caballos salvajes que habitan el Parque Nacional de Sierra Nevada. La fotograf\u00eda de Sara Espinosa y el dise\u00f1o de Alberto Valero nos acompa\u00f1ar\u00e1n durante el festival con esta enigm\u00e1tica mirada que invita a descubrir el cine m\u00e1s libre e independiente.<\/p><p>El dise\u00f1ador <strong>Alberto Valero<\/strong>, que ha trasladado la iconograf\u00eda de los caballos y la ciudad de Granada a la imagen gr\u00e1fica, explica de este modo el concepto detr\u00e1s de su propuesta: \u00abEn la programaci\u00f3n hay pel\u00edculas in\u00e9ditas, de todos los g\u00e9neros y formatos, incluso de cine experimental, es un festival bastante libre. Y esa vida que llevan los caballos nos parec\u00eda que concentraba la energ\u00eda y el esp\u00edritu a transmitir este a\u00f1o tan especial. Adem\u00e1s, la figura del animal galopando a sus anchas tambi\u00e9n nos recuerda de alguna manera a Muybridge y el origen del cine, representa a todos esos cineastas que buscan expresarse de manera art\u00edstica y personal.\u00bb<\/p>\t\t\t\t\t\t\t\t<\/div>\n\t\t\t\t<\/div>\n\t\t\t\t<\/div>\n\t\t\t\t<\/div>\n\t\t\t\t<\/div>\n\t\t","protected":false},"excerpt":{"rendered":"<p>EL CARTEL INSPIRADO POR LOS CABALLOS SALVAJES DE SIERRA NEVADA El treinta aniversario del Festival J\u00f3venes Realizadores &#8211; Granada Film Fest presenta una nueva imagen gr\u00e1fica inspirada por los caballos salvajes que habitan el Parque Nacional de Sierra Nevada. La fotograf\u00eda de Sara Espinosa y el dise\u00f1o de Alberto Valero nos acompa\u00f1ar\u00e1n durante el festival &#8230; <a title=\"Cartel\" class=\"read-more\" href=\"https:\/\/www.filmfest-granada.com\/2024\/cartel\/\" aria-label=\"Leer m\u00e1s sobre Cartel\">Leer m\u00e1s<\/a><\/p>\n","protected":false},"author":1173,"featured_media":0,"parent":0,"menu_order":0,"comment_status":"closed","ping_status":"closed","template":"elementor_header_footer","meta":{"footnotes":""},"class_list":["post-1480","page","type-page","status-publish"],"_links":{"self":[{"href":"https:\/\/www.filmfest-granada.com\/2024\/wp-json\/wp\/v2\/pages\/1480","targetHints":{"allow":["GET"]}}],"collection":[{"href":"https:\/\/www.filmfest-granada.com\/2024\/wp-json\/wp\/v2\/pages"}],"about":[{"href":"https:\/\/www.filmfest-granada.com\/2024\/wp-json\/wp\/v2\/types\/page"}],"author":[{"embeddable":true,"href":"https:\/\/www.filmfest-granada.com\/2024\/wp-json\/wp\/v2\/users\/1173"}],"replies":[{"embeddable":true,"href":"https:\/\/www.filmfest-granada.com\/2024\/wp-json\/wp\/v2\/comments?post=1480"}],"version-history":[{"count":34,"href":"https:\/\/www.filmfest-granada.com\/2024\/wp-json\/wp\/v2\/pages\/1480\/revisions"}],"predecessor-version":[{"id":1866,"href":"https:\/\/www.filmfest-granada.com\/2024\/wp-json\/wp\/v2\/pages\/1480\/revisions\/1866"}],"wp:attachment":[{"href":"https:\/\/www.filmfest-granada.com\/2024\/wp-json\/wp\/v2\/media?parent=1480"}],"curies":[{"name":"wp","href":"https:\/\/api.w.org\/{rel}","templated":true}]}}

<div data-elementor-type="wp-page" data-elementor-id="1480" class="elementor elementor-1480" data-elementor-post-type="page">
				<div class="elementor-element elementor-element-4bcad62a e-con-full e-flex e-con e-parent" data-id="4bcad62a" data-element_type="container" data-settings="{&quot;background_background&quot;:&quot;classic&quot;}">
		<div class="elementor-element elementor-element-471ddb62 e-con-full e-flex e-con e-child" data-id="471ddb62" data-element_type="container" data-settings="{&quot;background_background&quot;:&quot;classic&quot;}">
				<div class="elementor-element elementor-element-4f8728b elementor-widget elementor-widget-image" data-id="4f8728b" data-element_type="widget" data-widget_type="image.default">
				<div class="elementor-widget-container">
															<img fetchpriority="high" decoding="async" width="724" height="1024" src="https://www.filmfest-granada.com/2024/wp-content/uploads/sites/14/2024/10/FIJR_cartel_oficial_A3_logos-min-724x1024.jpg" class="attachment-large size-large wp-image-1482" alt="" srcset="https://www.filmfest-granada.com/2024/wp-content/uploads/sites/14/2024/10/FIJR_cartel_oficial_A3_logos-min-724x1024.jpg 724w, https://www.filmfest-granada.com/2024/wp-content/uploads/sites/14/2024/10/FIJR_cartel_oficial_A3_logos-min-212x300.jpg 212w, https://www.filmfest-granada.com/2024/wp-content/uploads/sites/14/2024/10/FIJR_cartel_oficial_A3_logos-min-768x1086.jpg 768w, https://www.filmfest-granada.com/2024/wp-content/uploads/sites/14/2024/10/FIJR_cartel_oficial_A3_logos-min-1086x1536.jpg 1086w, https://www.filmfest-granada.com/2024/wp-content/uploads/sites/14/2024/10/FIJR_cartel_oficial_A3_logos-min-1448x2048.jpg 1448w, https://www.filmfest-granada.com/2024/wp-content/uploads/sites/14/2024/10/FIJR_cartel_oficial_A3_logos-min-scaled.jpg 1810w" sizes="(max-width: 724px) 100vw, 724px" />															</div>
				</div>
				</div>
		<div class="elementor-element elementor-element-f963a9e e-con-full e-flex e-con e-child" data-id="f963a9e" data-element_type="container" data-settings="{&quot;background_background&quot;:&quot;classic&quot;}">
				<div class="elementor-element elementor-element-834342c texto elementor-widget elementor-widget-heading" data-id="834342c" data-element_type="widget" data-widget_type="heading.default">
				<div class="elementor-widget-container">
					<h1 class="elementor-heading-title elementor-size-default"><span>EL CARTEL</span></h1>				</div>
				</div>
				<div class="elementor-element elementor-element-6042bad0 intro elementor-widget elementor-widget-heading" data-id="6042bad0" data-element_type="widget" data-widget_type="heading.default">
				<div class="elementor-widget-container">
					<span class="elementor-heading-title elementor-size-default">INSPIRADO POR LOS CABALLOS SALVAJES DE SIERRA NEVADA</span>				</div>
				</div>
				<div class="elementor-element elementor-element-68cc0ea elementor-widget elementor-widget-text-editor" data-id="68cc0ea" data-element_type="widget" data-widget_type="text-editor.default">
				<div class="elementor-widget-container">
									<p>El treinta aniversario del <strong>Festival Jóvenes Realizadores &#8211; Granada Film Fest</strong> presenta una nueva imagen gráfica inspirada por los caballos salvajes que habitan el Parque Nacional de Sierra Nevada. La fotografía de Sara Espinosa y el diseño de Alberto Valero nos acompañarán durante el festival con esta enigmática mirada que invita a descubrir el cine más libre e independiente.</p><p>El diseñador <strong>Alberto Valero</strong>, que ha trasladado la iconografía de los caballos y la ciudad de Granada a la imagen gráfica, explica de este modo el concepto detrás de su propuesta: «En la programación hay películas inéditas, de todos los géneros y formatos, incluso de cine experimental, es un festival bastante libre. Y esa vida que llevan los caballos nos parecía que concentraba la energía y el espíritu a transmitir este año tan especial. Además, la figura del animal galopando a sus anchas también nos recuerda de alguna manera a Muybridge y el origen del cine, representa a todos esos cineastas que buscan expresarse de manera artística y personal.»</p>								</div>
				</div>
				</div>
				</div>
				</div>

<p>EL CARTEL INSPIRADO POR LOS CABALLOS SALVAJES DE SIERRA NEVADA El treinta aniversario del Festival Jóvenes Realizadores &#8211; Granada Film Fest presenta una nueva imagen gráfica inspirada por los caballos salvajes que habitan el Parque Nacional de Sierra Nevada. La fotografía de Sara Espinosa y el diseño de Alberto Valero nos acompañarán durante el festival &#8230; <a title="Cartel" class="read-more" href="https://www.filmfest-granada.com/2024/cartel/" aria-label="Leer más sobre Cartel">Leer más</a></p>
