{"id":259,"date":"2025-06-26T11:58:38","date_gmt":"2025-06-26T09:58:38","guid":{"rendered":"https:\/\/www.filmfest-granada.com\/2025\/jueves-24-2\/"},"modified":"2025-10-18T10:51:48","modified_gmt":"2025-10-18T08:51:48","slug":"domingo-19","status":"publish","type":"page","link":"https:\/\/www.filmfest-granada.com\/2025\/domingo-19\/","title":{"rendered":"Domingo 19"},"content":{"rendered":"\t\t<div data-elementor-type=\"wp-page\" data-elementor-id=\"259\" class=\"elementor elementor-259\" data-elementor-post-type=\"page\">\n\t\t\t\t<div class=\"elementor-element elementor-element-f4b3f70 e-flex e-con-boxed e-con e-parent\" data-id=\"f4b3f70\" data-element_type=\"container\" data-settings=\"{&quot;background_background&quot;:&quot;classic&quot;}\">\n\t\t\t\t\t<div class=\"e-con-inner\">\n\t\t<div class=\"elementor-element elementor-element-618a0a6 e-con-full e-flex e-con e-child\" data-id=\"618a0a6\" data-element_type=\"container\">\n\t\t\t\t<div class=\"elementor-element elementor-element-09b3bd3 new-texto elementor-widget elementor-widget-heading\" data-id=\"09b3bd3\" data-element_type=\"widget\" data-widget_type=\"heading.default\">\n\t\t\t\t<div class=\"elementor-widget-container\">\n\t\t\t\t\t<h1 class=\"elementor-heading-title elementor-size-default\"><span>DOMINGO <\/span> <span>19<\/span><\/h1>\t\t\t\t<\/div>\n\t\t\t\t<\/div>\n\t\t\t\t<\/div>\n\t\t\t\t\t<\/div>\n\t\t\t\t<\/div>\n\t\t<div class=\"elementor-element elementor-element-8901f83 e-con-full e-flex e-con e-parent\" data-id=\"8901f83\" data-element_type=\"container\" data-settings=\"{&quot;background_background&quot;:&quot;classic&quot;}\">\n\t\t\t\t<\/div>\n\t\t<div class=\"elementor-element elementor-element-b6ec767 e-flex e-con-boxed e-con e-parent\" data-id=\"b6ec767\" data-element_type=\"container\" data-settings=\"{&quot;background_background&quot;:&quot;classic&quot;}\">\n\t\t\t\t\t<div class=\"e-con-inner\">\n\t\t<div class=\"elementor-element elementor-element-a90e429 e-con-full e-flex e-con e-child\" data-id=\"a90e429\" data-element_type=\"container\">\n\t\t\t\t<div class=\"elementor-element elementor-element-ab2d9f6 elementor-widget elementor-widget-heading\" data-id=\"ab2d9f6\" data-element_type=\"widget\" data-widget_type=\"heading.default\">\n\t\t\t\t<div class=\"elementor-widget-container\">\n\t\t\t\t\t<h2 class=\"elementor-heading-title elementor-size-default\"><span>Sesiones<\/span> <span class=\"no-break-word\">Especiales<\/span><\/h2>\t\t\t\t<\/div>\n\t\t\t\t<\/div>\n\t\t<div class=\"elementor-element elementor-element-cf73a79 e-con-full e-flex e-con e-child\" data-id=\"cf73a79\" data-element_type=\"container\">\n\t\t<div class=\"elementor-element elementor-element-110d1ae e-con-full e-flex e-con e-child\" data-id=\"110d1ae\" data-element_type=\"container\">\n\t\t\t\t<div class=\"elementor-element elementor-element-9a5ec88 elementor-widget elementor-widget-heading\" data-id=\"9a5ec88\" data-element_type=\"widget\" data-widget_type=\"heading.default\">\n\t\t\t\t<div class=\"elementor-widget-container\">\n\t\t\t\t\t<span class=\"elementor-heading-title elementor-size-default\">Domingo 19<\/span>\t\t\t\t<\/div>\n\t\t\t\t<\/div>\n\t\t\t\t<div class=\"elementor-element elementor-element-2156ff5 elementor-widget elementor-widget-heading\" data-id=\"2156ff5\" data-element_type=\"widget\" data-widget_type=\"heading.default\">\n\t\t\t\t<div class=\"elementor-widget-container\">\n\t\t\t\t\t<span class=\"elementor-heading-title elementor-size-default\">19:00<\/span>\t\t\t\t<\/div>\n\t\t\t\t<\/div>\n\t\t\t\t<div class=\"elementor-element elementor-element-5e7d93c elementor-widget elementor-widget-heading\" data-id=\"5e7d93c\" data-element_type=\"widget\" data-widget_type=\"heading.default\">\n\t\t\t\t<div class=\"elementor-widget-container\">\n\t\t\t\t\t<span class=\"elementor-heading-title elementor-size-default\">Palacio Condes de Gabia<\/span>\t\t\t\t<\/div>\n\t\t\t\t<\/div>\n\t\t\t\t<div class=\"elementor-element elementor-element-c6afb77 elementor-widget elementor-widget-heading\" data-id=\"c6afb77\" data-element_type=\"widget\" data-widget_type=\"heading.default\">\n\t\t\t\t<div class=\"elementor-widget-container\">\n\t\t\t\t\t<span class=\"elementor-heading-title elementor-size-default\">61'<\/span>\t\t\t\t<\/div>\n\t\t\t\t<\/div>\n\t\t\t\t<\/div>\n\t\t\t\t<\/div>\n\t\t\t\t<\/div>\n\t\t<div class=\"elementor-element elementor-element-0ee0db3 e-con-full e-grid e-con e-child\" data-id=\"0ee0db3\" data-element_type=\"container\">\n\t\t<div class=\"elementor-element elementor-element-0ad79d7 e-con-full e-flex e-con e-child\" data-id=\"0ad79d7\" data-element_type=\"container\">\n\t\t\t\t<div class=\"elementor-element elementor-element-5bcb22b elementor-widget elementor-widget-image\" data-id=\"5bcb22b\" data-element_type=\"widget\" data-widget_type=\"image.default\">\n\t\t\t\t<div class=\"elementor-widget-container\">\n\t\t\t\t\t\t\t\t\t\t\t\t\t\t\t<img fetchpriority=\"high\" decoding=\"async\" width=\"2252\" height=\"2252\" src=\"https:\/\/www.filmfest-granada.com\/2025\/wp-content\/uploads\/sites\/23\/2025\/10\/FIJR31_POST_ESPECIALES_NAZZZ_REDENTRADAS-1.jpg\" class=\"attachment-full size-full wp-image-1158\" alt=\"\" srcset=\"https:\/\/www.filmfest-granada.com\/2025\/wp-content\/uploads\/sites\/23\/2025\/10\/FIJR31_POST_ESPECIALES_NAZZZ_REDENTRADAS-1.jpg 2252w, https:\/\/www.filmfest-granada.com\/2025\/wp-content\/uploads\/sites\/23\/2025\/10\/FIJR31_POST_ESPECIALES_NAZZZ_REDENTRADAS-1-300x300.jpg 300w, https:\/\/www.filmfest-granada.com\/2025\/wp-content\/uploads\/sites\/23\/2025\/10\/FIJR31_POST_ESPECIALES_NAZZZ_REDENTRADAS-1-1024x1024.jpg 1024w, https:\/\/www.filmfest-granada.com\/2025\/wp-content\/uploads\/sites\/23\/2025\/10\/FIJR31_POST_ESPECIALES_NAZZZ_REDENTRADAS-1-150x150.jpg 150w, https:\/\/www.filmfest-granada.com\/2025\/wp-content\/uploads\/sites\/23\/2025\/10\/FIJR31_POST_ESPECIALES_NAZZZ_REDENTRADAS-1-768x768.jpg 768w, https:\/\/www.filmfest-granada.com\/2025\/wp-content\/uploads\/sites\/23\/2025\/10\/FIJR31_POST_ESPECIALES_NAZZZ_REDENTRADAS-1-1536x1536.jpg 1536w, https:\/\/www.filmfest-granada.com\/2025\/wp-content\/uploads\/sites\/23\/2025\/10\/FIJR31_POST_ESPECIALES_NAZZZ_REDENTRADAS-1-2048x2048.jpg 2048w\" sizes=\"(max-width: 2252px) 100vw, 2252px\" \/>\t\t\t\t\t\t\t\t\t\t\t\t\t\t\t<\/div>\n\t\t\t\t<\/div>\n\t\t\t\t<\/div>\n\t\t<div class=\"elementor-element elementor-element-0a2584b e-con-full event e-flex e-con e-child\" data-id=\"0a2584b\" data-element_type=\"container\">\n\t\t<div class=\"elementor-element elementor-element-6827347 e-con-full e-flex e-con e-child\" data-id=\"6827347\" data-element_type=\"container\">\n\t\t\t\t<div class=\"elementor-element elementor-element-aadff99 elementor-widget elementor-widget-image\" data-id=\"aadff99\" data-element_type=\"widget\" data-widget_type=\"image.default\">\n\t\t\t\t<div class=\"elementor-widget-container\">\n\t\t\t\t\t\t\t\t\t\t\t\t\t\t\t<img decoding=\"async\" width=\"512\" height=\"512\" src=\"https:\/\/www.filmfest-granada.com\/2025\/wp-content\/uploads\/sites\/23\/2025\/07\/cropped-FIJR31_WEB_favicon.png\" class=\"attachment-large size-large wp-image-497\" alt=\"\" srcset=\"https:\/\/www.filmfest-granada.com\/2025\/wp-content\/uploads\/sites\/23\/2025\/07\/cropped-FIJR31_WEB_favicon.png 512w, https:\/\/www.filmfest-granada.com\/2025\/wp-content\/uploads\/sites\/23\/2025\/07\/cropped-FIJR31_WEB_favicon-300x300.png 300w, https:\/\/www.filmfest-granada.com\/2025\/wp-content\/uploads\/sites\/23\/2025\/07\/cropped-FIJR31_WEB_favicon-150x150.png 150w, https:\/\/www.filmfest-granada.com\/2025\/wp-content\/uploads\/sites\/23\/2025\/07\/cropped-FIJR31_WEB_favicon-270x270.png 270w, https:\/\/www.filmfest-granada.com\/2025\/wp-content\/uploads\/sites\/23\/2025\/07\/cropped-FIJR31_WEB_favicon-192x192.png 192w, https:\/\/www.filmfest-granada.com\/2025\/wp-content\/uploads\/sites\/23\/2025\/07\/cropped-FIJR31_WEB_favicon-180x180.png 180w, https:\/\/www.filmfest-granada.com\/2025\/wp-content\/uploads\/sites\/23\/2025\/07\/cropped-FIJR31_WEB_favicon-32x32.png 32w\" sizes=\"(max-width: 512px) 100vw, 512px\" \/>\t\t\t\t\t\t\t\t\t\t\t\t\t\t\t<\/div>\n\t\t\t\t<\/div>\n\t\t<div class=\"elementor-element elementor-element-f8e1bc7 e-con-full e-flex e-con e-child\" data-id=\"f8e1bc7\" data-element_type=\"container\">\n\t\t\t\t<div class=\"elementor-element elementor-element-2011c2e elementor-widget elementor-widget-heading\" data-id=\"2011c2e\" data-element_type=\"widget\" data-widget_type=\"heading.default\">\n\t\t\t\t<div class=\"elementor-widget-container\">\n\t\t\t\t\t<h2 class=\"elementor-heading-title elementor-size-default\">SESIONES ESPECIALES<\/h2>\t\t\t\t<\/div>\n\t\t\t\t<\/div>\n\t\t\t\t<div class=\"elementor-element elementor-element-fa9bac4 elementor-widget elementor-widget-heading\" data-id=\"fa9bac4\" data-element_type=\"widget\" data-widget_type=\"heading.default\">\n\t\t\t\t<div class=\"elementor-widget-container\">\n\t\t\t\t\t<h3 class=\"elementor-heading-title elementor-size-default\">Inauguraci\u00f3n: Competici\u00f3n Vibraciones 1<\/h3>\t\t\t\t<\/div>\n\t\t\t\t<\/div>\n\t\t\t\t<\/div>\n\t\t\t\t<\/div>\n\t\t\t\t<div class=\"elementor-element elementor-element-c6cf45f elementor-widget-divider--view-line elementor-widget elementor-widget-divider\" data-id=\"c6cf45f\" data-element_type=\"widget\" data-widget_type=\"divider.default\">\n\t\t\t\t<div class=\"elementor-widget-container\">\n\t\t\t\t\t\t\t<div class=\"elementor-divider\">\n\t\t\t<span class=\"elementor-divider-separator\">\n\t\t\t\t\t\t<\/span>\n\t\t<\/div>\n\t\t\t\t\t\t<\/div>\n\t\t\t\t<\/div>\n\t\t\t\t<div class=\"elementor-element elementor-element-107b075 bloque-text elementor-widget elementor-widget-text-editor\" data-id=\"107b075\" data-element_type=\"widget\" data-widget_type=\"text-editor.default\">\n\t\t\t\t<div class=\"elementor-widget-container\">\n\t\t\t\t\t\t\t\t\t<p>Presentada por la periodista <strong>Cecilia Cano<\/strong>, la inauguraci\u00f3n cuenta con la actuaci\u00f3n en directo de <strong>NAZZZ<\/strong>, nueva voz de la escena emergente granadina.<\/p><p>La cineasta <strong>Bel\u00e9n Funes<\/strong> (<em>La hija de un ladr\u00f3n<\/em>, <em>Los tortuga<\/em>) recibir\u00e1 el <strong>Premio Especial<\/strong> a su trayectoria. A continuaci\u00f3n, se proyectar\u00e1 la primera sesi\u00f3n de la <strong>Competici\u00f3n Vibraciones<\/strong>, promovida por Fundaci\u00f3n SGAE y dedicada al cortometraje andaluz m\u00e1s original e innovador, con cinco estrenos mundiales.<\/p><p><span style=\"text-decoration: underline\">Competici\u00f3n Vibraciones 1<\/span> &#8211; 61\u2019<\/p><ul><li><em>Quej\u00edo<\/em> (Derek Van Den Bulcke y Carmen Mu\u00f1oz, 2025) 8&#8242;<\/li><li><em>Los contornos<\/em> (Javi Esp\u00e1rrago, 2025) 13&#8242;<\/li><li><em>En Toronto no pasan estas cosas<\/em> (Manolo Orellana Naranjo, 2025) 15&#8242;<\/li><li><em>Ma-ma<\/em> (Isabel Mar\u00eda Monge Guerrero, 2025) 5&#8242;<\/li><li><em>Abisal<\/em> (Colectivo Tekiero, Marina Arenas y Simone Sojo, 2025) 20&#8242;<\/li><\/ul>\t\t\t\t\t\t\t\t<\/div>\n\t\t\t\t<\/div>\n\t\t\t\t<div class=\"elementor-element elementor-element-c1cb882 elementor-align-right elementor-widget elementor-widget-button\" data-id=\"c1cb882\" data-element_type=\"widget\" data-widget_type=\"button.default\">\n\t\t\t\t<div class=\"elementor-widget-container\">\n\t\t\t\t\t\t\t\t\t<div class=\"elementor-button-wrapper\">\n\t\t\t\t\t<a class=\"elementor-button elementor-button-link elementor-size-sm\" href=\"https:\/\/www.redentradas.com\/?entradas=inauguracion-31-festival-jovenes-realizadores&#038;provincia=granada&#038;cpro=18&#038;eid=3448\" target=\"_blank\">\n\t\t\t\t\t\t<span class=\"elementor-button-content-wrapper\">\n\t\t\t\t\t\t\t\t\t<span class=\"elementor-button-text\">ENTRADAS<\/span>\n\t\t\t\t\t<\/span>\n\t\t\t\t\t<\/a>\n\t\t\t\t<\/div>\n\t\t\t\t\t\t\t\t<\/div>\n\t\t\t\t<\/div>\n\t\t\t\t<\/div>\n\t\t\t\t<\/div>\n\t\t\t\t\t<\/div>\n\t\t\t\t<\/div>\n\t\t\t\t<\/div>\n\t\t","protected":false},"excerpt":{"rendered":"<p>DOMINGO 19 Sesiones Especiales Domingo 19 19:00 Palacio Condes de Gabia 61&#8242; SESIONES ESPECIALES Inauguraci\u00f3n: Competici\u00f3n Vibraciones 1 Presentada por la periodista Cecilia Cano, la inauguraci\u00f3n cuenta con la actuaci\u00f3n en directo de NAZZZ, nueva voz de la escena emergente granadina. La cineasta Bel\u00e9n Funes (La hija de un ladr\u00f3n, Los tortuga) recibir\u00e1 el Premio &#8230; <a title=\"Domingo 19\" class=\"read-more\" href=\"https:\/\/www.filmfest-granada.com\/2025\/domingo-19\/\" aria-label=\"Leer m\u00e1s sobre Domingo 19\">Leer m\u00e1s<\/a><\/p>\n","protected":false},"author":1167,"featured_media":0,"parent":0,"menu_order":0,"comment_status":"closed","ping_status":"closed","template":"elementor_header_footer","meta":{"footnotes":""},"class_list":["post-259","page","type-page","status-publish"],"_links":{"self":[{"href":"https:\/\/www.filmfest-granada.com\/2025\/wp-json\/wp\/v2\/pages\/259","targetHints":{"allow":["GET"]}}],"collection":[{"href":"https:\/\/www.filmfest-granada.com\/2025\/wp-json\/wp\/v2\/pages"}],"about":[{"href":"https:\/\/www.filmfest-granada.com\/2025\/wp-json\/wp\/v2\/types\/page"}],"author":[{"embeddable":true,"href":"https:\/\/www.filmfest-granada.com\/2025\/wp-json\/wp\/v2\/users\/1167"}],"replies":[{"embeddable":true,"href":"https:\/\/www.filmfest-granada.com\/2025\/wp-json\/wp\/v2\/comments?post=259"}],"version-history":[{"count":25,"href":"https:\/\/www.filmfest-granada.com\/2025\/wp-json\/wp\/v2\/pages\/259\/revisions"}],"predecessor-version":[{"id":1919,"href":"https:\/\/www.filmfest-granada.com\/2025\/wp-json\/wp\/v2\/pages\/259\/revisions\/1919"}],"wp:attachment":[{"href":"https:\/\/www.filmfest-granada.com\/2025\/wp-json\/wp\/v2\/media?parent=259"}],"curies":[{"name":"wp","href":"https:\/\/api.w.org\/{rel}","templated":true}]}}

<div data-elementor-type="wp-page" data-elementor-id="259" class="elementor elementor-259" data-elementor-post-type="page">
				<div class="elementor-element elementor-element-f4b3f70 e-flex e-con-boxed e-con e-parent" data-id="f4b3f70" data-element_type="container" data-settings="{&quot;background_background&quot;:&quot;classic&quot;}">
					<div class="e-con-inner">
		<div class="elementor-element elementor-element-618a0a6 e-con-full e-flex e-con e-child" data-id="618a0a6" data-element_type="container">
				<div class="elementor-element elementor-element-09b3bd3 new-texto elementor-widget elementor-widget-heading" data-id="09b3bd3" data-element_type="widget" data-widget_type="heading.default">
				<div class="elementor-widget-container">
					<h1 class="elementor-heading-title elementor-size-default"><span>DOMINGO </span> <span>19</span></h1>				</div>
				</div>
				</div>
					</div>
				</div>
		<div class="elementor-element elementor-element-8901f83 e-con-full e-flex e-con e-parent" data-id="8901f83" data-element_type="container" data-settings="{&quot;background_background&quot;:&quot;classic&quot;}">
				</div>
		<div class="elementor-element elementor-element-b6ec767 e-flex e-con-boxed e-con e-parent" data-id="b6ec767" data-element_type="container" data-settings="{&quot;background_background&quot;:&quot;classic&quot;}">
					<div class="e-con-inner">
		<div class="elementor-element elementor-element-a90e429 e-con-full e-flex e-con e-child" data-id="a90e429" data-element_type="container">
				<div class="elementor-element elementor-element-ab2d9f6 elementor-widget elementor-widget-heading" data-id="ab2d9f6" data-element_type="widget" data-widget_type="heading.default">
				<div class="elementor-widget-container">
					<h2 class="elementor-heading-title elementor-size-default"><span>Sesiones</span> <span class="no-break-word">Especiales</span></h2>				</div>
				</div>
		<div class="elementor-element elementor-element-cf73a79 e-con-full e-flex e-con e-child" data-id="cf73a79" data-element_type="container">
		<div class="elementor-element elementor-element-110d1ae e-con-full e-flex e-con e-child" data-id="110d1ae" data-element_type="container">
				<div class="elementor-element elementor-element-9a5ec88 elementor-widget elementor-widget-heading" data-id="9a5ec88" data-element_type="widget" data-widget_type="heading.default">
				<div class="elementor-widget-container">
					<span class="elementor-heading-title elementor-size-default">Domingo 19</span>				</div>
				</div>
				<div class="elementor-element elementor-element-2156ff5 elementor-widget elementor-widget-heading" data-id="2156ff5" data-element_type="widget" data-widget_type="heading.default">
				<div class="elementor-widget-container">
					<span class="elementor-heading-title elementor-size-default">19:00</span>				</div>
				</div>
				<div class="elementor-element elementor-element-5e7d93c elementor-widget elementor-widget-heading" data-id="5e7d93c" data-element_type="widget" data-widget_type="heading.default">
				<div class="elementor-widget-container">
					<span class="elementor-heading-title elementor-size-default">Palacio Condes de Gabia</span>				</div>
				</div>
				<div class="elementor-element elementor-element-c6afb77 elementor-widget elementor-widget-heading" data-id="c6afb77" data-element_type="widget" data-widget_type="heading.default">
				<div class="elementor-widget-container">
					<span class="elementor-heading-title elementor-size-default">61'</span>				</div>
				</div>
				</div>
				</div>
				</div>
		<div class="elementor-element elementor-element-0ee0db3 e-con-full e-grid e-con e-child" data-id="0ee0db3" data-element_type="container">
		<div class="elementor-element elementor-element-0ad79d7 e-con-full e-flex e-con e-child" data-id="0ad79d7" data-element_type="container">
				<div class="elementor-element elementor-element-5bcb22b elementor-widget elementor-widget-image" data-id="5bcb22b" data-element_type="widget" data-widget_type="image.default">
				<div class="elementor-widget-container">
															<img fetchpriority="high" decoding="async" width="2252" height="2252" src="https://www.filmfest-granada.com/2025/wp-content/uploads/sites/23/2025/10/FIJR31_POST_ESPECIALES_NAZZZ_REDENTRADAS-1.jpg" class="attachment-full size-full wp-image-1158" alt="" srcset="https://www.filmfest-granada.com/2025/wp-content/uploads/sites/23/2025/10/FIJR31_POST_ESPECIALES_NAZZZ_REDENTRADAS-1.jpg 2252w, https://www.filmfest-granada.com/2025/wp-content/uploads/sites/23/2025/10/FIJR31_POST_ESPECIALES_NAZZZ_REDENTRADAS-1-300x300.jpg 300w, https://www.filmfest-granada.com/2025/wp-content/uploads/sites/23/2025/10/FIJR31_POST_ESPECIALES_NAZZZ_REDENTRADAS-1-1024x1024.jpg 1024w, https://www.filmfest-granada.com/2025/wp-content/uploads/sites/23/2025/10/FIJR31_POST_ESPECIALES_NAZZZ_REDENTRADAS-1-150x150.jpg 150w, https://www.filmfest-granada.com/2025/wp-content/uploads/sites/23/2025/10/FIJR31_POST_ESPECIALES_NAZZZ_REDENTRADAS-1-768x768.jpg 768w, https://www.filmfest-granada.com/2025/wp-content/uploads/sites/23/2025/10/FIJR31_POST_ESPECIALES_NAZZZ_REDENTRADAS-1-1536x1536.jpg 1536w, https://www.filmfest-granada.com/2025/wp-content/uploads/sites/23/2025/10/FIJR31_POST_ESPECIALES_NAZZZ_REDENTRADAS-1-2048x2048.jpg 2048w" sizes="(max-width: 2252px) 100vw, 2252px" />															</div>
				</div>
				</div>
		<div class="elementor-element elementor-element-0a2584b e-con-full event e-flex e-con e-child" data-id="0a2584b" data-element_type="container">
		<div class="elementor-element elementor-element-6827347 e-con-full e-flex e-con e-child" data-id="6827347" data-element_type="container">
				<div class="elementor-element elementor-element-aadff99 elementor-widget elementor-widget-image" data-id="aadff99" data-element_type="widget" data-widget_type="image.default">
				<div class="elementor-widget-container">
															<img decoding="async" width="512" height="512" src="https://www.filmfest-granada.com/2025/wp-content/uploads/sites/23/2025/07/cropped-FIJR31_WEB_favicon.png" class="attachment-large size-large wp-image-497" alt="" srcset="https://www.filmfest-granada.com/2025/wp-content/uploads/sites/23/2025/07/cropped-FIJR31_WEB_favicon.png 512w, https://www.filmfest-granada.com/2025/wp-content/uploads/sites/23/2025/07/cropped-FIJR31_WEB_favicon-300x300.png 300w, https://www.filmfest-granada.com/2025/wp-content/uploads/sites/23/2025/07/cropped-FIJR31_WEB_favicon-150x150.png 150w, https://www.filmfest-granada.com/2025/wp-content/uploads/sites/23/2025/07/cropped-FIJR31_WEB_favicon-270x270.png 270w, https://www.filmfest-granada.com/2025/wp-content/uploads/sites/23/2025/07/cropped-FIJR31_WEB_favicon-192x192.png 192w, https://www.filmfest-granada.com/2025/wp-content/uploads/sites/23/2025/07/cropped-FIJR31_WEB_favicon-180x180.png 180w, https://www.filmfest-granada.com/2025/wp-content/uploads/sites/23/2025/07/cropped-FIJR31_WEB_favicon-32x32.png 32w" sizes="(max-width: 512px) 100vw, 512px" />															</div>
				</div>
		<div class="elementor-element elementor-element-f8e1bc7 e-con-full e-flex e-con e-child" data-id="f8e1bc7" data-element_type="container">
				<div class="elementor-element elementor-element-2011c2e elementor-widget elementor-widget-heading" data-id="2011c2e" data-element_type="widget" data-widget_type="heading.default">
				<div class="elementor-widget-container">
					<h2 class="elementor-heading-title elementor-size-default">SESIONES ESPECIALES</h2>				</div>
				</div>
				<div class="elementor-element elementor-element-fa9bac4 elementor-widget elementor-widget-heading" data-id="fa9bac4" data-element_type="widget" data-widget_type="heading.default">
				<div class="elementor-widget-container">
					<h3 class="elementor-heading-title elementor-size-default">Inauguración: Competición Vibraciones 1</h3>				</div>
				</div>
				</div>
				</div>
				<div class="elementor-element elementor-element-c6cf45f elementor-widget-divider--view-line elementor-widget elementor-widget-divider" data-id="c6cf45f" data-element_type="widget" data-widget_type="divider.default">
				<div class="elementor-widget-container">
							<div class="elementor-divider">
			<span class="elementor-divider-separator">
						</span>
		</div>
						</div>
				</div>
				<div class="elementor-element elementor-element-107b075 bloque-text elementor-widget elementor-widget-text-editor" data-id="107b075" data-element_type="widget" data-widget_type="text-editor.default">
				<div class="elementor-widget-container">
									<p>Presentada por la periodista <strong>Cecilia Cano</strong>, la inauguración cuenta con la actuación en directo de <strong>NAZZZ</strong>, nueva voz de la escena emergente granadina.</p><p>La cineasta <strong>Belén Funes</strong> (<em>La hija de un ladrón</em>, <em>Los tortuga</em>) recibirá el <strong>Premio Especial</strong> a su trayectoria. A continuación, se proyectará la primera sesión de la <strong>Competición Vibraciones</strong>, promovida por Fundación SGAE y dedicada al cortometraje andaluz más original e innovador, con cinco estrenos mundiales.</p><p><span style="text-decoration: underline">Competición Vibraciones 1</span> &#8211; 61’</p><ul><li><em>Quejío</em> (Derek Van Den Bulcke y Carmen Muñoz, 2025) 8&#8242;</li><li><em>Los contornos</em> (Javi Espárrago, 2025) 13&#8242;</li><li><em>En Toronto no pasan estas cosas</em> (Manolo Orellana Naranjo, 2025) 15&#8242;</li><li><em>Ma-ma</em> (Isabel María Monge Guerrero, 2025) 5&#8242;</li><li><em>Abisal</em> (Colectivo Tekiero, Marina Arenas y Simone Sojo, 2025) 20&#8242;</li></ul>								</div>
				</div>
				<div class="elementor-element elementor-element-c1cb882 elementor-align-right elementor-widget elementor-widget-button" data-id="c1cb882" data-element_type="widget" data-widget_type="button.default">
				<div class="elementor-widget-container">
									<div class="elementor-button-wrapper">
					<a class="elementor-button elementor-button-link elementor-size-sm" href="https://www.redentradas.com/?entradas=inauguracion-31-festival-jovenes-realizadores&#038;provincia=granada&#038;cpro=18&#038;eid=3448" target="_blank">
						<span class="elementor-button-content-wrapper">
									<span class="elementor-button-text">ENTRADAS</span>
					</span>
					</a>
				</div>
								</div>
				</div>
				</div>
				</div>
					</div>
				</div>
				</div>

<p>DOMINGO 19 Sesiones Especiales Domingo 19 19:00 Palacio Condes de Gabia 61&#8242; SESIONES ESPECIALES Inauguración: Competición Vibraciones 1 Presentada por la periodista Cecilia Cano, la inauguración cuenta con la actuación en directo de NAZZZ, nueva voz de la escena emergente granadina. La cineasta Belén Funes (La hija de un ladrón, Los tortuga) recibirá el Premio &#8230; <a title="Domingo 19" class="read-more" href="https://www.filmfest-granada.com/2025/domingo-19/" aria-label="Leer más sobre Domingo 19">Leer más</a></p>
