{"id":315,"date":"2025-06-26T11:58:53","date_gmt":"2025-06-26T09:58:53","guid":{"rendered":"https:\/\/www.filmfest-granada.com\/2025\/cartel\/"},"modified":"2025-10-19T12:07:43","modified_gmt":"2025-10-19T10:07:43","slug":"cartel","status":"publish","type":"page","link":"https:\/\/www.filmfest-granada.com\/2025\/cartel\/","title":{"rendered":"Cartel"},"content":{"rendered":"\t\t<div data-elementor-type=\"wp-page\" data-elementor-id=\"315\" class=\"elementor elementor-315\" data-elementor-post-type=\"page\">\n\t\t\t\t<div class=\"elementor-element elementor-element-6921eb4a e-con-full e-flex e-con e-parent\" data-id=\"6921eb4a\" data-element_type=\"container\" data-settings=\"{&quot;background_background&quot;:&quot;classic&quot;}\">\n\t\t<div class=\"elementor-element elementor-element-618c1a2a e-con-full e-flex e-con e-child\" data-id=\"618c1a2a\" data-element_type=\"container\" data-settings=\"{&quot;background_background&quot;:&quot;classic&quot;}\">\n\t\t\t\t<div class=\"elementor-element elementor-element-6cc19b9c elementor-widget elementor-widget-image\" data-id=\"6cc19b9c\" data-element_type=\"widget\" data-widget_type=\"image.default\">\n\t\t\t\t<div class=\"elementor-widget-container\">\n\t\t\t\t\t\t\t\t\t\t\t\t\t\t\t<img fetchpriority=\"high\" decoding=\"async\" width=\"819\" height=\"1024\" src=\"https:\/\/www.filmfest-granada.com\/2025\/wp-content\/uploads\/sites\/23\/2025\/10\/FIJR31_CARTEL-819x1024.jpg\" class=\"attachment-large size-large wp-image-1706\" alt=\"\" srcset=\"https:\/\/www.filmfest-granada.com\/2025\/wp-content\/uploads\/sites\/23\/2025\/10\/FIJR31_CARTEL-819x1024.jpg 819w, https:\/\/www.filmfest-granada.com\/2025\/wp-content\/uploads\/sites\/23\/2025\/10\/FIJR31_CARTEL-240x300.jpg 240w, https:\/\/www.filmfest-granada.com\/2025\/wp-content\/uploads\/sites\/23\/2025\/10\/FIJR31_CARTEL-768x960.jpg 768w, https:\/\/www.filmfest-granada.com\/2025\/wp-content\/uploads\/sites\/23\/2025\/10\/FIJR31_CARTEL-1229x1536.jpg 1229w, https:\/\/www.filmfest-granada.com\/2025\/wp-content\/uploads\/sites\/23\/2025\/10\/FIJR31_CARTEL-1638x2048.jpg 1638w, https:\/\/www.filmfest-granada.com\/2025\/wp-content\/uploads\/sites\/23\/2025\/10\/FIJR31_CARTEL.jpg 2000w\" sizes=\"(max-width: 819px) 100vw, 819px\" \/>\t\t\t\t\t\t\t\t\t\t\t\t\t\t\t<\/div>\n\t\t\t\t<\/div>\n\t\t\t\t<\/div>\n\t\t<div class=\"elementor-element elementor-element-69fb0c9f e-con-full e-flex e-con e-child\" data-id=\"69fb0c9f\" data-element_type=\"container\" data-settings=\"{&quot;background_background&quot;:&quot;classic&quot;}\">\n\t\t\t\t<div class=\"elementor-element elementor-element-2d269de new-texto elementor-widget elementor-widget-heading\" data-id=\"2d269de\" data-element_type=\"widget\" data-widget_type=\"heading.default\">\n\t\t\t\t<div class=\"elementor-widget-container\">\n\t\t\t\t\t<h1 class=\"elementor-heading-title elementor-size-default\"><span>EL<\/span> <span>CARTEL<\/span><\/h1>\t\t\t\t<\/div>\n\t\t\t\t<\/div>\n\t\t\t\t<div class=\"elementor-element elementor-element-1cb98da5 intro elementor-widget elementor-widget-heading\" data-id=\"1cb98da5\" data-element_type=\"widget\" data-widget_type=\"heading.default\">\n\t\t\t\t<div class=\"elementor-widget-container\">\n\t\t\t\t\t<span class=\"elementor-heading-title elementor-size-default\">INSPIRADO POR LOS CABALLOS DE SIERRA NEVADA<\/span>\t\t\t\t<\/div>\n\t\t\t\t<\/div>\n\t\t\t\t<div class=\"elementor-element elementor-element-283d77e7 elementor-widget elementor-widget-text-editor\" data-id=\"283d77e7\" data-element_type=\"widget\" data-widget_type=\"text-editor.default\">\n\t\t\t\t<div class=\"elementor-widget-container\">\n\t\t\t\t\t\t\t\t\t<p>Desde su treinta aniversario, el <strong>Festival J\u00f3venes Realizadores &#8211; Granada Film Fest<\/strong> presenta un dise\u00f1o gr\u00e1fico de <strong>Alberto Valero<\/strong> inspirado por los caballos que habitan el Parque Nacional de Sierra Nevada.<\/p><p>La imagen de esta edici\u00f3n es obra de la fot\u00f3grafa <strong>Manuela Lorente<\/strong> (Madrid, 1991), cuyo trabajo se acerca a la narraci\u00f3n de historias cotidianas e inesperadas. En su mirada se mezclan documental y ficci\u00f3n, entrando en juego el costumbrismo y la tradici\u00f3n, d\u00e1ndole una vuelta sorprendente a la realidad.<\/p><p><b>Manuela Lorente<\/b> ha presentado una serie de fotograf\u00edas que capturan el esp\u00edritu salvaje e independiente del festival. Dando como resultado un cartel que nos invita a volver a verlo una y otra vez. Porque en el cine nada es lo que parece. Y en la programaci\u00f3n del festival, tampoco.<\/p><p>El dise\u00f1ador <strong>Alberto Valero<\/strong>, que ha trasladado la iconograf\u00eda de los caballos y la ciudad de Granada a la imagen gr\u00e1fica, explica de este modo el concepto: \u00abEn la programaci\u00f3n hay pel\u00edculas in\u00e9ditas, de todos los g\u00e9neros y formatos, incluso de cine experimental, es un festival bastante libre. Y esa vida que llevan los caballos nos parec\u00eda que concentraba la energ\u00eda y el esp\u00edritu a transmitir. Adem\u00e1s, la figura del animal galopando a sus anchas tambi\u00e9n nos recuerda de alguna manera a Muybridge y el origen del cine, representa a todos esos cineastas que buscan expresarse de manera art\u00edstica y personal.\u00bb<\/p>\t\t\t\t\t\t\t\t<\/div>\n\t\t\t\t<\/div>\n\t\t\t\t<\/div>\n\t\t\t\t<\/div>\n\t\t<div class=\"elementor-element elementor-element-3d31ed7 e-con-full e-flex e-con e-parent\" data-id=\"3d31ed7\" data-element_type=\"container\">\n\t\t<div class=\"elementor-element elementor-element-3c45d32 e-con-full e-flex e-con e-child\" data-id=\"3c45d32\" data-element_type=\"container\">\n\t\t\t\t<div class=\"elementor-element elementor-element-5252216 elementor-widget elementor-widget-image\" data-id=\"5252216\" data-element_type=\"widget\" data-widget_type=\"image.default\">\n\t\t\t\t<div class=\"elementor-widget-container\">\n\t\t\t\t\t\t\t\t\t\t\t\t\t\t\t<img decoding=\"async\" width=\"682\" height=\"1024\" src=\"https:\/\/www.filmfest-granada.com\/2025\/wp-content\/uploads\/sites\/23\/2025\/10\/caballos-02-682x1024.jpeg\" class=\"attachment-large size-large wp-image-1869\" alt=\"\" srcset=\"https:\/\/www.filmfest-granada.com\/2025\/wp-content\/uploads\/sites\/23\/2025\/10\/caballos-02-682x1024.jpeg 682w, https:\/\/www.filmfest-granada.com\/2025\/wp-content\/uploads\/sites\/23\/2025\/10\/caballos-02-200x300.jpeg 200w, https:\/\/www.filmfest-granada.com\/2025\/wp-content\/uploads\/sites\/23\/2025\/10\/caballos-02-768x1153.jpeg 768w, https:\/\/www.filmfest-granada.com\/2025\/wp-content\/uploads\/sites\/23\/2025\/10\/caballos-02-1023x1536.jpeg 1023w, https:\/\/www.filmfest-granada.com\/2025\/wp-content\/uploads\/sites\/23\/2025\/10\/caballos-02.jpeg 1066w\" sizes=\"(max-width: 682px) 100vw, 682px\" \/>\t\t\t\t\t\t\t\t\t\t\t\t\t\t\t<\/div>\n\t\t\t\t<\/div>\n\t\t\t\t<div class=\"elementor-element elementor-element-8e318b1 elementor-widget elementor-widget-image\" data-id=\"8e318b1\" data-element_type=\"widget\" data-widget_type=\"image.default\">\n\t\t\t\t<div class=\"elementor-widget-container\">\n\t\t\t\t\t\t\t\t\t\t\t\t\t\t\t<img decoding=\"async\" width=\"682\" height=\"1024\" src=\"https:\/\/www.filmfest-granada.com\/2025\/wp-content\/uploads\/sites\/23\/2025\/10\/caballos-01-682x1024.jpeg\" class=\"attachment-large size-large wp-image-1868\" alt=\"\" srcset=\"https:\/\/www.filmfest-granada.com\/2025\/wp-content\/uploads\/sites\/23\/2025\/10\/caballos-01-682x1024.jpeg 682w, https:\/\/www.filmfest-granada.com\/2025\/wp-content\/uploads\/sites\/23\/2025\/10\/caballos-01-200x300.jpeg 200w, https:\/\/www.filmfest-granada.com\/2025\/wp-content\/uploads\/sites\/23\/2025\/10\/caballos-01-768x1153.jpeg 768w, https:\/\/www.filmfest-granada.com\/2025\/wp-content\/uploads\/sites\/23\/2025\/10\/caballos-01-1023x1536.jpeg 1023w, https:\/\/www.filmfest-granada.com\/2025\/wp-content\/uploads\/sites\/23\/2025\/10\/caballos-01.jpeg 1066w\" sizes=\"(max-width: 682px) 100vw, 682px\" \/>\t\t\t\t\t\t\t\t\t\t\t\t\t\t\t<\/div>\n\t\t\t\t<\/div>\n\t\t\t\t<div class=\"elementor-element elementor-element-2209c98 elementor-widget elementor-widget-image\" data-id=\"2209c98\" data-element_type=\"widget\" data-widget_type=\"image.default\">\n\t\t\t\t<div class=\"elementor-widget-container\">\n\t\t\t\t\t\t\t\t\t\t\t\t\t\t\t<img loading=\"lazy\" decoding=\"async\" width=\"682\" height=\"1024\" src=\"https:\/\/www.filmfest-granada.com\/2025\/wp-content\/uploads\/sites\/23\/2025\/10\/caballos-03-682x1024.jpeg\" class=\"attachment-large size-large wp-image-1870\" alt=\"\" srcset=\"https:\/\/www.filmfest-granada.com\/2025\/wp-content\/uploads\/sites\/23\/2025\/10\/caballos-03-682x1024.jpeg 682w, https:\/\/www.filmfest-granada.com\/2025\/wp-content\/uploads\/sites\/23\/2025\/10\/caballos-03-200x300.jpeg 200w, https:\/\/www.filmfest-granada.com\/2025\/wp-content\/uploads\/sites\/23\/2025\/10\/caballos-03-768x1153.jpeg 768w, https:\/\/www.filmfest-granada.com\/2025\/wp-content\/uploads\/sites\/23\/2025\/10\/caballos-03-1023x1536.jpeg 1023w, https:\/\/www.filmfest-granada.com\/2025\/wp-content\/uploads\/sites\/23\/2025\/10\/caballos-03.jpeg 1066w\" sizes=\"(max-width: 682px) 100vw, 682px\" \/>\t\t\t\t\t\t\t\t\t\t\t\t\t\t\t<\/div>\n\t\t\t\t<\/div>\n\t\t\t\t<\/div>\n\t\t\t\t<\/div>\n\t\t<div class=\"elementor-element elementor-element-5632b88 e-con-full e-flex e-con e-parent\" data-id=\"5632b88\" data-element_type=\"container\" data-settings=\"{&quot;background_background&quot;:&quot;classic&quot;}\">\n\t\t\t\t<\/div>\n\t\t\t\t<\/div>\n\t\t","protected":false},"excerpt":{"rendered":"<p>EL CARTEL INSPIRADO POR LOS CABALLOS DE SIERRA NEVADA Desde su treinta aniversario, el Festival J\u00f3venes Realizadores &#8211; Granada Film Fest presenta un dise\u00f1o gr\u00e1fico de Alberto Valero inspirado por los caballos que habitan el Parque Nacional de Sierra Nevada. La imagen de esta edici\u00f3n es obra de la fot\u00f3grafa Manuela Lorente (Madrid, 1991), cuyo &#8230; <a title=\"Cartel\" class=\"read-more\" href=\"https:\/\/www.filmfest-granada.com\/2025\/cartel\/\" aria-label=\"Leer m\u00e1s sobre Cartel\">Leer m\u00e1s<\/a><\/p>\n","protected":false},"author":1167,"featured_media":0,"parent":0,"menu_order":0,"comment_status":"closed","ping_status":"closed","template":"elementor_header_footer","meta":{"footnotes":""},"class_list":["post-315","page","type-page","status-publish"],"_links":{"self":[{"href":"https:\/\/www.filmfest-granada.com\/2025\/wp-json\/wp\/v2\/pages\/315","targetHints":{"allow":["GET"]}}],"collection":[{"href":"https:\/\/www.filmfest-granada.com\/2025\/wp-json\/wp\/v2\/pages"}],"about":[{"href":"https:\/\/www.filmfest-granada.com\/2025\/wp-json\/wp\/v2\/types\/page"}],"author":[{"embeddable":true,"href":"https:\/\/www.filmfest-granada.com\/2025\/wp-json\/wp\/v2\/users\/1167"}],"replies":[{"embeddable":true,"href":"https:\/\/www.filmfest-granada.com\/2025\/wp-json\/wp\/v2\/comments?post=315"}],"version-history":[{"count":25,"href":"https:\/\/www.filmfest-granada.com\/2025\/wp-json\/wp\/v2\/pages\/315\/revisions"}],"predecessor-version":[{"id":1957,"href":"https:\/\/www.filmfest-granada.com\/2025\/wp-json\/wp\/v2\/pages\/315\/revisions\/1957"}],"wp:attachment":[{"href":"https:\/\/www.filmfest-granada.com\/2025\/wp-json\/wp\/v2\/media?parent=315"}],"curies":[{"name":"wp","href":"https:\/\/api.w.org\/{rel}","templated":true}]}}

<div data-elementor-type="wp-page" data-elementor-id="315" class="elementor elementor-315" data-elementor-post-type="page">
				<div class="elementor-element elementor-element-6921eb4a e-con-full e-flex e-con e-parent" data-id="6921eb4a" data-element_type="container" data-settings="{&quot;background_background&quot;:&quot;classic&quot;}">
		<div class="elementor-element elementor-element-618c1a2a e-con-full e-flex e-con e-child" data-id="618c1a2a" data-element_type="container" data-settings="{&quot;background_background&quot;:&quot;classic&quot;}">
				<div class="elementor-element elementor-element-6cc19b9c elementor-widget elementor-widget-image" data-id="6cc19b9c" data-element_type="widget" data-widget_type="image.default">
				<div class="elementor-widget-container">
															<img fetchpriority="high" decoding="async" width="819" height="1024" src="https://www.filmfest-granada.com/2025/wp-content/uploads/sites/23/2025/10/FIJR31_CARTEL-819x1024.jpg" class="attachment-large size-large wp-image-1706" alt="" srcset="https://www.filmfest-granada.com/2025/wp-content/uploads/sites/23/2025/10/FIJR31_CARTEL-819x1024.jpg 819w, https://www.filmfest-granada.com/2025/wp-content/uploads/sites/23/2025/10/FIJR31_CARTEL-240x300.jpg 240w, https://www.filmfest-granada.com/2025/wp-content/uploads/sites/23/2025/10/FIJR31_CARTEL-768x960.jpg 768w, https://www.filmfest-granada.com/2025/wp-content/uploads/sites/23/2025/10/FIJR31_CARTEL-1229x1536.jpg 1229w, https://www.filmfest-granada.com/2025/wp-content/uploads/sites/23/2025/10/FIJR31_CARTEL-1638x2048.jpg 1638w, https://www.filmfest-granada.com/2025/wp-content/uploads/sites/23/2025/10/FIJR31_CARTEL.jpg 2000w" sizes="(max-width: 819px) 100vw, 819px" />															</div>
				</div>
				</div>
		<div class="elementor-element elementor-element-69fb0c9f e-con-full e-flex e-con e-child" data-id="69fb0c9f" data-element_type="container" data-settings="{&quot;background_background&quot;:&quot;classic&quot;}">
				<div class="elementor-element elementor-element-2d269de new-texto elementor-widget elementor-widget-heading" data-id="2d269de" data-element_type="widget" data-widget_type="heading.default">
				<div class="elementor-widget-container">
					<h1 class="elementor-heading-title elementor-size-default"><span>EL</span> <span>CARTEL</span></h1>				</div>
				</div>
				<div class="elementor-element elementor-element-1cb98da5 intro elementor-widget elementor-widget-heading" data-id="1cb98da5" data-element_type="widget" data-widget_type="heading.default">
				<div class="elementor-widget-container">
					<span class="elementor-heading-title elementor-size-default">INSPIRADO POR LOS CABALLOS DE SIERRA NEVADA</span>				</div>
				</div>
				<div class="elementor-element elementor-element-283d77e7 elementor-widget elementor-widget-text-editor" data-id="283d77e7" data-element_type="widget" data-widget_type="text-editor.default">
				<div class="elementor-widget-container">
									<p>Desde su treinta aniversario, el <strong>Festival Jóvenes Realizadores &#8211; Granada Film Fest</strong> presenta un diseño gráfico de <strong>Alberto Valero</strong> inspirado por los caballos que habitan el Parque Nacional de Sierra Nevada.</p><p>La imagen de esta edición es obra de la fotógrafa <strong>Manuela Lorente</strong> (Madrid, 1991), cuyo trabajo se acerca a la narración de historias cotidianas e inesperadas. En su mirada se mezclan documental y ficción, entrando en juego el costumbrismo y la tradición, dándole una vuelta sorprendente a la realidad.</p><p><b>Manuela Lorente</b> ha presentado una serie de fotografías que capturan el espíritu salvaje e independiente del festival. Dando como resultado un cartel que nos invita a volver a verlo una y otra vez. Porque en el cine nada es lo que parece. Y en la programación del festival, tampoco.</p><p>El diseñador <strong>Alberto Valero</strong>, que ha trasladado la iconografía de los caballos y la ciudad de Granada a la imagen gráfica, explica de este modo el concepto: «En la programación hay películas inéditas, de todos los géneros y formatos, incluso de cine experimental, es un festival bastante libre. Y esa vida que llevan los caballos nos parecía que concentraba la energía y el espíritu a transmitir. Además, la figura del animal galopando a sus anchas también nos recuerda de alguna manera a Muybridge y el origen del cine, representa a todos esos cineastas que buscan expresarse de manera artística y personal.»</p>								</div>
				</div>
				</div>
				</div>
		<div class="elementor-element elementor-element-3d31ed7 e-con-full e-flex e-con e-parent" data-id="3d31ed7" data-element_type="container">
		<div class="elementor-element elementor-element-3c45d32 e-con-full e-flex e-con e-child" data-id="3c45d32" data-element_type="container">
				<div class="elementor-element elementor-element-5252216 elementor-widget elementor-widget-image" data-id="5252216" data-element_type="widget" data-widget_type="image.default">
				<div class="elementor-widget-container">
															<img decoding="async" width="682" height="1024" src="https://www.filmfest-granada.com/2025/wp-content/uploads/sites/23/2025/10/caballos-02-682x1024.jpeg" class="attachment-large size-large wp-image-1869" alt="" srcset="https://www.filmfest-granada.com/2025/wp-content/uploads/sites/23/2025/10/caballos-02-682x1024.jpeg 682w, https://www.filmfest-granada.com/2025/wp-content/uploads/sites/23/2025/10/caballos-02-200x300.jpeg 200w, https://www.filmfest-granada.com/2025/wp-content/uploads/sites/23/2025/10/caballos-02-768x1153.jpeg 768w, https://www.filmfest-granada.com/2025/wp-content/uploads/sites/23/2025/10/caballos-02-1023x1536.jpeg 1023w, https://www.filmfest-granada.com/2025/wp-content/uploads/sites/23/2025/10/caballos-02.jpeg 1066w" sizes="(max-width: 682px) 100vw, 682px" />															</div>
				</div>
				<div class="elementor-element elementor-element-8e318b1 elementor-widget elementor-widget-image" data-id="8e318b1" data-element_type="widget" data-widget_type="image.default">
				<div class="elementor-widget-container">
															<img decoding="async" width="682" height="1024" src="https://www.filmfest-granada.com/2025/wp-content/uploads/sites/23/2025/10/caballos-01-682x1024.jpeg" class="attachment-large size-large wp-image-1868" alt="" srcset="https://www.filmfest-granada.com/2025/wp-content/uploads/sites/23/2025/10/caballos-01-682x1024.jpeg 682w, https://www.filmfest-granada.com/2025/wp-content/uploads/sites/23/2025/10/caballos-01-200x300.jpeg 200w, https://www.filmfest-granada.com/2025/wp-content/uploads/sites/23/2025/10/caballos-01-768x1153.jpeg 768w, https://www.filmfest-granada.com/2025/wp-content/uploads/sites/23/2025/10/caballos-01-1023x1536.jpeg 1023w, https://www.filmfest-granada.com/2025/wp-content/uploads/sites/23/2025/10/caballos-01.jpeg 1066w" sizes="(max-width: 682px) 100vw, 682px" />															</div>
				</div>
				<div class="elementor-element elementor-element-2209c98 elementor-widget elementor-widget-image" data-id="2209c98" data-element_type="widget" data-widget_type="image.default">
				<div class="elementor-widget-container">
															<img loading="lazy" decoding="async" width="682" height="1024" src="https://www.filmfest-granada.com/2025/wp-content/uploads/sites/23/2025/10/caballos-03-682x1024.jpeg" class="attachment-large size-large wp-image-1870" alt="" srcset="https://www.filmfest-granada.com/2025/wp-content/uploads/sites/23/2025/10/caballos-03-682x1024.jpeg 682w, https://www.filmfest-granada.com/2025/wp-content/uploads/sites/23/2025/10/caballos-03-200x300.jpeg 200w, https://www.filmfest-granada.com/2025/wp-content/uploads/sites/23/2025/10/caballos-03-768x1153.jpeg 768w, https://www.filmfest-granada.com/2025/wp-content/uploads/sites/23/2025/10/caballos-03-1023x1536.jpeg 1023w, https://www.filmfest-granada.com/2025/wp-content/uploads/sites/23/2025/10/caballos-03.jpeg 1066w" sizes="(max-width: 682px) 100vw, 682px" />															</div>
				</div>
				</div>
				</div>
		<div class="elementor-element elementor-element-5632b88 e-con-full e-flex e-con e-parent" data-id="5632b88" data-element_type="container" data-settings="{&quot;background_background&quot;:&quot;classic&quot;}">
				</div>
				</div>

<p>EL CARTEL INSPIRADO POR LOS CABALLOS DE SIERRA NEVADA Desde su treinta aniversario, el Festival Jóvenes Realizadores &#8211; Granada Film Fest presenta un diseño gráfico de Alberto Valero inspirado por los caballos que habitan el Parque Nacional de Sierra Nevada. La imagen de esta edición es obra de la fotógrafa Manuela Lorente (Madrid, 1991), cuyo &#8230; <a title="Cartel" class="read-more" href="https://www.filmfest-granada.com/2025/cartel/" aria-label="Leer más sobre Cartel">Leer más</a></p>
