{"id":349,"date":"2025-06-26T11:59:02","date_gmt":"2025-06-26T09:59:02","guid":{"rendered":"https:\/\/www.filmfest-granada.com\/2025\/bases\/"},"modified":"2025-07-10T12:16:09","modified_gmt":"2025-07-10T10:16:09","slug":"bases","status":"publish","type":"page","link":"https:\/\/www.filmfest-granada.com\/2025\/bases\/","title":{"rendered":"Convocatoria"},"content":{"rendered":"\t\t<div data-elementor-type=\"wp-page\" data-elementor-id=\"349\" class=\"elementor elementor-349\" data-elementor-post-type=\"page\">\n\t\t\t\t<div class=\"elementor-element elementor-element-b63fed7 e-con-full e-flex e-con e-parent\" data-id=\"b63fed7\" data-element_type=\"container\" data-settings=\"{&quot;background_background&quot;:&quot;classic&quot;}\">\n\t\t<div class=\"elementor-element elementor-element-beb6b71 e-con-full e-flex e-con e-child\" data-id=\"beb6b71\" data-element_type=\"container\">\n\t\t\t\t<div class=\"elementor-element elementor-element-c091e39 new-texto elementor-widget elementor-widget-heading\" data-id=\"c091e39\" data-element_type=\"widget\" data-widget_type=\"heading.default\">\n\t\t\t\t<div class=\"elementor-widget-container\">\n\t\t\t\t\t<h1 class=\"elementor-heading-title elementor-size-default\"><span>CONVOCATORIA<\/span><\/h1>\t\t\t\t<\/div>\n\t\t\t\t<\/div>\n\t\t<div class=\"elementor-element elementor-element-0bbb58e e-con-full e-flex e-con e-child\" data-id=\"0bbb58e\" data-element_type=\"container\">\n\t\t\t\t<div class=\"elementor-element elementor-element-cce8000 elementor-widget elementor-widget-heading\" data-id=\"cce8000\" data-element_type=\"widget\" data-widget_type=\"heading.default\">\n\t\t\t\t<div class=\"elementor-widget-container\">\n\t\t\t\t\t<span class=\"elementor-heading-title elementor-size-default\">CONVOCATORIA ABIERTA \u00b7\u00a0FECHA L\u00cdMITE:<\/span>\t\t\t\t<\/div>\n\t\t\t\t<\/div>\n\t\t\t\t<div class=\"elementor-element elementor-element-6ea5895 elementor-widget__width-initial elementor-widget elementor-widget-heading\" data-id=\"6ea5895\" data-element_type=\"widget\" data-widget_type=\"heading.default\">\n\t\t\t\t<div class=\"elementor-widget-container\">\n\t\t\t\t\t<span class=\"elementor-heading-title elementor-size-default\"> 01 \/ 08 \/ 2025<\/span>\t\t\t\t<\/div>\n\t\t\t\t<\/div>\n\t\t\t\t<\/div>\n\t\t<div class=\"elementor-element elementor-element-45299dc e-con-full e-flex e-con e-child\" data-id=\"45299dc\" data-element_type=\"container\">\n\t\t\t\t<div class=\"elementor-element elementor-element-debb97e elementor-widget elementor-widget-heading\" data-id=\"debb97e\" data-element_type=\"widget\" data-widget_type=\"heading.default\">\n\t\t\t\t<div class=\"elementor-widget-container\">\n\t\t\t\t\t<span class=\"elementor-heading-title elementor-size-default\">M\u00c1S INFO:<\/span>\t\t\t\t<\/div>\n\t\t\t\t<\/div>\n\t\t\t\t<div class=\"elementor-element elementor-element-ca8690a elementor-widget__width-initial elementor-widget elementor-widget-heading\" data-id=\"ca8690a\" data-element_type=\"widget\" data-widget_type=\"heading.default\">\n\t\t\t\t<div class=\"elementor-widget-container\">\n\t\t\t\t\t<span class=\"elementor-heading-title elementor-size-default\">festival@filmfest-granada.com<\/span>\t\t\t\t<\/div>\n\t\t\t\t<\/div>\n\t\t\t\t<\/div>\n\t\t\t\t<\/div>\n\t\t<div class=\"elementor-element elementor-element-cc1c47b e-con-full e-flex e-con e-child\" data-id=\"cc1c47b\" data-element_type=\"container\">\n\t\t\t\t<div class=\"elementor-element elementor-element-1d4e5a3 bloque-text elementor-widget elementor-widget-text-editor\" data-id=\"1d4e5a3\" data-element_type=\"widget\" data-widget_type=\"text-editor.default\">\n\t\t\t\t<div class=\"elementor-widget-container\">\n\t\t\t\t\t\t\t\t\tLa <strong><span style=\"color: #b3c6fe;\">inscripci\u00f3n<\/span><\/strong> en la 31 edici\u00f3n del Festival J\u00f3venes Realizadores \u2013 Granada Film Fest se realizar\u00e1 a trav\u00e9s de las plataformas <strong><span style=\"color: #b3c6fe;\">Festhome<\/span><\/strong> y <strong><span style=\"color: #b3c6fe;\">FilmFreeway<\/span><\/strong>.\t\t\t\t\t\t\t\t<\/div>\n\t\t\t\t<\/div>\n\t\t<div class=\"elementor-element elementor-element-917ef08 e-con-full e-flex e-con e-child\" data-id=\"917ef08\" data-element_type=\"container\">\n\t\t\t\t<div class=\"elementor-element elementor-element-43de1b9 elementor-widget__width-initial elementor-widget elementor-widget-image\" data-id=\"43de1b9\" data-element_type=\"widget\" data-widget_type=\"image.default\">\n\t\t\t\t<div class=\"elementor-widget-container\">\n\t\t\t\t\t\t\t\t\t\t\t\t\t\t\t\t<a href=\"https:\/\/filmmakers.festhome.com\/es\/festival\/festival-jovenes-realizadores-granada-film-fest\">\n\t\t\t\t\t\t\t<img fetchpriority=\"high\" decoding=\"async\" width=\"714\" height=\"242\" src=\"https:\/\/www.filmfest-granada.com\/2025\/wp-content\/uploads\/sites\/23\/2025\/06\/logo_white_934x242-1.png\" class=\"attachment-large size-large wp-image-473\" alt=\"\" srcset=\"https:\/\/www.filmfest-granada.com\/2025\/wp-content\/uploads\/sites\/23\/2025\/06\/logo_white_934x242-1.png 714w, https:\/\/www.filmfest-granada.com\/2025\/wp-content\/uploads\/sites\/23\/2025\/06\/logo_white_934x242-1-300x102.png 300w\" sizes=\"(max-width: 714px) 100vw, 714px\" \/>\t\t\t\t\t\t\t\t<\/a>\n\t\t\t\t\t\t\t\t\t\t\t\t\t\t\t<\/div>\n\t\t\t\t<\/div>\n\t\t\t\t<div class=\"elementor-element elementor-element-fc62245 elementor-widget__width-initial elementor-widget elementor-widget-image\" data-id=\"fc62245\" data-element_type=\"widget\" data-widget_type=\"image.default\">\n\t\t\t\t<div class=\"elementor-widget-container\">\n\t\t\t\t\t\t\t\t\t\t\t\t\t\t\t\t<a href=\"https:\/\/filmfreeway.com\/GranadaFilmFest\">\n\t\t\t\t\t\t\t<img decoding=\"async\" width=\"825\" height=\"367\" src=\"https:\/\/www.filmfest-granada.com\/2025\/wp-content\/uploads\/sites\/23\/2025\/06\/filmfreeway-logo-hires-white-1-1024x456.png\" class=\"attachment-large size-large wp-image-472\" alt=\"\" srcset=\"https:\/\/www.filmfest-granada.com\/2025\/wp-content\/uploads\/sites\/23\/2025\/06\/filmfreeway-logo-hires-white-1-1024x456.png 1024w, https:\/\/www.filmfest-granada.com\/2025\/wp-content\/uploads\/sites\/23\/2025\/06\/filmfreeway-logo-hires-white-1-300x134.png 300w, https:\/\/www.filmfest-granada.com\/2025\/wp-content\/uploads\/sites\/23\/2025\/06\/filmfreeway-logo-hires-white-1-768x342.png 768w, https:\/\/www.filmfest-granada.com\/2025\/wp-content\/uploads\/sites\/23\/2025\/06\/filmfreeway-logo-hires-white-1.png 1459w\" sizes=\"(max-width: 825px) 100vw, 825px\" \/>\t\t\t\t\t\t\t\t<\/a>\n\t\t\t\t\t\t\t\t\t\t\t\t\t\t\t<\/div>\n\t\t\t\t<\/div>\n\t\t\t\t<\/div>\n\t\t\t\t<div class=\"elementor-element elementor-element-0e82fd6 elementor-widget__width-initial elementor-widget elementor-widget-heading\" data-id=\"0e82fd6\" data-element_type=\"widget\" data-widget_type=\"heading.default\">\n\t\t\t\t<div class=\"elementor-widget-container\">\n\t\t\t\t\t<span class=\"elementor-heading-title elementor-size-default\"><a href=\"https:\/\/drive.google.com\/file\/d\/1UQNThneZWvpEYt4BzpxXuhEwlP8bzNsq\/view?usp=drive_link\" target=\"_blank\">DESCARGA LAS BASES<\/a><\/span>\t\t\t\t<\/div>\n\t\t\t\t<\/div>\n\t\t\t\t<\/div>\n\t\t\t\t<\/div>\n\t\t<div class=\"elementor-element elementor-element-90b1990 e-con-full e-flex e-con e-parent\" data-id=\"90b1990\" data-element_type=\"container\" data-settings=\"{&quot;background_background&quot;:&quot;classic&quot;}\">\n\t\t\t\t<\/div>\n\t\t<div class=\"elementor-element elementor-element-01d5096 e-con-full e-flex e-con e-parent\" data-id=\"01d5096\" data-element_type=\"container\" data-settings=\"{&quot;background_background&quot;:&quot;classic&quot;}\">\n\t\t<div class=\"elementor-element elementor-element-a2da91f e-con-full e-flex e-con e-child\" data-id=\"a2da91f\" data-element_type=\"container\">\n\t\t<div class=\"elementor-element elementor-element-9848167 e-con-full e-flex e-con e-child\" data-id=\"9848167\" data-element_type=\"container\">\n\t\t<div class=\"elementor-element elementor-element-cda019e e-grid e-con-full e-con e-child\" data-id=\"cda019e\" data-element_type=\"container\">\n\t\t\t\t<div class=\"elementor-element elementor-element-b1426dc elementor-widget elementor-widget-image\" data-id=\"b1426dc\" data-element_type=\"widget\" data-widget_type=\"image.default\">\n\t\t\t\t<div class=\"elementor-widget-container\">\n\t\t\t\t\t\t\t\t\t\t\t\t\t\t\t<img decoding=\"async\" width=\"512\" height=\"512\" src=\"https:\/\/www.filmfest-granada.com\/2025\/wp-content\/uploads\/sites\/23\/2025\/07\/cropped-FIJR31_WEB_favicon.png\" class=\"attachment-large size-large wp-image-497\" alt=\"\" srcset=\"https:\/\/www.filmfest-granada.com\/2025\/wp-content\/uploads\/sites\/23\/2025\/07\/cropped-FIJR31_WEB_favicon.png 512w, https:\/\/www.filmfest-granada.com\/2025\/wp-content\/uploads\/sites\/23\/2025\/07\/cropped-FIJR31_WEB_favicon-300x300.png 300w, https:\/\/www.filmfest-granada.com\/2025\/wp-content\/uploads\/sites\/23\/2025\/07\/cropped-FIJR31_WEB_favicon-150x150.png 150w, https:\/\/www.filmfest-granada.com\/2025\/wp-content\/uploads\/sites\/23\/2025\/07\/cropped-FIJR31_WEB_favicon-270x270.png 270w, https:\/\/www.filmfest-granada.com\/2025\/wp-content\/uploads\/sites\/23\/2025\/07\/cropped-FIJR31_WEB_favicon-192x192.png 192w, https:\/\/www.filmfest-granada.com\/2025\/wp-content\/uploads\/sites\/23\/2025\/07\/cropped-FIJR31_WEB_favicon-180x180.png 180w, https:\/\/www.filmfest-granada.com\/2025\/wp-content\/uploads\/sites\/23\/2025\/07\/cropped-FIJR31_WEB_favicon-32x32.png 32w\" sizes=\"(max-width: 512px) 100vw, 512px\" \/>\t\t\t\t\t\t\t\t\t\t\t\t\t\t\t<\/div>\n\t\t\t\t<\/div>\n\t\t\t\t<div class=\"elementor-element elementor-element-1bde52c new-texto elementor-widget elementor-widget-heading\" data-id=\"1bde52c\" data-element_type=\"widget\" data-widget_type=\"heading.default\">\n\t\t\t\t<div class=\"elementor-widget-container\">\n\t\t\t\t\t<h2 class=\"elementor-heading-title elementor-size-default\"><span>COMPETICI\u00d3N<\/span><br> <span>INTERNACIONAL<\/span><\/h2>\t\t\t\t<\/div>\n\t\t\t\t<\/div>\n\t\t\t\t<\/div>\n\t\t\t\t<div class=\"elementor-element elementor-element-4d32e3c bloque-text elementor-widget elementor-widget-text-editor\" data-id=\"4d32e3c\" data-element_type=\"widget\" data-widget_type=\"text-editor.default\">\n\t\t\t\t<div class=\"elementor-widget-container\">\n\t\t\t\t\t\t\t\t\t<p>Pueden participar largometrajes, mediometrajes y cortometrajes in\u00e9ditos o realizados con posterioridad a enero de 2024. Las obras seleccionadas, sin l\u00edmite de duraci\u00f3n o nacionalidad, competir\u00e1n por los siguientes premios:<\/p>\t\t\t\t\t\t\t\t<\/div>\n\t\t\t\t<\/div>\n\t\t\t\t<div class=\"elementor-element elementor-element-46d98e2 sesiones-p elementor-widget__width-auto elementor-widget elementor-widget-text-editor\" data-id=\"46d98e2\" data-element_type=\"widget\" data-widget_type=\"text-editor.default\">\n\t\t\t\t<div class=\"elementor-widget-container\">\n\t\t\t\t\t\t\t\t\t<p><strong>\/ Premio Val del Omar<\/strong> a la mejor pel\u00edcula dotado con 1,000\u20ac<br \/><strong>\/ Premio Ciudad de Granada<\/strong> al mejor cortometraje espa\u00f1ol dotado con 900\u20ac<br \/><strong>\/ Premio de la Juventud<\/strong> dotado con 600\u20ac<br \/><strong>\/ Premio Hammam Al-Andalus<\/strong> del P\u00fablico<br \/><strong>\/ Premio AAMMA<\/strong> a la perspectiva de g\u00e9nero<\/p>\t\t\t\t\t\t\t\t<\/div>\n\t\t\t\t<\/div>\n\t\t\t\t<\/div>\n\t\t\t\t<\/div>\n\t\t<div class=\"elementor-element elementor-element-68a206c e-con-full e-flex e-con e-child\" data-id=\"68a206c\" data-element_type=\"container\">\n\t\t<div class=\"elementor-element elementor-element-c59b55d e-flex e-con-boxed e-con e-child\" data-id=\"c59b55d\" data-element_type=\"container\">\n\t\t\t\t\t<div class=\"e-con-inner\">\n\t\t<div class=\"elementor-element elementor-element-d54a24f e-grid e-con-full e-con e-child\" data-id=\"d54a24f\" data-element_type=\"container\">\n\t\t\t\t<div class=\"elementor-element elementor-element-16c0080 elementor-widget elementor-widget-image\" data-id=\"16c0080\" data-element_type=\"widget\" data-widget_type=\"image.default\">\n\t\t\t\t<div class=\"elementor-widget-container\">\n\t\t\t\t\t\t\t\t\t\t\t\t\t\t\t<img loading=\"lazy\" decoding=\"async\" width=\"171\" height=\"120\" src=\"https:\/\/www.filmfest-granada.com\/2025\/wp-content\/uploads\/sites\/23\/2025\/06\/agua2.svg\" class=\"attachment-large size-large wp-image-93\" alt=\"\" \/>\t\t\t\t\t\t\t\t\t\t\t\t\t\t\t<\/div>\n\t\t\t\t<\/div>\n\t\t\t\t<div class=\"elementor-element elementor-element-4a7bd31 new-texto elementor-widget elementor-widget-heading\" data-id=\"4a7bd31\" data-element_type=\"widget\" data-widget_type=\"heading.default\">\n\t\t\t\t<div class=\"elementor-widget-container\">\n\t\t\t\t\t<h2 class=\"elementor-heading-title elementor-size-default\"><span>COMPETICI\u00d3N<\/span><br>\n<span>AGUAESPEJO<\/span><\/h2>\t\t\t\t<\/div>\n\t\t\t\t<\/div>\n\t\t\t\t<\/div>\n\t\t\t\t<div class=\"elementor-element elementor-element-7dca744 bloque-text elementor-widget elementor-widget-text-editor\" data-id=\"7dca744\" data-element_type=\"widget\" data-widget_type=\"text-editor.default\">\n\t\t\t\t<div class=\"elementor-widget-container\">\n\t\t\t\t\t\t\t\t\t<p>Promovida por Fundaci\u00f3n AguaGranada, la Competici\u00f3n Aguaespejo invita a reflexionar sobre la relaci\u00f3n de la imagen en movimiento con el agua y el medio ambiente. El agua como fuente de expresi\u00f3n art\u00edstica y medio para la experimentaci\u00f3n con el lenguaje audiovisual.<\/p><p>Las obras seleccionadas, con un m\u00e1ximo de 40&#8242; de duraci\u00f3n, in\u00e9ditas o realizadas con posterioridad a enero de 2024, competir\u00e1n por el siguiente premio:<\/p>\t\t\t\t\t\t\t\t<\/div>\n\t\t\t\t<\/div>\n\t\t\t\t<div class=\"elementor-element elementor-element-73af088 bloque-text elementor-widget elementor-widget-text-editor\" data-id=\"73af088\" data-element_type=\"widget\" data-widget_type=\"text-editor.default\">\n\t\t\t\t<div class=\"elementor-widget-container\">\n\t\t\t\t\t\t\t\t\t<p><span style=\"color: #ffffff;\"><b>\/ Premio AguaGranada<\/b><\/span> dotado con 1,000\u20ac<\/p>\t\t\t\t\t\t\t\t<\/div>\n\t\t\t\t<\/div>\n\t\t\t\t\t<\/div>\n\t\t\t\t<\/div>\n\t\t\t\t<\/div>\n\t\t\t\t<\/div>\n\t\t<div class=\"elementor-element elementor-element-5494500 e-con-full e-flex e-con e-parent\" data-id=\"5494500\" data-element_type=\"container\" data-settings=\"{&quot;background_background&quot;:&quot;classic&quot;}\">\n\t\t<div class=\"elementor-element elementor-element-f149a52 e-con-full e-flex e-con e-child\" data-id=\"f149a52\" data-element_type=\"container\">\n\t\t<div class=\"elementor-element elementor-element-1e2d23b e-grid e-con-full e-con e-child\" data-id=\"1e2d23b\" data-element_type=\"container\">\n\t\t\t\t<div class=\"elementor-element elementor-element-e3d17c1 elementor-widget elementor-widget-image\" data-id=\"e3d17c1\" data-element_type=\"widget\" data-widget_type=\"image.default\">\n\t\t\t\t<div class=\"elementor-widget-container\">\n\t\t\t\t\t\t\t\t\t\t\t\t\t\t\t<img loading=\"lazy\" decoding=\"async\" width=\"112\" height=\"79\" src=\"https:\/\/www.filmfest-granada.com\/2025\/wp-content\/uploads\/sites\/23\/2025\/06\/nueva-gr.svg\" class=\"attachment-large size-large wp-image-92\" alt=\"\" \/>\t\t\t\t\t\t\t\t\t\t\t\t\t\t\t<\/div>\n\t\t\t\t<\/div>\n\t\t\t\t<div class=\"elementor-element elementor-element-116663d new-texto elementor-widget elementor-widget-heading\" data-id=\"116663d\" data-element_type=\"widget\" data-widget_type=\"heading.default\">\n\t\t\t\t<div class=\"elementor-widget-container\">\n\t\t\t\t\t<h2 class=\"elementor-heading-title elementor-size-default\"><span>PANTALLA<\/span> <span>FILM<\/span> <span>IN<\/span> <span>GRANADA<\/span><\/h2>\t\t\t\t<\/div>\n\t\t\t\t<\/div>\n\t\t\t\t<\/div>\n\t\t\t\t<div class=\"elementor-element elementor-element-b405828 bloque-text elementor-widget elementor-widget-text-editor\" data-id=\"b405828\" data-element_type=\"widget\" data-widget_type=\"text-editor.default\">\n\t\t\t\t<div class=\"elementor-widget-container\">\n\t\t\t\t\t\t\t\t\t<p>Pantalla Film in Granada nace con el objetivo de generar un espacio de visibilidad para el cortometraje granadino y rodado en la provincia de Granada. Se trata de una secci\u00f3n informativa y fuera de concurso promovida por Film in Granada, la oficina de cine de la Diputaci\u00f3n de Granada, que tiene como misi\u00f3n promocionar la provincia como escenario de producciones audiovisuales y consolidar el sector audiovisual granadino.\u00a0<\/p>\t\t\t\t\t\t\t\t<\/div>\n\t\t\t\t<\/div>\n\t\t\t\t<div class=\"elementor-element elementor-element-ecd9855 bloque-text elementor-widget elementor-widget-text-editor\" data-id=\"ecd9855\" data-element_type=\"widget\" data-widget_type=\"text-editor.default\">\n\t\t\t\t<div class=\"elementor-widget-container\">\n\t\t\t\t\t\t\t\t\t<p>Est\u00e1 abierta a la participaci\u00f3n de obras realizadas con posterioridad a enero de 2024 y que cumplan alguna de las siguientes condiciones:\u00a0<\/p>\t\t\t\t\t\t\t\t<\/div>\n\t\t\t\t<\/div>\n\t\t\t\t<div class=\"elementor-element elementor-element-499d109 bloque-text elementor-widget elementor-widget-text-editor\" data-id=\"499d109\" data-element_type=\"widget\" data-widget_type=\"text-editor.default\">\n\t\t\t\t<div class=\"elementor-widget-container\">\n\t\t\t\t\t\t\t\t\t<ul><li>Dirigidas o producidas por ciudadanos nacidos y\/o residentes en la provincia de Granada.<\/li><li>Rodadas mayoritariamente en municipios de la provincia de Granada.<\/li><li>Ficci\u00f3n o documental.<\/li><li>Duraci\u00f3n m\u00e1xima: 30&#8242;<\/li><\/ul>\t\t\t\t\t\t\t\t<\/div>\n\t\t\t\t<\/div>\n\t\t\t\t<\/div>\n\t\t<div class=\"elementor-element elementor-element-e8f4204 e-flex e-con-boxed e-con e-child\" data-id=\"e8f4204\" data-element_type=\"container\">\n\t\t\t\t\t<div class=\"e-con-inner\">\n\t\t\t\t<div class=\"elementor-element elementor-element-6bc5ac6 bloque-text elementor-widget elementor-widget-text-editor\" data-id=\"6bc5ac6\" data-element_type=\"widget\" data-widget_type=\"text-editor.default\">\n\t\t\t\t<div class=\"elementor-widget-container\">\n\t\t\t\t\t\t\t\t\t<p>La inscripci\u00f3n en esta secci\u00f3n se realizar\u00e1 \u00fanicamente a trav\u00e9s de la plataforma <a href=\"https:\/\/filmmakers.festhome.com\/es\/festival\/festival-jovenes-realizadores-granada-film-fest\"><span style=\"color: #b3c6fe;\"> <strong>Festhome<\/strong><\/span><\/a> y la inscripci\u00f3n es gratuita.<\/p>\t\t\t\t\t\t\t\t<\/div>\n\t\t\t\t<\/div>\n\t\t\t\t<div class=\"elementor-element elementor-element-40f2ec4 elementor-widget__width-initial elementor-widget elementor-widget-image\" data-id=\"40f2ec4\" data-element_type=\"widget\" data-widget_type=\"image.default\">\n\t\t\t\t<div class=\"elementor-widget-container\">\n\t\t\t\t\t\t\t\t\t\t\t\t\t\t\t\t<a href=\"https:\/\/filmmakers.festhome.com\/es\/festival\/festival-jovenes-realizadores-granada-film-fest\">\n\t\t\t\t\t\t\t<img fetchpriority=\"high\" decoding=\"async\" width=\"714\" height=\"242\" src=\"https:\/\/www.filmfest-granada.com\/2025\/wp-content\/uploads\/sites\/23\/2025\/06\/logo_white_934x242-1.png\" class=\"attachment-large size-large wp-image-473\" alt=\"\" srcset=\"https:\/\/www.filmfest-granada.com\/2025\/wp-content\/uploads\/sites\/23\/2025\/06\/logo_white_934x242-1.png 714w, https:\/\/www.filmfest-granada.com\/2025\/wp-content\/uploads\/sites\/23\/2025\/06\/logo_white_934x242-1-300x102.png 300w\" sizes=\"(max-width: 714px) 100vw, 714px\" \/>\t\t\t\t\t\t\t\t<\/a>\n\t\t\t\t\t\t\t\t\t\t\t\t\t\t\t<\/div>\n\t\t\t\t<\/div>\n\t\t\t\t<div class=\"elementor-element elementor-element-535263d bloque-text elementor-widget elementor-widget-text-editor\" data-id=\"535263d\" data-element_type=\"widget\" data-widget_type=\"text-editor.default\">\n\t\t\t\t<div class=\"elementor-widget-container\">\n\t\t\t\t\t\t\t\t\t<p>Pueden presentarse tanto obras de profesionales como aquellas realizadas por el alumnado de los centros p\u00fablicos y las escuelas privadas granadinas de formaci\u00f3n audiovisual (Ciclos Formativos Imagen y Sonido, Grado Universitario en Comunicaci\u00f3n Audiovisual, M\u00e1steres oficiales y privados). Todas las obras que se inscriban y no cumplan las condiciones para participar ser\u00e1n autom\u00e1ticamente descalificadas del festival.<\/p>\t\t\t\t\t\t\t\t<\/div>\n\t\t\t\t<\/div>\n\t\t\t\t<div class=\"elementor-element elementor-element-41299b5 bloque-text elementor-widget elementor-widget-text-editor\" data-id=\"41299b5\" data-element_type=\"widget\" data-widget_type=\"text-editor.default\">\n\t\t\t\t<div class=\"elementor-widget-container\">\n\t\t\t\t\t\t\t\t\t<p>La secci\u00f3n Pantalla Film in Granada est\u00e1 programada por el equipo t\u00e9cnico de Film in Granada y de la Delegaci\u00f3n de Cultura y Educaci\u00f3n de la Diputaci\u00f3n de Granada. Para resolver cualquier duda o cuesti\u00f3n sobre la naturaleza de la obra, por favor contacten en el siguiente correo electr\u00f3nico:<\/p>\t\t\t\t\t\t\t\t<\/div>\n\t\t\t\t<\/div>\n\t\t\t\t<div class=\"elementor-element elementor-element-77ee867 bloque-text elementor-widget elementor-widget-text-editor\" data-id=\"77ee867\" data-element_type=\"widget\" data-widget_type=\"text-editor.default\">\n\t\t\t\t<div class=\"elementor-widget-container\">\n\t\t\t\t\t\t\t\t\t<p>filmingranada@dipgra.es<\/p>\t\t\t\t\t\t\t\t<\/div>\n\t\t\t\t<\/div>\n\t\t\t\t\t<\/div>\n\t\t\t\t<\/div>\n\t\t\t\t<\/div>\n\t\t\t\t<\/div>\n\t\t","protected":false},"excerpt":{"rendered":"<p>CONVOCATORIA CONVOCATORIA ABIERTA \u00b7\u00a0FECHA L\u00cdMITE: 01 \/ 08 \/ 2025 M\u00c1S INFO: festival@filmfest-granada.com La inscripci\u00f3n en la 31 edici\u00f3n del Festival J\u00f3venes Realizadores \u2013 Granada Film Fest se realizar\u00e1 a trav\u00e9s de las plataformas Festhome y FilmFreeway. DESCARGA LAS BASES COMPETICI\u00d3N INTERNACIONAL Pueden participar largometrajes, mediometrajes y cortometrajes in\u00e9ditos o realizados con posterioridad a enero &#8230; <a title=\"Convocatoria\" class=\"read-more\" href=\"https:\/\/www.filmfest-granada.com\/2025\/bases\/\" aria-label=\"Leer m\u00e1s sobre Convocatoria\">Leer m\u00e1s<\/a><\/p>\n","protected":false},"author":1167,"featured_media":0,"parent":0,"menu_order":0,"comment_status":"closed","ping_status":"closed","template":"elementor_header_footer","meta":{"footnotes":""},"class_list":["post-349","page","type-page","status-publish"],"_links":{"self":[{"href":"https:\/\/www.filmfest-granada.com\/2025\/wp-json\/wp\/v2\/pages\/349","targetHints":{"allow":["GET"]}}],"collection":[{"href":"https:\/\/www.filmfest-granada.com\/2025\/wp-json\/wp\/v2\/pages"}],"about":[{"href":"https:\/\/www.filmfest-granada.com\/2025\/wp-json\/wp\/v2\/types\/page"}],"author":[{"embeddable":true,"href":"https:\/\/www.filmfest-granada.com\/2025\/wp-json\/wp\/v2\/users\/1167"}],"replies":[{"embeddable":true,"href":"https:\/\/www.filmfest-granada.com\/2025\/wp-json\/wp\/v2\/comments?post=349"}],"version-history":[{"count":22,"href":"https:\/\/www.filmfest-granada.com\/2025\/wp-json\/wp\/v2\/pages\/349\/revisions"}],"predecessor-version":[{"id":871,"href":"https:\/\/www.filmfest-granada.com\/2025\/wp-json\/wp\/v2\/pages\/349\/revisions\/871"}],"wp:attachment":[{"href":"https:\/\/www.filmfest-granada.com\/2025\/wp-json\/wp\/v2\/media?parent=349"}],"curies":[{"name":"wp","href":"https:\/\/api.w.org\/{rel}","templated":true}]}}